-- Table structure for table `wp_7_actionscheduler_groups`
--

CREATE TABLE `wp_7_actionscheduler_groups` (
  `group_id` bigint unsigned NOT NULL AUTO_INCREMENT,
  `slug` varchar(255) CHARACTER SET utf8mb4 COLLATE utf8mb4_unicode_520_ci NOT NULL,
  PRIMARY KEY (`group_id`),
  KEY `slug` (`slug`(191))
) ENGINE=InnoDB AUTO_INCREMENT=9 DEFAULT CHARSET=utf8mb4 COLLATE=utf8mb4_unicode_520_ci;

--
-- Dumping data for table `wp_7_actionscheduler_groups`
--

INSERT INTO `wp_7_actionscheduler_groups` VALUES (1,'ActionScheduler'),(2,'action-scheduler-migration'),(3,'woocommerce'),(4,'count'),(5,'wc-admin-data'),(6,''),(7,'woocommerce-db-updates'),(8,'wc_batch_processes');

--
-- Table structure for table `wp_7_actionscheduler_logs`
--

CREATE TABLE `wp_7_actionscheduler_logs` (
  `log_id` bigint unsigned NOT NULL AUTO_INCREMENT,
  `action_id` bigint unsigned NOT NULL,
  `message` text CHARACTER SET utf8mb4 COLLATE utf8mb4_unicode_520_ci NOT NULL,
  `log_date_gmt` datetime DEFAULT '0000-00-00 00:00:00',
  `log_date_local` datetime DEFAULT '0000-00-00 00:00:00',
  PRIMARY KEY (`log_id`),
  KEY `action_id` (`action_id`),
  KEY `log_date_gmt` (`log_date_gmt`)
) ENGINE=InnoDB AUTO_INCREMENT=178 DEFAULT CHARSET=utf8mb4 COLLATE=utf8mb4_unicode_520_ci;

--
-- Dumping data for table `wp_7_actionscheduler_logs`
--

INSERT INTO `wp_7_actionscheduler_logs` VALUES (1,6,'action created','2026-03-01 14:38:03','2026-03-01 14:38:03'),(2,7,'action created','2026-03-01 14:38:06','2026-03-01 14:38:06'),(3,6,'action started via WP Cron','2026-03-01 14:38:06','2026-03-01 14:38:06'),(4,8,'action created','2026-03-01 14:38:06','2026-03-01 14:38:06'),(5,9,'action created','2026-03-01 14:38:06','2026-03-01 14:38:06'),(6,10,'action created','2026-03-01 14:38:06','2026-03-01 14:38:06'),(7,11,'action created','2026-03-01 14:38:06','2026-03-01 14:38:06'),(8,12,'action created','2026-03-01 14:38:06','2026-03-01 14:38:06'),(9,13,'action created','2026-03-01 14:38:06','2026-03-01 14:38:06'),(10,14,'action created','2026-03-01 14:38:06','2026-03-01 14:38:06'),(11,15,'action created','2026-03-01 14:38:06','2026-03-01 14:38:06'),(12,16,'action created','2026-03-01 14:38:06','2026-03-01 14:38:06'),(13,17,'action created','2026-03-01 14:38:06','2026-03-01 14:38:06'),(14,6,'action complete via WP Cron','2026-03-01 14:38:06','2026-03-01 14:38:06'),(15,18,'action created','2026-03-01 14:38:06','2026-03-01 14:38:06'),(16,15,'action started via WP Cron','2026-03-01 14:38:06','2026-03-01 14:38:06'),(17,15,'action complete via WP Cron','2026-03-01 14:38:08','2026-03-01 14:38:08'),(18,19,'action created','2026-03-01 14:38:08','2026-03-01 14:38:08'),(19,20,'action created','2026-03-01 14:38:08','2026-03-01 14:38:08'),(20,21,'action created','2026-03-01 14:38:09','2026-03-01 14:38:09'),(21,22,'action created','2026-03-01 14:38:11','2026-03-01 14:38:11'),(22,20,'action started via Async Request','2026-03-01 14:39:57','2026-03-01 14:39:57'),(23,20,'action complete via Async Request','2026-03-01 14:39:57','2026-03-01 14:39:57'),(24,23,'action created','2026-03-01 14:39:57','2026-03-01 14:39:57'),(25,21,'action started via Async Request','2026-03-01 14:39:57','2026-03-01 14:39:57'),(26,21,'action complete via Async Request','2026-03-01 14:39:57','2026-03-01 14:39:57'),(28,22,'action started via Async Request','2026-03-01 14:39:57','2026-03-01 14:39:57'),(29,22,'action complete via Async Request','2026-03-01 14:39:57','2026-03-01 14:39:57'),(30,10,'action started via Async Request','2026-03-01 14:39:57','2026-03-01 14:39:57'),(31,10,'action complete via Async Request','2026-03-01 14:39:58','2026-03-01 14:39:58'),(32,25,'action created','2026-03-01 14:39:58','2026-03-01 14:39:58'),(33,16,'action started via Async Request','2026-03-01 14:39:58','2026-03-01 14:39:58'),(34,16,'action complete via Async Request','2026-03-01 14:39:58','2026-03-01 14:39:58'),(35,7,'action started via Async Request','2026-03-01 14:39:58','2026-03-01 14:39:58'),(36,7,'action complete via Async Request','2026-03-01 14:39:58','2026-03-01 14:39:58'),(37,9,'action started via WP Cron','2026-03-02 02:21:55','2026-03-02 02:21:55'),(38,26,'action created','2026-03-02 02:21:55','2026-03-02 02:21:55'),(39,9,'action complete via WP Cron','2026-03-02 02:21:55','2026-03-02 02:21:55'),(40,8,'action started via WP Cron','2026-03-02 02:21:55','2026-03-02 02:21:55'),(41,8,'action complete via WP Cron','2026-03-02 02:21:55','2026-03-02 02:21:55'),(42,27,'action created','2026-03-02 02:21:55','2026-03-02 02:21:55'),(43,17,'action started via WP Cron','2026-03-02 02:38:16','2026-03-02 02:38:16'),(44,17,'action complete via WP Cron','2026-03-02 02:38:16','2026-03-02 02:38:16'),(46,23,'action started via Async Request','2026-03-02 02:40:32','2026-03-02 02:40:32'),(47,23,'action complete via Async Request','2026-03-02 02:40:32','2026-03-02 02:40:32'),(48,29,'action created','2026-03-02 02:40:32','2026-03-02 02:40:32'),(49,11,'action started via Async Request','2026-03-02 03:00:25','2026-03-02 03:00:25'),(50,11,'action complete via Async Request','2026-03-02 03:00:25','2026-03-02 03:00:25'),(51,30,'action created','2026-03-02 03:00:25','2026-03-02 03:00:25'),(52,14,'action started via Async Request','2026-03-02 03:00:25','2026-03-02 03:00:25'),(53,14,'action complete via Async Request','2026-03-02 03:00:25','2026-03-02 03:00:25'),(54,31,'action created','2026-03-02 03:00:25','2026-03-02 03:00:25'),(55,32,'action created','2026-03-02 03:17:04','2026-03-02 03:17:04'),(56,33,'action created','2026-03-02 03:17:04','2026-03-02 03:17:04'),(57,34,'action created','2026-03-02 03:17:04','2026-03-02 03:17:04'),(58,35,'action created','2026-03-02 03:17:04','2026-03-02 03:17:04'),(59,36,'action created','2026-03-02 03:17:05','2026-03-02 03:17:05'),(60,37,'action created','2026-03-02 03:17:06','2026-03-02 03:17:06'),(61,38,'action created','2026-03-02 03:17:09','2026-03-02 03:17:09'),(62,39,'action created','2026-03-02 03:17:09','2026-03-02 03:17:09'),(63,40,'action created','2026-03-02 03:17:10','2026-03-02 03:17:10'),(64,41,'action created','2026-03-02 03:17:10','2026-03-02 03:17:10'),(65,42,'action created','2026-03-02 03:17:11','2026-03-02 03:17:11'),(66,35,'action started via Async Request','2026-03-02 03:18:05','2026-03-02 03:18:05'),(67,35,'action failed via Async Request: Scheduled action for woocommerce_admin/stored_state_setup_for_products/async/run_remote_notifications will not be executed as no callbacks are registered.','2026-03-02 03:18:05','2026-03-02 03:18:05'),(68,32,'action started via Async Request','2026-03-02 03:18:05','2026-03-02 03:18:05'),(69,32,'action complete via Async Request','2026-03-02 03:18:05','2026-03-02 03:18:05'),(70,33,'action started via Async Request','2026-03-02 03:18:05','2026-03-02 03:18:05'),(71,33,'action complete via Async Request','2026-03-02 03:18:05','2026-03-02 03:18:05'),(72,34,'action started via Async Request','2026-03-02 03:18:05','2026-03-02 03:18:05'),(73,34,'action complete via Async Request','2026-03-02 03:18:05','2026-03-02 03:18:05'),(74,36,'action started via Async Request','2026-03-02 03:18:05','2026-03-02 03:18:05'),(75,36,'action complete via Async Request','2026-03-02 03:18:05','2026-03-02 03:18:05'),(76,37,'action started via Async Request','2026-03-02 03:18:05','2026-03-02 03:18:05'),(77,37,'action complete via Async Request','2026-03-02 03:18:05','2026-03-02 03:18:05'),(78,38,'action started via Async Request','2026-03-02 03:18:05','2026-03-02 03:18:05'),(79,38,'action complete via Async Request','2026-03-02 03:18:06','2026-03-02 03:18:06'),(80,39,'action started via Async Request','2026-03-02 03:18:06','2026-03-02 03:18:06'),(81,39,'action complete via Async Request','2026-03-02 03:18:06','2026-03-02 03:18:06'),(82,40,'action started via Async Request','2026-03-02 03:18:06','2026-03-02 03:18:06'),(83,40,'action complete via Async Request','2026-03-02 03:18:06','2026-03-02 03:18:06'),(84,41,'action started via Async Request','2026-03-02 03:18:06','2026-03-02 03:18:06'),(85,41,'action complete via Async Request','2026-03-02 03:18:06','2026-03-02 03:18:06'),(86,42,'action started via Async Request','2026-03-02 03:18:06','2026-03-02 03:18:06'),(87,42,'action complete via Async Request','2026-03-02 03:18:06','2026-03-02 03:18:06'),(88,26,'action started via WP Cron','2026-03-02 03:22:05','2026-03-02 03:22:05'),(89,43,'action created','2026-03-02 03:22:05','2026-03-02 03:22:05'),(90,26,'action complete via WP Cron','2026-03-02 03:22:05','2026-03-02 03:22:05'),(91,44,'action created','2026-03-02 04:16:22','2026-03-02 04:16:22'),(92,44,'action started via Async Request','2026-03-02 04:17:04','2026-03-02 04:17:04'),(93,45,'action created','2026-03-02 04:17:04','2026-03-02 04:17:04'),(94,44,'action complete via Async Request','2026-03-02 04:17:04','2026-03-02 04:17:04'),(95,45,'action started via Async Request','2026-03-02 04:17:04','2026-03-02 04:17:04'),(96,45,'action complete via Async Request','2026-03-02 04:17:04','2026-03-02 04:17:04'),(97,43,'action started via Async Request','2026-03-02 04:22:11','2026-03-02 04:22:11'),(98,46,'action created','2026-03-02 04:22:11','2026-03-02 04:22:11'),(99,43,'action complete via Async Request','2026-03-02 04:22:11','2026-03-02 04:22:11'),(100,47,'action created','2026-03-02 04:25:55','2026-03-02 04:25:55'),(101,47,'action started via WP Cron','2026-03-02 04:26:03','2026-03-02 04:26:03'),(102,48,'action created','2026-03-02 04:26:03','2026-03-02 04:26:03'),(103,47,'action complete via WP Cron','2026-03-02 04:26:03','2026-03-02 04:26:03'),(104,48,'action started via WP Cron','2026-03-02 04:26:03','2026-03-02 04:26:03'),(105,48,'action complete via WP Cron','2026-03-02 04:26:03','2026-03-02 04:26:03'),(106,49,'action created','2026-03-02 05:09:51','2026-03-02 05:09:51'),(107,49,'action started via WP Cron','2026-03-02 05:10:05','2026-03-02 05:10:05'),(108,50,'action created','2026-03-02 05:10:05','2026-03-02 05:10:05'),(109,49,'action complete via WP Cron','2026-03-02 05:10:05','2026-03-02 05:10:05'),(110,50,'action started via WP Cron','2026-03-02 05:10:05','2026-03-02 05:10:05'),(111,50,'action complete via WP Cron','2026-03-02 05:10:05','2026-03-02 05:10:05'),(112,46,'action started via Async Request','2026-03-02 05:23:43','2026-03-02 05:23:43'),(113,51,'action created','2026-03-02 05:23:43','2026-03-02 05:23:43'),(114,46,'action complete via Async Request','2026-03-02 05:23:43','2026-03-02 05:23:43'),(115,52,'action created','2026-03-02 05:31:09','2026-03-02 05:31:09'),(116,52,'action started via WP Cron','2026-03-02 05:31:09','2026-03-02 05:31:09'),(117,53,'action created','2026-03-02 05:31:09','2026-03-02 05:31:09'),(118,52,'action complete via WP Cron','2026-03-02 05:31:09','2026-03-02 05:31:09'),(119,53,'action started via WP Cron','2026-03-02 05:31:09','2026-03-02 05:31:09'),(120,53,'action complete via WP Cron','2026-03-02 05:31:09','2026-03-02 05:31:09'),(121,12,'action started via Async Request','2026-03-02 06:00:48','2026-03-02 06:00:48'),(122,12,'action complete via Async Request','2026-03-02 06:00:48','2026-03-02 06:00:48'),(123,54,'action created','2026-03-02 06:00:48','2026-03-02 06:00:48'),(124,13,'action started via Async Request','2026-03-02 06:00:48','2026-03-02 06:00:48'),(125,13,'action complete via Async Request','2026-03-02 06:00:48','2026-03-02 06:00:48'),(126,55,'action created','2026-03-02 06:00:48','2026-03-02 06:00:48'),(127,56,'action created','2026-03-02 06:06:33','2026-03-02 06:06:33'),(128,56,'action started via Async Request','2026-03-02 06:06:49','2026-03-02 06:06:49'),(129,57,'action created','2026-03-02 06:06:49','2026-03-02 06:06:49'),(130,56,'action complete via Async Request','2026-03-02 06:06:49','2026-03-02 06:06:49'),(131,57,'action started via Async Request','2026-03-02 06:06:49','2026-03-02 06:06:49'),(132,57,'action complete via Async Request','2026-03-02 06:06:49','2026-03-02 06:06:49'),(133,58,'action created','2026-03-02 06:11:22','2026-03-02 06:11:22'),(134,58,'action started via Async Request','2026-03-02 06:13:57','2026-03-02 06:13:57'),(135,59,'action created','2026-03-02 06:13:57','2026-03-02 06:13:57'),(136,58,'action complete via Async Request','2026-03-02 06:13:57','2026-03-02 06:13:57'),(137,59,'action started via Async Request','2026-03-02 06:13:57','2026-03-02 06:13:57'),(138,59,'action complete via Async Request','2026-03-02 06:13:57','2026-03-02 06:13:57'),(139,51,'action started via Async Request','2026-03-02 06:24:07','2026-03-02 06:24:07'),(140,60,'action created','2026-03-02 06:24:07','2026-03-02 06:24:07'),(141,51,'action complete via Async Request','2026-03-02 06:24:07','2026-03-02 06:24:07'),(142,61,'action created','2026-03-02 06:24:35','2026-03-02 06:24:35'),(143,61,'action started via WP Cron','2026-03-02 06:25:10','2026-03-02 06:25:10'),(144,62,'action created','2026-03-02 06:25:10','2026-03-02 06:25:10'),(145,61,'action complete via WP Cron','2026-03-02 06:25:10','2026-03-02 06:25:10'),(146,62,'action started via WP Cron','2026-03-02 06:25:10','2026-03-02 06:25:10'),(147,62,'action complete via WP Cron','2026-03-02 06:25:10','2026-03-02 06:25:10'),(148,63,'action created','2026-03-02 06:47:26','2026-03-02 06:47:26'),(149,63,'action started via WP Cron','2026-03-02 06:48:07','2026-03-02 06:48:07'),(150,64,'action created','2026-03-02 06:48:07','2026-03-02 06:48:07'),(151,63,'action complete via WP Cron','2026-03-02 06:48:07','2026-03-02 06:48:07'),(152,64,'action started via WP Cron','2026-03-02 06:48:07','2026-03-02 06:48:07'),(153,64,'action complete via WP Cron','2026-03-02 06:48:07','2026-03-02 06:48:07'),(154,65,'action created','2026-03-02 06:50:30','2026-03-02 06:50:30'),(155,65,'action started via Async Request','2026-03-02 06:51:26','2026-03-02 06:51:26'),(156,66,'action created','2026-03-02 06:51:26','2026-03-02 06:51:26'),(157,65,'action complete via Async Request','2026-03-02 06:51:26','2026-03-02 06:51:26'),(158,66,'action started via Async Request','2026-03-02 06:51:26','2026-03-02 06:51:26'),(159,66,'action complete via Async Request','2026-03-02 06:51:26','2026-03-02 06:51:26'),(160,60,'action started via Async Request','2026-03-02 07:25:04','2026-03-02 07:25:04'),(161,67,'action created','2026-03-02 07:25:05','2026-03-02 07:25:05'),(162,60,'action complete via Async Request','2026-03-02 07:25:05','2026-03-02 07:25:05'),(163,67,'action started via WP Cron','2026-03-02 08:25:04','2026-03-02 08:25:04'),(164,68,'action created','2026-03-02 08:25:04','2026-03-02 08:25:04'),(165,67,'action complete via WP Cron','2026-03-02 08:25:04','2026-03-02 08:25:04'),(166,68,'action started via Async Request','2026-03-02 12:45:29','2026-03-02 12:45:29'),(167,69,'action created','2026-03-02 12:45:29','2026-03-02 12:45:29'),(168,68,'action complete via Async Request','2026-03-02 12:45:29','2026-03-02 12:45:29'),(171,70,'action created','2026-03-02 12:48:01','2026-03-02 12:48:01'),(172,71,'action created','2026-03-02 12:48:01','2026-03-02 12:48:01'),(173,71,'action started via Async Request','2026-03-02 12:49:24','2026-03-02 12:49:24'),(174,71,'action complete via Async Request','2026-03-02 12:49:24','2026-03-02 12:49:24'),(175,72,'action created','2026-03-02 12:49:24','2026-03-02 12:49:24'),(176,70,'action started via Async Request','2026-03-02 12:49:24','2026-03-02 12:49:24'),(177,70,'action complete via Async Request','2026-03-02 12:49:24','2026-03-02 12:49:24');

--
-- Table structure for table `wp_7_fsmpt_email_logs`
--

CREATE TABLE `wp_7_fsmpt_email_logs` (
  `id` int unsigned NOT NULL AUTO_INCREMENT,
  `site_id` int unsigned DEFAULT NULL,
  `to` varchar(255) COLLATE utf8mb4_unicode_520_ci DEFAULT NULL,
  `from` varchar(255) COLLATE utf8mb4_unicode_520_ci DEFAULT NULL,
  `subject` varchar(255) COLLATE utf8mb4_unicode_520_ci DEFAULT NULL,
  `body` longtext COLLATE utf8mb4_unicode_520_ci,
  `headers` longtext COLLATE utf8mb4_unicode_520_ci,
  `attachments` longtext COLLATE utf8mb4_unicode_520_ci,
  `status` varchar(20) COLLATE utf8mb4_unicode_520_ci DEFAULT 'pending',
  `response` text COLLATE utf8mb4_unicode_520_ci,
  `extra` text COLLATE utf8mb4_unicode_520_ci,
  `retries` int unsigned DEFAULT '0',
  `resent_count` int unsigned DEFAULT '0',
  `source` varchar(255) COLLATE utf8mb4_unicode_520_ci DEFAULT NULL,
  `created_at` timestamp NULL DEFAULT NULL,
  `updated_at` timestamp NULL DEFAULT NULL,
  PRIMARY KEY (`id`),
  KEY `status` (`status`)
) ENGINE=InnoDB DEFAULT CHARSET=utf8mb4 COLLATE=utf8mb4_unicode_520_ci;

--
-- Dumping data for table `wp_7_fsmpt_email_logs`
--


--
-- Table structure for table `wp_7_wc_admin_note_actions`
--

CREATE TABLE `wp_7_wc_admin_note_actions` (
  `action_id` bigint unsigned NOT NULL AUTO_INCREMENT,
  `note_id` bigint unsigned NOT NULL,
  `name` varchar(255) CHARACTER SET utf8mb4 COLLATE utf8mb4_unicode_520_ci NOT NULL,
  `label` varchar(255) CHARACTER SET utf8mb4 COLLATE utf8mb4_unicode_520_ci NOT NULL,
  `query` longtext CHARACTER SET utf8mb4 COLLATE utf8mb4_unicode_520_ci NOT NULL,
  `status` varchar(255) CHARACTER SET utf8mb4 COLLATE utf8mb4_unicode_520_ci NOT NULL,
  `actioned_text` varchar(255) CHARACTER SET utf8mb4 COLLATE utf8mb4_unicode_520_ci NOT NULL,
  `nonce_action` varchar(255) CHARACTER SET utf8mb4 COLLATE utf8mb4_unicode_520_ci DEFAULT NULL,
  `nonce_name` varchar(255) CHARACTER SET utf8mb4 COLLATE utf8mb4_unicode_520_ci DEFAULT NULL,
  PRIMARY KEY (`action_id`),
  KEY `note_id` (`note_id`)
) ENGINE=InnoDB AUTO_INCREMENT=157 DEFAULT CHARSET=utf8mb4 COLLATE=utf8mb4_unicode_520_ci;

--
-- Dumping data for table `wp_7_wc_admin_note_actions`
--

INSERT INTO `wp_7_wc_admin_note_actions` VALUES (1,1,'try-the-new-templates','Try the new templates','?page=wc-settings&tab=email&try-new-templates','actioned','',NULL,NULL),(2,2,'scheduled-updates-enable','Enable','https://easywp.site/easybusy/wp-admin/admin.php?page=wc-admin','actioned','Scheduled updates enabled',NULL,NULL),(72,50,'notify-refund-returns-page','Edit page','https://easywp.site/easybusy/wp-admin/post.php?post=9&action=edit','actioned','',NULL,NULL),(80,56,'learn-more','Learn more','https://woocommerce.com/document/managing-orders/?utm_source=inbox&utm_medium=product','actioned','',NULL,NULL),(81,3,'learn-more','Learn more','https://woocommerce.com/posts/ecommerce-shipping-solutions-guide/?utm_source=inbox_note&utm_medium=product&utm_campaign=learn-more','actioned','',NULL,NULL),(82,4,'optimizing-the-checkout-flow','Learn more','https://woocommerce.com/posts/optimizing-woocommerce-checkout?utm_source=inbox_note&utm_medium=product&utm_campaign=optimizing-the-checkout-flow','actioned','',NULL,NULL),(83,5,'qualitative-feedback-from-new-users','Share feedback','https://automattic.survey.fm/woopayments-new-user-feedback','actioned','',NULL,NULL),(84,6,'share-feedback','Share feedback','http://automattic.survey.fm/paypal-feedback','unactioned','',NULL,NULL),(85,7,'get-started','Get started','https://woocommerce.com/products/google-listings-and-ads?utm_source=inbox_note&utm_medium=product&utm_campaign=get-started','actioned','',NULL,NULL),(86,8,'update-wc-subscriptions-3-0-15','View latest version','https://easywp.site/easybusy/wp-admin/&page=wc-addons&section=helper','actioned','',NULL,NULL),(87,9,'update-wc-core-5-4-0','How to update WooCommerce','https://docs.woocommerce.com/document/how-to-update-woocommerce/','actioned','',NULL,NULL),(88,12,'ppxo-pps-install-paypal-payments-1','View upgrade guide','https://docs.woocommerce.com/document/woocommerce-paypal-payments/paypal-payments-upgrade-guide/','actioned','',NULL,NULL),(89,13,'ppxo-pps-install-paypal-payments-2','View upgrade guide','https://docs.woocommerce.com/document/woocommerce-paypal-payments/paypal-payments-upgrade-guide/','actioned','',NULL,NULL),(90,14,'learn-more','Learn more','https://woocommerce.com/posts/critical-vulnerability-detected-july-2021/?utm_source=inbox_note&utm_medium=product&utm_campaign=learn-more','unactioned','',NULL,NULL),(91,14,'dismiss','Dismiss','','actioned','',NULL,NULL),(92,15,'learn-more','Learn more','https://woocommerce.com/posts/critical-vulnerability-detected-july-2021/?utm_source=inbox_note&utm_medium=product&utm_campaign=learn-more','unactioned','',NULL,NULL),(93,15,'dismiss','Dismiss','','actioned','',NULL,NULL),(94,16,'learn-more','Learn more','https://woocommerce.com/posts/critical-vulnerability-detected-july-2021/?utm_source=inbox_note&utm_medium=product&utm_campaign=learn-more','unactioned','',NULL,NULL),(95,16,'dismiss','Dismiss','','actioned','',NULL,NULL),(96,17,'learn-more','Learn more','https://woocommerce.com/posts/critical-vulnerability-detected-july-2021/?utm_source=inbox_note&utm_medium=product&utm_campaign=learn-more','unactioned','',NULL,NULL),(97,17,'dismiss','Dismiss','','actioned','',NULL,NULL),(98,18,'share-feedback','Share feedback','https://automattic.survey.fm/store-management','unactioned','',NULL,NULL),(99,19,'learn-more','Learn more','https://developer.woocommerce.com/2022/03/10/woocommerce-3-5-10-6-3-1-security-releases/','unactioned','',NULL,NULL),(100,19,'woocommerce-core-paypal-march-2022-dismiss','Dismiss','','actioned','',NULL,NULL),(101,20,'learn-more','Learn more','https://developer.woocommerce.com/2022/03/10/woocommerce-3-5-10-6-3-1-security-releases/','unactioned','',NULL,NULL),(102,20,'dismiss','Dismiss','','actioned','',NULL,NULL),(103,21,'pinterest_03_2022_update','Update Instructions','https://woocommerce.com/document/pinterest-for-woocommerce/?utm_source=inbox_note&utm_medium=product&utm_campaign=pinterest_03_2022_update#section-3','actioned','',NULL,NULL),(104,22,'store_setup_survey_survey_q2_2022_share_your_thoughts','Tell us how it’s going','https://automattic.survey.fm/store-setup-survey-2022','actioned','',NULL,NULL),(105,23,'needs-update-eway-payment-gateway-rin-action-button-2022-12-20','See available updates','https://easywp.site/easybusy/wp-admin/update-core.php','unactioned','',NULL,NULL),(106,23,'needs-update-eway-payment-gateway-rin-dismiss-button-2022-12-20','Dismiss','#','actioned','',NULL,NULL),(107,24,'updated-eway-payment-gateway-rin-action-button-2022-12-20','See all updates','https://easywp.site/easybusy/wp-admin/update-core.php','unactioned','',NULL,NULL),(108,24,'updated-eway-payment-gateway-rin-dismiss-button-2022-12-20','Dismiss','#','actioned','',NULL,NULL),(109,25,'share-navigation-survey-feedback','Share feedback','https://automattic.survey.fm/new-ecommerce-plan-navigation','actioned','',NULL,NULL),(110,26,'woopay-beta-merchantrecruitment-activate-04MAY23','Activate WooPay','https://easywp.site/easybusy/wp-admin/admin.php?page=wc-settings&tab=checkout&section=woocommerce_payments&method=platform_checkout','actioned','',NULL,NULL),(111,26,'woopay-beta-merchantrecruitment-activate-learnmore-04MAY23','Learn More','https://woocommerce.com/woopay-businesses/?utm_source=inbox_note&utm_medium=product&utm_campaign=woopay-beta-merchantrecruitment-activate-learnmore-04MAY23','unactioned','',NULL,NULL),(112,27,'woocommerce-wcpay-march-2023-update-needed-button','See Blog Post','https://developer.woocommerce.com/2023/03/23/critical-vulnerability-detected-in-woocommerce-payments-what-you-need-to-know','unactioned','',NULL,NULL),(113,27,'woocommerce-wcpay-march-2023-update-needed-dismiss-button','Dismiss','#','actioned','',NULL,NULL),(114,28,'tap_to_pay_iphone_q2_2023_no_wcpay','Simplify my payments','https://woocommerce.com/products/woocommerce-payments/?utm_source=inbox_note&utm_medium=product&utm_campaign=tap_to_pay_iphone_q2_2023_no_wcpay','actioned','',NULL,NULL),(115,29,'extension-settings','See available updates','https://easywp.site/easybusy/wp-admin/update-core.php','unactioned','',NULL,NULL),(116,29,'dismiss','Dismiss','#','actioned','',NULL,NULL),(117,30,'woopay-beta-merchantrecruitment-update-WCPay-04MAY23','Update WooCommerce Payments','https://easywp.site/easybusy/wp-admin/plugins.php?plugin_status=all','unactioned','',NULL,NULL),(118,30,'woopay-beta-merchantrecruitment-update-activate-04MAY23','Activate WooPay','https://easywp.site/easybusy/wp-admin/admin.php?page=wc-settings&tab=checkout&section=woocommerce_payments&method=platform_checkout','actioned','',NULL,NULL),(119,31,'woopay-beta-existingmerchants-noaction-documentation-27APR23','Documentation','https://woocommerce.com/document/woopay-merchant-documentation/?utm_source=inbox_note&utm_medium=product&utm_campaign=woopay-beta-existingmerchants-noaction-documentation-27APR23','actioned','',NULL,NULL),(120,32,'woopay-beta-existingmerchants-update-WCPay-27APR23','Update WooCommerce Payments','https://easywp.site/easybusy/wp-admin/plugins.php?plugin_status=all','actioned','',NULL,NULL),(121,33,'woopay-beta-merchantrecruitment-short-activate-04MAY23','Activate WooPay','https://easywp.site/easybusy/wp-admin/admin.php?page=wc-settings&tab=checkout&section=woocommerce_payments&method=platform_checkout','actioned','',NULL,NULL),(122,33,'woopay-beta-merchantrecruitment-short-activate-learnmore-04MAY23','Learn More','https://woocommerce.com/woopay-businesses/?utm_source=inbox_note&utm_medium=product&utm_campaign=woopay-beta-merchantrecruitment-short-activate-learnmore-04MAY23','actioned','',NULL,NULL),(123,34,'woopay-beta-merchantrecruitment-short-update-WCPay-04MAY23','Update WooCommerce Payments','https://easywp.site/easybusy/wp-admin/plugins.php?plugin_status=all','unactioned','',NULL,NULL),(124,34,'woopay-beta-merchantrecruitment-short-update-activate-04MAY23','Activate WooPay','https://easywp.site/easybusy/wp-admin/admin.php?page=wc-settings&tab=checkout&section=woocommerce_payments&method=platform_checkout','actioned','',NULL,NULL),(125,35,'woopay-beta-merchantrecruitment-short-activate-button-09MAY23','Activate WooPay','https://easywp.site/easybusy/wp-admin/admin.php?page=wc-settings&tab=checkout&section=woocommerce_payments&method=platform_checkout','unactioned','',NULL,NULL),(126,35,'woopay-beta-merchantrecruitment-short-activate-learnmore-button2-09MAY23','Learn More','https://woocommerce.com/woopay-businesses/?utm_source=inbox_note&utm_medium=product&utm_campaign=woopay-beta-merchantrecruitment-short-activate-learnmore-button2-09MAY23','unactioned','',NULL,NULL),(127,36,'woopay-beta-merchantrecruitment-short-update-WCPay-09MAY23','Update WooCommerce Payments','https://easywp.site/easybusy/wp-admin/plugins.php?plugin_status=all','unactioned','',NULL,NULL),(128,36,'woopay-beta-merchantrecruitment-short-update-activate-09MAY23','Activate WooPay','https://easywp.site/easybusy/wp-admin/admin.php?page=wc-settings&tab=checkout&section=woocommerce_payments&method=platform_checkout','unactioned','',NULL,NULL),(129,37,'woocommerce-WCSubscriptions-June-2023-updated-needed-Plugin-Settings','See available updates','https://easywp.site/easybusy/wp-admin/plugins.php?plugin_status=all','unactioned','',NULL,NULL),(130,37,'woocommerce-WCSubscriptions-June-2023-updated-needed-dismiss','Dismiss','#','actioned','',NULL,NULL),(131,38,'woocommerce-WCReturnsWarranty-June-2023-updated-needed','See available updates','https://easywp.site/easybusy/wp-admin/plugins.php?plugin_status=all','unactioned','',NULL,NULL),(132,38,'woocommerce-WCReturnsWarranty-June-2023-updated-needed','Dismiss','#','actioned','',NULL,NULL),(133,39,'woocommerce-WCOPC-June-2023-updated-needed','See available updates','https://easywp.site/easybusy/wp-admin/plugins.php?plugin_status=all','actioned','',NULL,NULL),(134,39,'woocommerce-WCOPC-June-2023-updated-needed','Dismiss','https://easywp.site/easybusy/wp-admin/#','actioned','',NULL,NULL),(135,40,'woocommerce-WCGC-July-2023-update-needed','See available updates','https://easywp.site/easybusy/wp-admin/plugins.php?plugin_status=all','unactioned','',NULL,NULL),(136,40,'woocommerce-WCGC-July-2023-update-needed','Dismiss','#','actioned','',NULL,NULL),(137,41,'learn-more','Learn more','https://woocommerce.com/document/fedex/?utm_medium=product&utm_source=inbox_note&utm_campaign=learn-more#july-2023-api-outage','unactioned','',NULL,NULL),(138,42,'plugin-list','See available updates','https://easywp.site/easybusy/wp-admin/plugins.php?plugin_status=all','unactioned','',NULL,NULL),(139,42,'dismiss','Dismiss','https://easywp.site/easybusy/wp-admin/admin.php?page=wc-admin','actioned','',NULL,NULL),(140,43,'woocommerce-WCStripe-Aug-2023-update-needed','See available updates','https://easywp.site/easybusy/wp-admin/update-core.php?','unactioned','',NULL,NULL),(141,43,'dismiss','Dismiss','#','actioned','',NULL,NULL),(142,44,'dismiss','Dismiss','#','actioned','',NULL,NULL),(143,45,'dismiss','Dismiss','#','actioned','',NULL,NULL),(144,46,'avalara_q3-2023_noAvaTax','Automate my sales tax','https://woocommerce.com/products/woocommerce-avatax/?utm_source=inbox_note&utm_medium=product&utm_campaign=avalara_q3-2023_noAvaTax','unactioned','',NULL,NULL),(145,47,'woocommerce-usermeta-Sept2023-productvendors','See available updates','https://easywp.site/easybusy/wp-admin/plugins.php','unactioned','',NULL,NULL),(146,47,'dismiss','Dismiss','https://easywp.site/easybusy/wp-admin/#','actioned','',NULL,NULL),(147,48,'woocommerce-STRIPE-Oct-2023-update-needed','See available updates','https://easywp.site/easybusy/wp-admin/update-core.php','unactioned','',NULL,NULL),(148,48,'dismiss','Dismiss','#','actioned','',NULL,NULL),(149,49,'amazon-mcf-review-button-2023-12-07','Leave a review','https://woocommerce.com/products/woocommerce-amazon-fulfillment/?review&utm_source=inbox_note&utm_medium=product&utm_campaign=amazon-mcf-review-button-2023-12-07','actioned','',NULL,NULL),(150,49,'amazon-mcf-support-button-2023-12-07','Request support','https://woocommerce.com/my-account/contact-support/?utm_source=inbox_note&utm_medium=product&utm_campaign=amazon-mcf-support-button-2023-12-07','actioned','',NULL,NULL),(151,51,'view_docs','Learn about Deposit schedules','https://woocommerce.com/document/woopayments/deposits/deposit-schedule/?utm_source=inbox_note&utm_medium=product&utm_campaign=view_docs#available-funds','unactioned','',NULL,NULL),(152,52,'sirt-woo-2024-11-xss-admin','See available updates','https://easywp.site/easybusy/wp-admin/update-core.php?','unactioned','',NULL,NULL),(153,52,'sirt-woo-2024-11-xss-admin','Dismiss','#','actioned','',NULL,NULL),(154,53,'paypal-braintree-sdk-depreciation-2025-02-20-button','Upgrade now','https://easywp.site/easybusy/wp-admin/wp-admin/plugins.php','actioned','',NULL,NULL),(155,54,'uk-vat-notice-button-2025-04-30','Learn more about this extension','https://wordpress.org/plugins/eu-vat-for-woocommerce/','actioned','',NULL,NULL),(156,55,'paypal-braintree-sdk-depreciation-2025-05-30-button','Update now','https://easywp.site/easybusy/wp-admin/wp-admin/plugins.php','unactioned','',NULL,NULL);

--
-- Table structure for table `wp_7_wc_admin_notes`
--

CREATE TABLE `wp_7_wc_admin_notes` (
  `note_id` bigint unsigned NOT NULL AUTO_INCREMENT,
  `name` varchar(255) CHARACTER SET utf8mb4 COLLATE utf8mb4_unicode_520_ci NOT NULL,
  `type` varchar(20) CHARACTER SET utf8mb4 COLLATE utf8mb4_unicode_520_ci NOT NULL,
  `locale` varchar(20) CHARACTER SET utf8mb4 COLLATE utf8mb4_unicode_520_ci NOT NULL,
  `title` longtext CHARACTER SET utf8mb4 COLLATE utf8mb4_unicode_520_ci NOT NULL,
  `content` longtext CHARACTER SET utf8mb4 COLLATE utf8mb4_unicode_520_ci NOT NULL,
  `content_data` longtext CHARACTER SET utf8mb4 COLLATE utf8mb4_unicode_520_ci,
  `status` varchar(200) CHARACTER SET utf8mb4 COLLATE utf8mb4_unicode_520_ci NOT NULL,
  `source` varchar(200) CHARACTER SET utf8mb4 COLLATE utf8mb4_unicode_520_ci NOT NULL,
  `date_created` datetime NOT NULL DEFAULT '0000-00-00 00:00:00',
  `date_reminder` datetime DEFAULT NULL,
  `is_snoozable` tinyint(1) NOT NULL DEFAULT '0',
  `layout` varchar(20) CHARACTER SET utf8mb4 COLLATE utf8mb4_unicode_520_ci NOT NULL DEFAULT '',
  `image` varchar(200) CHARACTER SET utf8mb4 COLLATE utf8mb4_unicode_520_ci DEFAULT NULL,
  `is_deleted` tinyint(1) NOT NULL DEFAULT '0',
  `is_read` tinyint(1) NOT NULL DEFAULT '0',
  `icon` varchar(200) CHARACTER SET utf8mb4 COLLATE utf8mb4_unicode_520_ci NOT NULL DEFAULT 'info',
  PRIMARY KEY (`note_id`)
) ENGINE=InnoDB AUTO_INCREMENT=57 DEFAULT CHARSET=utf8mb4 COLLATE=utf8mb4_unicode_520_ci;

--
-- Dumping data for table `wp_7_wc_admin_notes`
--

INSERT INTO `wp_7_wc_admin_notes` VALUES (1,'wc-admin-email-improvements','info','en_US','Store emails have had an upgrade!','We’ve made some exciting improvements to our email templates, including modern, shopper-friendly designs and new customization options. And if you’re using a block theme, you can automatically sync your theme styles! Head to your email settings to explore the new features.','{}','unactioned','woocommerce-admin','2026-03-01 14:38:06',NULL,0,'plain','',0,1,'info'),(2,'wc-admin-scheduled-updates-promotion','info','en_US','Analytics now supports scheduled updates','This provides improved performance to your store, enable it in Analytics &gt; Settings.','{}','unactioned','woocommerce-admin','2026-03-01 14:38:07',NULL,0,'plain','',0,1,'info'),(3,'your-first-product','info','en_US','Your first product','That’s huge! You’re well on your way to building a successful online store — now it’s time to think about how you’ll fulfill your orders.<br /><br />Read our shipping guide to learn best practices and options for putting together your shipping strategy. And for WooCommerce stores in the United States, you can print discounted shipping labels via USPS with <a href=\"https://href.li/?https://woocommerce.com/shipping\" target=\"_blank\">WooCommerce Shipping</a>.','{}','pending','woocommerce.com','2026-03-01 14:38:07',NULL,0,'plain','',0,0,'info'),(4,'wc-admin-optimizing-the-checkout-flow','info','en_US','Optimizing the checkout flow','It’s crucial to get your store’s checkout as smooth as possible to avoid losing sales. Let’s take a look at how you can optimize the checkout experience for your shoppers.','{}','pending','woocommerce.com','2026-03-01 14:38:07',NULL,0,'plain','',0,0,'info'),(5,'wc-payments-qualitative-feedback','info','en_US','WooPayments setup - let us know what you think','Congrats on enabling WooPayments for your store. Please share your feedback in this 2 minute survey to help us improve the setup process.','{}','pending','woocommerce.com','2026-03-01 14:38:07',NULL,0,'plain','',0,0,'info'),(6,'share-your-feedback-on-paypal','info','en_US','Share your feedback on PayPal','Share your feedback in this 2 minute survey about how we can make the process of accepting payments more useful for your store.','{}','pending','woocommerce.com','2026-03-01 14:38:07',NULL,0,'plain','',0,0,'info'),(7,'google_listings_and_ads_install','marketing','en_US','Drive traffic and sales with Google','Reach online shoppers to drive traffic and sales for your store by showcasing products across Google, for free or with ads.','{}','pending','woocommerce.com','2026-03-01 14:38:07',NULL,0,'plain','',0,0,'info'),(8,'wc-subscriptions-security-update-3-0-15','info','en_US','WooCommerce Subscriptions security update!','We recently released an important security update to WooCommerce Subscriptions. To ensure your site’s data is protected, please upgrade <strong>WooCommerce Subscriptions to version 3.0.15</strong> or later.<br /><br />Click the button below to view and update to the latest Subscriptions version, or log in to <a href=\"https://woocommerce.com/my-dashboard\">WooCommerce.com Dashboard</a> and navigate to your <strong>Downloads</strong> page.<br /><br />We recommend always using the latest version of WooCommerce Subscriptions, and other software running on your site, to ensure maximum security.<br /><br />If you have any questions we are here to help — just <a href=\"https://woocommerce.com/my-account/create-a-ticket/\">open a ticket</a>.','{}','pending','woocommerce.com','2026-03-01 14:38:07',NULL,0,'plain','',0,0,'info'),(9,'woocommerce-core-update-5-4-0','info','en_US','Update to WooCommerce 5.4.1 now','WooCommerce 5.4.1 addresses a checkout issue discovered in WooCommerce 5.4. We recommend upgrading to WooCommerce 5.4.1 as soon as possible.','{}','pending','woocommerce.com','2026-03-01 14:38:07',NULL,0,'plain','',0,0,'info'),(10,'wcpay-promo-2020-11','marketing','en_US','wcpay-promo-2020-11','wcpay-promo-2020-11','{}','pending','woocommerce.com','2026-03-01 14:38:07',NULL,0,'plain','',0,0,'info'),(11,'wcpay-promo-2020-12','marketing','en_US','wcpay-promo-2020-12','wcpay-promo-2020-12','{}','pending','woocommerce.com','2026-03-01 14:38:07',NULL,0,'plain','',0,0,'info'),(12,'ppxo-pps-upgrade-paypal-payments-1','info','en_US','Get the latest PayPal extension for WooCommerce','Heads up! There’s a new PayPal on the block!<br /><br />Now is a great time to upgrade to our latest <a href=\"https://woocommerce.com/products/woocommerce-paypal-payments/\" target=\"_blank\">PayPal extension</a> to continue to receive support and updates with PayPal.<br /><br />Get access to a full suite of PayPal payment methods, extensive currency and country coverage, and pay later options with the all-new PayPal extension for WooCommerce.','{}','pending','woocommerce.com','2026-03-01 14:38:07',NULL,0,'plain','',0,0,'info'),(13,'ppxo-pps-upgrade-paypal-payments-2','info','en_US','Upgrade your PayPal experience!','Get access to a full suite of PayPal payment methods, extensive currency and country coverage, offer subscription and recurring payments, and the new PayPal pay later options.<br /><br />Start using our <a href=\"https://woocommerce.com/products/woocommerce-paypal-payments/\" target=\"_blank\">latest PayPal today</a> to continue to receive support and updates.','{}','pending','woocommerce.com','2026-03-01 14:38:07',NULL,0,'plain','',0,0,'info'),(14,'woocommerce-core-sqli-july-2021-need-to-update','update','en_US','Action required: Critical vulnerabilities in WooCommerce','In response to a critical vulnerability identified on July 13, 2021, we are working with the WordPress Plugins Team to deploy software updates to stores running WooCommerce (versions 3.3 to 5.5) and the WooCommerce Blocks feature plugin (versions 2.5 to 5.5).<br /><br />Our investigation into this vulnerability is ongoing, but <strong>we wanted to let you know now about the importance of updating immediately</strong>.<br /><br />For more information on which actions you should take, as well as answers to FAQs, please urgently review our blog post detailing this issue.','{}','pending','woocommerce.com','2026-03-01 14:38:07',NULL,0,'plain','',0,0,'info'),(15,'woocommerce-blocks-sqli-july-2021-need-to-update','update','en_US','Action required: Critical vulnerabilities in WooCommerce Blocks','In response to a critical vulnerability identified on July 13, 2021, we are working with the WordPress Plugins Team to deploy software updates to stores running WooCommerce (versions 3.3 to 5.5) and the WooCommerce Blocks feature plugin (versions 2.5 to 5.5).<br /><br />Our investigation into this vulnerability is ongoing, but <strong>we wanted to let you know now about the importance of updating immediately</strong>.<br /><br />For more information on which actions you should take, as well as answers to FAQs, please urgently review our blog post detailing this issue.','{}','pending','woocommerce.com','2026-03-01 14:38:07',NULL,0,'plain','',0,0,'info'),(16,'woocommerce-core-sqli-july-2021-store-patched','update','en_US','Solved: Critical vulnerabilities patched in WooCommerce','In response to a critical vulnerability identified on July 13, 2021, we worked with the WordPress Plugins Team to deploy software updates to stores running WooCommerce (versions 3.3 to 5.5) and the WooCommerce Blocks feature plugin (versions 2.5 to 5.5).<br /><br /><strong>Your store has been updated to the latest secure version(s)</strong>. For more information and answers to FAQs, please review our blog post detailing this issue.','{}','pending','woocommerce.com','2026-03-01 14:38:07',NULL,0,'plain','',0,0,'info'),(17,'woocommerce-blocks-sqli-july-2021-store-patched','update','en_US','Solved: Critical vulnerabilities patched in WooCommerce Blocks','In response to a critical vulnerability identified on July 13, 2021, we worked with the WordPress Plugins Team to deploy software updates to stores running WooCommerce (versions 3.3 to 5.5) and the WooCommerce Blocks feature plugin (versions 2.5 to 5.5).<br /><br /><strong>Your store has been updated to the latest secure version(s)</strong>. For more information and answers to FAQs, please review our blog post detailing this issue.','{}','pending','woocommerce.com','2026-03-01 14:38:07',NULL,0,'plain','',0,0,'info'),(18,'habit-moment-survey','marketing','en_US','We’re all ears! Share your experience so far with WooCommerce','We’d love your input to shape the future of WooCommerce together. Feel free to share any feedback, ideas or suggestions that you have.','{}','pending','woocommerce.com','2026-03-01 14:38:07',NULL,0,'plain','',0,0,'info'),(19,'woocommerce-core-paypal-march-2022-updated','update','en_US','Security auto-update of WooCommerce','<strong>Your store has been updated to the latest secure version of WooCommerce</strong>. We worked with WordPress to deploy PayPal Standard security updates for stores running WooCommerce (version 3.5 to 6.3). It’s recommended to disable PayPal Standard, and use <a href=\"https://woocommerce.com/products/woocommerce-paypal-payments/\" target=\"_blank\">PayPal Payments</a> to accept PayPal.','{}','pending','woocommerce.com','2026-03-01 14:38:07',NULL,0,'plain','',0,0,'info'),(20,'woocommerce-core-paypal-march-2022-updated-nopp','update','en_US','Security auto-update of WooCommerce','<strong>Your store has been updated to the latest secure version of WooCommerce</strong>. We worked with WordPress to deploy security updates related to PayPal Standard payment gateway for stores running WooCommerce (version 3.5 to 6.3).','{}','pending','woocommerce.com','2026-03-01 14:38:07',NULL,0,'plain','',0,0,'info'),(21,'pinterest_03_2022_update','marketing','en_US','Your Pinterest for WooCommerce plugin is out of date!','Update to the latest version of Pinterest for WooCommerce to continue using this plugin and keep your store connected with Pinterest. To update, visit <strong>Plugins &gt; Installed Plugins</strong>, and click on “update now” under Pinterest for WooCommerce.','{}','pending','woocommerce.com','2026-03-01 14:38:07',NULL,0,'plain','',0,0,'info'),(22,'store_setup_survey_survey_q2_2022','survey','en_US','How is your store setup going?','Our goal is to make sure you have all the right tools to start setting up your store in the smoothest way possible.\r\nWe’d love to know if we hit our mark and how we can improve. To collect your thoughts, we made a 2-minute survey.','{}','pending','woocommerce.com','2026-03-01 14:38:07',NULL,0,'plain','',0,0,'info'),(23,'needs-update-eway-payment-gateway-rin-2022-12-20','update','en_US','Security vulnerability patched in WooCommerce Eway Gateway','In response to a potential vulnerability identified in WooCommerce Eway Gateway versions 3.1.0 to 3.5.0, we’ve worked to deploy security fixes and have released an updated version.\r\nNo external exploits have been detected, but we recommend you update to your latest supported version 3.1.26, 3.2.3, 3.3.1, 3.4.6, or 3.5.1','{}','pending','woocommerce.com','2026-03-01 14:38:07',NULL,0,'plain','',0,0,'info'),(24,'updated-eway-payment-gateway-rin-2022-12-20','update','en_US','WooCommerce Eway Gateway has been automatically updated','Your store is now running the latest secure version of WooCommerce Eway Gateway. We worked with the WordPress Plugins team to deploy a software update to stores running WooCommerce Eway Gateway (versions 3.1.0 to 3.5.0) in response to a security vulnerability that was discovered.','{}','pending','woocommerce.com','2026-03-01 14:38:07',NULL,0,'plain','',0,0,'info'),(25,'ecomm-wc-navigation-survey-2023','info','en_US','Navigating WooCommerce on WordPress.com','We are improving the WooCommerce navigation on WordPress.com and would love your help to make it better! Please share your experience with us in this 2-minute survey.','{}','pending','woocommerce.com','2026-03-01 14:38:07',NULL,0,'plain','',0,0,'info'),(26,'woopay-beta-merchantrecruitment-04MAY23','info','en_US','Increase conversions with WooPay — our fastest checkout yet','WooPay, a new express checkout feature built into WooCommerce Payments, is now available —and we’re inviting you to be one of the first to try it. \r\n<br><br>\r\nBoost conversions by offering your customers a simple, secure way to pay with a single click.\r\n<br><br>\r\nGet started in seconds.','{}','pending','woocommerce.com','2026-03-01 14:38:07',NULL,0,'plain','',0,0,'info'),(27,'woocommerce-wcpay-march-2023-update-needed','update','en_US','Action required: Security update for WooCommerce Payments','<strong>Your store requires a security update for WooCommerce Payments</strong>. Please update to the latest version of WooCommerce Payments immediately to address a potential vulnerability discovered on March 22. For more information on how to update, visit this WooCommerce Developer Blog Post.','{}','pending','woocommerce.com','2026-03-01 14:38:07',NULL,0,'plain','',0,0,'info'),(28,'tap_to_pay_iphone_q2_2023_no_wcpay','marketing','en_US','Accept in-person contactless payments on your iPhone','Tap to Pay on iPhone and WooCommerce Payments is quick, secure, and simple to set up — no extra terminals or card readers are needed. Accept contactless debit and credit cards, Apple Pay, and other NFC digital wallets in person.','{}','unactioned','woocommerce.com','2026-03-02 12:46:48',NULL,0,'plain','',0,0,'info'),(29,'woocommerce-WCPreOrders-april-2023-update-needed','update','en_US','Action required: Security update of WooCommerce Pre-Orders extension','<strong>Your store requires a security update for the WooCommerce Pre-Orders extension</strong>. Please update the WooCommerce Pre-Orders extension immediately to address a potential vulnerability discovered on April 11.','{}','pending','woocommerce.com','2026-03-01 14:38:07',NULL,0,'plain','',0,0,'info'),(30,'woopay-beta-merchantrecruitment-update-04MAY23','info','en_US','Increase conversions with WooPay — our fastest checkout yet','WooPay, a new express checkout feature built into WooCommerce Payments, is now available — and you’re invited to try it. \r\n<br /><br />\r\nBoost conversions by offering your customers a simple, secure way to pay with a single click.\r\n<br /><br />\r\nUpdate WooCommerce Payments to get started.','{}','pending','woocommerce.com','2026-03-01 14:38:07',NULL,0,'plain','',0,0,'info'),(31,'woopay-beta-existingmerchants-noaction-27APR23','info','en_US','WooPay is back!','Thanks for previously trying WooPay, the express checkout feature built into WooCommerce Payments. We’re excited to announce that WooPay availability has resumed. No action is required on your part.\r\n<br /><br />\r\nYou can now continue boosting conversions by offering your customers a simple, secure way to pay with a single click.','{}','pending','woocommerce.com','2026-03-01 14:38:07',NULL,0,'plain','',0,0,'info'),(32,'woopay-beta-existingmerchants-update-27APR23','info','en_US','WooPay is back!','Thanks for previously trying WooPay, the express checkout feature built into WooCommerce Payments. We’re excited to announce that WooPay availability has resumed.\r\n<br /><br />\r\n\r\nUpdate to the latest WooCommerce Payments version to continue boosting conversions by offering your customers a simple, secure way to pay with a single click.','{}','pending','woocommerce.com','2026-03-01 14:38:07',NULL,0,'plain','',0,0,'info'),(33,'woopay-beta-merchantrecruitment-short-04MAY23','info','en_US','Increase conversions with WooPay — our fastest checkout yet','Be one of the first to try WooPay, a new express checkout feature for WooCommerce Payments. \r\n<br><br>\r\nBoost conversions by letting customers pay with a single click.','{}','pending','woocommerce.com','2026-03-01 14:38:07',NULL,0,'plain','',0,0,'info'),(34,'woopay-beta-merchantrecruitment-short-update-04MAY23','info','en_US','Increase conversions with WooPay — our fastest checkout yet','Be one of the first to try WooPay, our new express checkout feature. <br>Boost conversions by letting customers pay with a single click. <br><br>Update to the latest version of WooCommerce Payments to get started.','{}','pending','woocommerce.com','2026-03-01 14:38:07',NULL,0,'plain','',0,0,'info'),(35,'woopay-beta-merchantrecruitment-short-09MAY23','info','en_US','Increase conversions with WooPay — our fastest checkout yet','Be one of the first to try WooPay, a new express checkout feature for WooCommerce Payments. \r\n<br><br>\r\nBoost conversions by letting customers pay with a single click.','{}','pending','woocommerce.com','2026-03-01 14:38:07',NULL,0,'plain','',0,0,'info'),(36,'woopay-beta-merchantrecruitment-short-update-09MAY23','info','en_US','Increase conversions with WooPay — our fastest checkout yet','Be one of the first to try WooPay, our new express checkout feature. <br>Boost conversions by letting customers pay with a single click. <br><br>Update to the latest version of WooCommerce Payments to get started.','{}','pending','woocommerce.com','2026-03-01 14:38:07',NULL,0,'plain','',0,0,'info'),(37,'woocommerce-WCSubscriptions-June-2023-updated-needed','marketing','en_US','Action required: Security update of WooCommerce Subscriptions','<strong>Your store requires a security update for the WooCommerce Subscriptions plugin</strong>. Please update the WooCommerce Subscriptions plugin immediately to address a potential vulnerability.','{}','pending','woocommerce.com','2026-03-01 14:38:08',NULL,0,'plain','',0,0,'info'),(38,'woocommerce-WCReturnsWarranty-June-2023-updated-needed','update','en_US','Action required: Security update of WooCommerce Returns and Warranty Requests extension','<strong>Your store requires a security update for the Returns and Warranty Requests extension</strong>.  Please update to the latest version of the WooCommerce Returns and Warranty Requests extension immediately to address a potential vulnerability discovered on May 31.','{}','pending','woocommerce.com','2026-03-01 14:38:08',NULL,0,'plain','',0,0,'info'),(39,'woocommerce-WCOPC-June-2023-updated-needed','update','en_US','Action required: Security update of WooCommerce One Page Checkout','<strong>Your shop requires a security update to address a vulnerability in the WooCommerce One Page Checkout extension</strong>. The fix for this vulnerability was released for this extension on June 13th. Please update immediately.','{}','pending','woocommerce.com','2026-03-01 14:38:08',NULL,0,'plain','',0,0,'info'),(40,'woocommerce-WCGC-July-2023-update-needed','update','en_US','Action required: Security update of WooCommerce GoCardless Extension','<strong>Your shop requires a security update to address a vulnerability in the WooCommerce GoCardless extension</strong>. The fix for this vulnerability was released on July 4th. Please update immediately.','{}','pending','woocommerce.com','2026-03-01 14:38:08',NULL,0,'plain','',0,0,'info'),(41,'woocommerce-shipping-fedex-api-outage-2023-07-16','warning','en_US','Scheduled FedEx API outage — July 2023','On July 16 there will be a full outage of the FedEx API from 04:00 to 08:00 AM UTC. Due to planned maintenance by FedEx, you\'ll be unable to provide FedEx shipping rates during this time. Follow the link below for more information and recommendations on how to minimize impact.','{}','pending','woocommerce.com','2026-03-01 14:38:08',NULL,0,'plain','',0,0,'info'),(42,'wcship-2023-07-hazmat-update-needed','update','en_US','Action required: USPS HAZMAT compliance update for WooCommerce Shipping & Tax extension','<strong>Your store requires an update for the WooCommerce Shipping extension</strong>. Please update to the latest version of the WooCommerce Shipping &amp; Tax extension immediately to ensure compliance with new USPS HAZMAT rules currently in effect.','{}','pending','woocommerce.com','2026-03-01 14:38:08',NULL,0,'plain','',0,0,'info'),(43,'woocommerce-WCStripe-Aug-2023-update-needed','update','en_US','Action required: Security update for WooCommerce Stripe plugin','<strong>Your shop requires an important security update for the  WooCommerce Stripe plugin</strong>. The fix for this vulnerability was released on July 31. Please update immediately.','{}','pending','woocommerce.com','2026-03-01 14:38:08',NULL,0,'plain','',0,0,'info'),(44,'woocommerce-WCStripe-Aug-2023-security-updated','update','en_US','Security update of WooCommerce Stripe plugin','<strong>Your store has been updated to the latest secure version of the WooCommerce Stripe plugin</strong>. This update was released on July 31.','{}','pending','woocommerce.com','2026-03-01 14:38:08',NULL,0,'plain','',0,0,'info'),(45,'woocommerce-WooPayments-Aug-2023-security-updated','update','en_US','Security update of WooPayments (WooCommerce Payments) plugin','<strong>Your store has been updated to the more secure version of WooPayments (WooCommerce Payments)</strong>. This update was released on July 31.','{}','pending','woocommerce.com','2026-03-01 14:38:08',NULL,0,'plain','',0,0,'info'),(46,'avalara_q3-2023_noAvaTax','marketing','en_US','Automatically calculate VAT in real time','Take the effort out of determining tax rates and sell confidently across borders with automated tax management from Avalara AvaTax— including built-in VAT calculation when you sell into or across the EU and UK. Save time and stay compliant when you let Avalara do the heavy lifting.','{}','pending','woocommerce.com','2026-03-01 14:38:08',NULL,0,'plain','',0,0,'info'),(47,'woocommerce-usermeta-Sept2023-productvendors','update','en_US','Your store requires a security update','<strong>Your shop needs an update to address a vulnerability in WooCommerce.</strong> The fix was released on Sept 15. Please update WooCommerce to the latest version immediately. <a href=\"https://developer.woocommerce.com/2023/09/16/woocommerce-vulnerability-reintroduced-from-7-0-1/\" />Read our developer update</a> for more information.','{}','pending','woocommerce.com','2026-03-01 14:38:08',NULL,0,'plain','',0,0,'info'),(48,'woocommerce-STRIPE-Oct-2023-update-needed','update','en_US','Action required: Security update for WooCommerce Stripe Gateway','<strong>Your shop requires a security update to address a vulnerability in the WooCommerce Stripe Gateway</strong>. The fix for this vulnerability was released on October 17. Please update immediately.','{}','pending','woocommerce.com','2026-03-01 14:38:08',NULL,0,'plain','',0,0,'info'),(49,'amazon-mcf-reviews-2023-12-07','marketing','en_US','Enjoying Amazon MCF for WooCommerce?','We\'re Never Settle, the developers behind Amazon MCF for WooCommerce, and would be deeply honored to have your review. Reviews help immensely as other users can learn how MCF can solve their needs too! Not happy or need help? Please reach out for support and we’d love to make things right!','{}','pending','woocommerce.com','2026-03-01 14:38:08',NULL,0,'plain','',0,0,'info'),(50,'wc-refund-returns-page','info','en_US','Setup a Refund and Returns Policy page to boost your store\'s credibility.','We have created a sample draft Refund and Returns Policy page for you. Please have a look and update it to fit your store.','{}','unactioned','woocommerce-core','2026-03-01 14:38:08',NULL,0,'plain','',0,1,'info'),(51,'remove_estimated_deposits_2024','marketing','en_US','Estimated deposits are going away','To provide more accurate deposit information and support the expansion of instant deposits, estimated deposit details will no longer be available in WooPayments. We recommend upgrading to the latest version of WooPayments for more detailed balance status information.','{}','pending','woocommerce.com','2026-03-01 14:38:08',NULL,0,'plain','',0,0,'info'),(52,'sirt-woo-2024-11-xss-admin','update','en_US','An important update is required for WooCommerce','This update addresses a security vulnerability that could allow unauthorized access to administrative privileges on your site. <a href=\"https://developer.woocommerce.com/2024/12/03/woocommerce-9-4-3-and-woocommerce-9-3-4-available-now/\">Learn more</a>.\r\n<br><br>\r\n<strong>Please ensure your site is updated to the latest version to stay secure.</strong>','{}','pending','woocommerce.com','2026-03-01 14:38:08',NULL,0,'plain','',0,0,'info'),(53,'paypal-braintree-sdk-depreciation-2025-02-20','update','en_US','Update required for your PayPal Braintree extension','To continue securely accepting payments, you must update your PayPal Braintree extension to version 3.2.4 or newer before June 30, 2025. Your current extension version will not support payment processing after this date due to an SSL certificate update.','{}','pending','woocommerce.com','2026-03-01 14:38:08',NULL,0,'plain','',0,0,'info'),(54,'uk-vat-notice-2025-04-30','warning','en_US','UK VAT numbers are no longer supported','Due to recent HM Revenue &amp; Customs (HMRC) VAT API changes, your EU VAT Number for WooCommerce extension can no longer validate UK VAT numbers. HMRC now requires merchants to register an API key, which this extension does not currently support. We recommend EU/UK VAT Validation Manager for WooCommerce as a replacement','{}','pending','woocommerce.com','2026-03-01 14:38:08',NULL,0,'plain','',0,0,'info'),(55,'paypal-braintree-sdk-depreciation-2025-05-30','update','en_US','Action required: Update the PayPal Braintree extension','Your PayPal Braintree extension is using an outdated SDK and will stop processing payments after June 30, 2025, due to a root SSL certificate expiration. To avoid service disruption, update to version 3.2.4 or newer immediately.','{}','pending','woocommerce.com','2026-03-01 14:38:08',NULL,0,'plain','',0,0,'info'),(56,'wc-admin-orders-milestone','info','en_US','First order received','Congratulations on getting your first order! Now is a great time to learn how to manage your orders.','{\"current_milestone\":1}','unactioned','woocommerce-admin','2026-03-02 04:38:43',NULL,0,'plain','',0,0,'info');

--
-- Table structure for table `wp_7_wc_category_lookup`
--

CREATE TABLE `wp_7_wc_category_lookup` (
  `category_tree_id` bigint unsigned NOT NULL,
  `category_id` bigint unsigned NOT NULL,
  PRIMARY KEY (`category_tree_id`,`category_id`)
) ENGINE=InnoDB DEFAULT CHARSET=utf8mb4 COLLATE=utf8mb4_unicode_520_ci;

--
-- Dumping data for table `wp_7_wc_category_lookup`
--

INSERT INTO `wp_7_wc_category_lookup` VALUES (15,15),(16,16),(16,17),(16,18),(16,19),(17,17),(18,18),(19,19);

--
-- Table structure for table `wp_7_wc_customer_lookup`
--

CREATE TABLE `wp_7_wc_customer_lookup` (
  `customer_id` bigint unsigned NOT NULL AUTO_INCREMENT,
  `user_id` bigint unsigned DEFAULT NULL,
  `username` varchar(60) CHARACTER SET utf8mb4 COLLATE utf8mb4_unicode_520_ci NOT NULL DEFAULT '',
  `first_name` varchar(255) CHARACTER SET utf8mb4 COLLATE utf8mb4_unicode_520_ci NOT NULL,
  `last_name` varchar(255) CHARACTER SET utf8mb4 COLLATE utf8mb4_unicode_520_ci NOT NULL,
  `email` varchar(100) CHARACTER SET utf8mb4 COLLATE utf8mb4_unicode_520_ci DEFAULT NULL,
  `date_last_active` timestamp NULL DEFAULT NULL,
  `date_registered` timestamp NULL DEFAULT NULL,
  `country` char(2) CHARACTER SET utf8mb4 COLLATE utf8mb4_unicode_520_ci NOT NULL DEFAULT '',
  `postcode` varchar(20) CHARACTER SET utf8mb4 COLLATE utf8mb4_unicode_520_ci NOT NULL DEFAULT '',
  `city` varchar(100) CHARACTER SET utf8mb4 COLLATE utf8mb4_unicode_520_ci NOT NULL DEFAULT '',
  `state` varchar(100) CHARACTER SET utf8mb4 COLLATE utf8mb4_unicode_520_ci NOT NULL DEFAULT '',
  PRIMARY KEY (`customer_id`),
  UNIQUE KEY `user_id` (`user_id`),
  KEY `email` (`email`)
) ENGINE=InnoDB DEFAULT CHARSET=utf8mb4 COLLATE=utf8mb4_unicode_520_ci;

--
-- Dumping data for table `wp_7_wc_customer_lookup`
--


--
-- Table structure for table `wp_7_wc_download_log`
--

CREATE TABLE `wp_7_wc_download_log` (
  `download_log_id` bigint unsigned NOT NULL AUTO_INCREMENT,
  `timestamp` datetime NOT NULL,
  `permission_id` bigint unsigned NOT NULL,
  `user_id` bigint unsigned DEFAULT NULL,
  `user_ip_address` varchar(100) CHARACTER SET utf8mb4 COLLATE utf8mb4_unicode_520_ci DEFAULT '',
  PRIMARY KEY (`download_log_id`),
  KEY `permission_id` (`permission_id`),
  KEY `timestamp` (`timestamp`)
) ENGINE=InnoDB DEFAULT CHARSET=utf8mb4 COLLATE=utf8mb4_unicode_520_ci;

--
-- Dumping data for table `wp_7_wc_download_log`
--


--
-- Table structure for table `wp_7_wc_order_addresses`
--

CREATE TABLE `wp_7_wc_order_addresses` (
  `id` bigint unsigned NOT NULL AUTO_INCREMENT,
  `order_id` bigint unsigned NOT NULL,
  `address_type` varchar(20) CHARACTER SET utf8mb4 COLLATE utf8mb4_unicode_520_ci DEFAULT NULL,
  `first_name` text CHARACTER SET utf8mb4 COLLATE utf8mb4_unicode_520_ci,
  `last_name` text CHARACTER SET utf8mb4 COLLATE utf8mb4_unicode_520_ci,
  `company` text CHARACTER SET utf8mb4 COLLATE utf8mb4_unicode_520_ci,
  `address_1` text CHARACTER SET utf8mb4 COLLATE utf8mb4_unicode_520_ci,
  `address_2` text CHARACTER SET utf8mb4 COLLATE utf8mb4_unicode_520_ci,
  `city` text CHARACTER SET utf8mb4 COLLATE utf8mb4_unicode_520_ci,
  `state` text CHARACTER SET utf8mb4 COLLATE utf8mb4_unicode_520_ci,
  `postcode` text CHARACTER SET utf8mb4 COLLATE utf8mb4_unicode_520_ci,
  `country` text CHARACTER SET utf8mb4 COLLATE utf8mb4_unicode_520_ci,
  `email` varchar(320) CHARACTER SET utf8mb4 COLLATE utf8mb4_unicode_520_ci DEFAULT NULL,
  `phone` varchar(100) CHARACTER SET utf8mb4 COLLATE utf8mb4_unicode_520_ci DEFAULT NULL,
  PRIMARY KEY (`id`),
  UNIQUE KEY `address_type_order_id` (`address_type`,`order_id`),
  KEY `order_id` (`order_id`),
  KEY `email` (`email`(191)),
  KEY `phone` (`phone`)
) ENGINE=InnoDB AUTO_INCREMENT=23 DEFAULT CHARSET=utf8mb4 COLLATE=utf8mb4_unicode_520_ci;

--
-- Dumping data for table `wp_7_wc_order_addresses`
--

INSERT INTO `wp_7_wc_order_addresses` VALUES (1,48,'billing','kaison','kaison',NULL,'651 N Broad St, Suite 201',NULL,'Abbeville','AL','19709','US','pobiget754@ostahie.com',NULL),(2,48,'shipping','kaison','kaison',NULL,'651 N Broad St, Suite 201',NULL,'Abbeville','AL','19709','US',NULL,NULL),(3,49,'billing','Maverick','Ezra',NULL,'srtytydu',NULL,'stuydyuiku','CA','20525','US','nibin45948@ostahie.com',NULL),(4,49,'shipping','Maverick','Ezra',NULL,'srtytydu',NULL,'stuydyuiku','CA','20525','US',NULL,NULL),(5,50,'billing','Benjamin','Clarke',NULL,'125, Down Town Street',NULL,'Newyork','NY','14785','US','benjamin@gmail.com','478965412'),(6,50,'shipping','Benjamin','Clarke',NULL,'125, Down Town Street',NULL,'Newyork','NY','14785','US',NULL,'478965412'),(7,51,'billing','Lesley','Cooper',NULL,'a:10:{s:10:\"first_name\";s:12:\"Md. Mustakim\";s:9:\"last_name\";s:5:\"Ahmed\";s:5:\"email\";s:22:\"mustakimoorg@gmail.com\";s:5:\"phone\";s:0:\"\";s:9:\"address_1\";s:26:\"Matikata, Dhaka cantonment\";s:9:\"address_2\";s:0:\"\";s:7:\"country\";s:2:\"US\";s:5:\"state\";s:7:\"Alabama\";s:4:\"city\";s:9:\"Abbeville\";s:8:\"postcode\";s:4:\"4400\";}',NULL,'Delaware','AL-03','4400','AL','test@gmail.com','+8802323232'),(8,51,'shipping','Lesley','Cooper',NULL,'a:10:{s:10:\"first_name\";s:12:\"Md. Mustakim\";s:9:\"last_name\";s:5:\"Ahmed\";s:5:\"email\";s:22:\"mustakimoorg@gmail.com\";s:5:\"phone\";s:0:\"\";s:9:\"address_1\";s:26:\"Matikata, Dhaka cantonment\";s:9:\"address_2\";s:0:\"\";s:7:\"country\";s:2:\"US\";s:5:\"state\";s:7:\"Alabama\";s:4:\"city\";s:9:\"Abbeville\";s:8:\"postcode\";s:4:\"4400\";}',NULL,'Delaware','AL-03','4400','AL',NULL,'+8802323232'),(9,52,'billing','Natalia ','Kuznetsova',NULL,'45/A, Street Mart',NULL,'New York','NY','78945','US','natalia@gmail.com','18396548'),(10,52,'shipping','Natalia ','Kuznetsova',NULL,'45/A, Street Mart',NULL,'New York','NY','78945','US',NULL,'18396548'),(11,57,'billing','Marco ','Bianchi',NULL,'Hill Track Villa',NULL,'Delaware','DE','47826','US','marco@gmail.com',NULL),(12,57,'shipping','Marco ','Bianchi',NULL,'Hill Track Villa',NULL,'Delaware','DE','47826','US',NULL,NULL),(13,58,'billing',NULL,NULL,NULL,NULL,NULL,NULL,'DE',NULL,'US','sophia@gmail.com',NULL),(14,58,'shipping',NULL,NULL,NULL,NULL,NULL,NULL,'DE',NULL,'US',NULL,NULL),(15,59,'billing','Gabriel','Moreau',NULL,'North Pole, Hill Side',NULL,'Florida','FL','14789','US','gabriel@gmail.com',NULL),(16,59,'shipping','Gabriel','Moreau',NULL,'North Pole, Hill Side',NULL,'Florida','FL','14789','US',NULL,NULL),(17,60,'billing','Jerry','Gary',NULL,'127 Street Road',NULL,'Arizona','AZ','14789','US','jerry@gmail.com',NULL),(18,60,'shipping','Jerry','Gary',NULL,'127 Street Road',NULL,'Arizona','AZ','14789','US',NULL,NULL),(19,61,'billing','Jimmy','doe',NULL,'12/C Park, Hillside Area',NULL,'Lowa','IA','17489','US','jimmy@gmail.com',NULL),(20,61,'shipping','Jimmy','doe',NULL,'12/C Park, Hillside Area',NULL,'Lowa','IA','17489','US',NULL,NULL),(21,62,'billing','Julia','Ray',NULL,'New Town Road',NULL,'Indiana','IN','37984','US','Julia@gmail.com',NULL),(22,62,'shipping','Julia','Ray',NULL,'New Town Road',NULL,'Indiana','IN','37984','US',NULL,NULL);

--
-- Table structure for table `wp_7_wc_order_coupon_lookup`
--

CREATE TABLE `wp_7_wc_order_coupon_lookup` (
  `order_id` bigint unsigned NOT NULL,
  `coupon_id` bigint NOT NULL,
  `date_created` datetime NOT NULL DEFAULT '0000-00-00 00:00:00',
  `discount_amount` double NOT NULL DEFAULT '0',
  PRIMARY KEY (`order_id`,`coupon_id`),
  KEY `coupon_id` (`coupon_id`),
  KEY `date_created` (`date_created`)
) ENGINE=InnoDB DEFAULT CHARSET=utf8mb4 COLLATE=utf8mb4_unicode_520_ci;

--
-- Dumping data for table `wp_7_wc_order_coupon_lookup`
--


--
-- Table structure for table `wp_7_wc_order_operational_data`
--

CREATE TABLE `wp_7_wc_order_operational_data` (
  `id` bigint unsigned NOT NULL AUTO_INCREMENT,
  `order_id` bigint unsigned DEFAULT NULL,
  `created_via` varchar(100) CHARACTER SET utf8mb4 COLLATE utf8mb4_unicode_520_ci DEFAULT NULL,
  `woocommerce_version` varchar(20) CHARACTER SET utf8mb4 COLLATE utf8mb4_unicode_520_ci DEFAULT NULL,
  `prices_include_tax` tinyint(1) DEFAULT NULL,
  `coupon_usages_are_counted` tinyint(1) DEFAULT NULL,
  `download_permission_granted` tinyint(1) DEFAULT NULL,
  `cart_hash` varchar(100) CHARACTER SET utf8mb4 COLLATE utf8mb4_unicode_520_ci DEFAULT NULL,
  `new_order_email_sent` tinyint(1) DEFAULT NULL,
  `order_key` varchar(100) CHARACTER SET utf8mb4 COLLATE utf8mb4_unicode_520_ci DEFAULT NULL,
  `order_stock_reduced` tinyint(1) DEFAULT NULL,
  `date_paid_gmt` datetime DEFAULT NULL,
  `date_completed_gmt` datetime DEFAULT NULL,
  `shipping_tax_amount` decimal(26,8) DEFAULT NULL,
  `shipping_total_amount` decimal(26,8) DEFAULT NULL,
  `discount_tax_amount` decimal(26,8) DEFAULT NULL,
  `discount_total_amount` decimal(26,8) DEFAULT NULL,
  `recorded_sales` tinyint(1) DEFAULT NULL,
  PRIMARY KEY (`id`),
  UNIQUE KEY `order_id` (`order_id`),
  KEY `order_key` (`order_key`)
) ENGINE=InnoDB AUTO_INCREMENT=64 DEFAULT CHARSET=utf8mb4 COLLATE=utf8mb4_unicode_520_ci;

--
-- Dumping data for table `wp_7_wc_order_operational_data`
--

INSERT INTO `wp_7_wc_order_operational_data` VALUES (1,48,'store-api','10.5.2',0,1,1,'baee91de6571ad4dbe0f6801b2eec258',0,'wc_order_t5uGIL2KKxU4l',1,NULL,NULL,0.00000000,0.00000000,0.00000000,0.00000000,1),(7,49,'store-api','10.5.2',0,1,1,'fdf14f26db6efebbfba9d5e3b69503e3',0,'wc_order_7REY56cE4WKBj',1,NULL,NULL,0.00000000,0.00000000,0.00000000,0.00000000,1),(18,50,'store-api','10.5.2',0,1,1,'16502a44586ce881fbe8803cf54151a7',0,'wc_order_dx2WCawiJt98M',1,NULL,NULL,0.00000000,0.00000000,0.00000000,0.00000000,1),(20,51,'store-api','10.5.2',0,0,0,'40807b8c6253582a044aac01838cdfba',0,'wc_order_etlxBqjX4OmlP',0,NULL,NULL,0.00000000,0.00000000,0.00000000,0.00000000,0),(26,52,'store-api','10.5.2',0,1,1,'40807b8c6253582a044aac01838cdfba',0,'wc_order_n6YqIjP38O58e',1,NULL,NULL,0.00000000,0.00000000,0.00000000,0.00000000,1),(32,57,'store-api','10.5.2',0,1,1,'a0c42495d62949b105779dc6030c1f47',0,'wc_order_hWHgV1vh0th4K',1,NULL,NULL,0.00000000,0.00000000,0.00000000,0.00000000,1),(38,58,'store-api','10.5.2',0,0,0,'2923f46dfebe58ef81e958073494198e',0,'wc_order_LzffYKd30onUW',0,NULL,NULL,0.00000000,0.00000000,0.00000000,0.00000000,0),(40,59,'store-api','10.5.2',0,1,1,'2923f46dfebe58ef81e958073494198e',0,'wc_order_vfZ9TQZIql9M5',1,NULL,NULL,0.00000000,0.00000000,0.00000000,0.00000000,1),(46,60,'store-api','10.5.2',0,1,1,'7eab5c97a716bc837fe56535544842ff',0,'wc_order_IHr0ifvWaoQhW',1,NULL,NULL,0.00000000,0.00000000,0.00000000,0.00000000,1),(52,61,'store-api','10.5.2',0,1,1,'c196728826eba09e3c6137a3aad8bb93',0,'wc_order_PDppzsyIhDc0i',1,NULL,NULL,0.00000000,0.00000000,0.00000000,0.00000000,1),(58,62,'store-api','10.5.2',0,1,1,'16502a44586ce881fbe8803cf54151a7',0,'wc_order_lNEUS56nxgp6f',1,NULL,NULL,0.00000000,0.00000000,0.00000000,0.00000000,1);

--
-- Table structure for table `wp_7_wc_order_product_lookup`
--

CREATE TABLE `wp_7_wc_order_product_lookup` (
  `order_item_id` bigint unsigned NOT NULL,
  `order_id` bigint unsigned NOT NULL,
  `product_id` bigint unsigned NOT NULL,
  `variation_id` bigint unsigned NOT NULL,
  `customer_id` bigint unsigned DEFAULT NULL,
  `date_created` datetime NOT NULL DEFAULT CURRENT_TIMESTAMP,
  `product_qty` int NOT NULL,
  `product_net_revenue` double NOT NULL DEFAULT '0',
  `product_gross_revenue` double NOT NULL DEFAULT '0',
  `coupon_amount` double NOT NULL DEFAULT '0',
  `tax_amount` double NOT NULL DEFAULT '0',
  `shipping_amount` double NOT NULL DEFAULT '0',
  `shipping_tax_amount` double NOT NULL DEFAULT '0',
  PRIMARY KEY (`order_item_id`,`order_id`),
  KEY `order_id` (`order_id`),
  KEY `product_id` (`product_id`),
  KEY `customer_id` (`customer_id`),
  KEY `date_created` (`date_created`),
  KEY `customer_product_date` (`customer_id`,`product_id`,`date_created`)
) ENGINE=InnoDB DEFAULT CHARSET=utf8mb4 COLLATE=utf8mb4_unicode_520_ci;

--
-- Dumping data for table `wp_7_wc_order_product_lookup`
--


--
-- Table structure for table `wp_7_wc_order_stats`
--

CREATE TABLE `wp_7_wc_order_stats` (
  `order_id` bigint unsigned NOT NULL,
  `parent_id` bigint unsigned NOT NULL DEFAULT '0',
  `date_created` datetime NOT NULL DEFAULT '0000-00-00 00:00:00',
  `date_created_gmt` datetime NOT NULL DEFAULT '0000-00-00 00:00:00',
  `date_paid` datetime DEFAULT '0000-00-00 00:00:00',
  `date_completed` datetime DEFAULT '0000-00-00 00:00:00',
  `num_items_sold` int NOT NULL DEFAULT '0',
  `total_sales` double NOT NULL DEFAULT '0',
  `tax_total` double NOT NULL DEFAULT '0',
  `shipping_total` double NOT NULL DEFAULT '0',
  `net_total` double NOT NULL DEFAULT '0',
  `returning_customer` tinyint(1) DEFAULT NULL,
  `status` varchar(20) CHARACTER SET utf8mb4 COLLATE utf8mb4_unicode_520_ci NOT NULL,
  `customer_id` bigint unsigned NOT NULL,
  PRIMARY KEY (`order_id`),
  KEY `date_created` (`date_created`),
  KEY `customer_id` (`customer_id`),
  KEY `status` (`status`),
  KEY `idx_date_paid_status_parent` (`date_paid`,`status`,`parent_id`)
) ENGINE=InnoDB DEFAULT CHARSET=utf8mb4 COLLATE=utf8mb4_unicode_520_ci;

--
-- Dumping data for table `wp_7_wc_order_stats`
--


--
-- Table structure for table `wp_7_wc_order_tax_lookup`
--

CREATE TABLE `wp_7_wc_order_tax_lookup` (
  `order_id` bigint unsigned NOT NULL,
  `tax_rate_id` bigint unsigned NOT NULL,
  `date_created` datetime NOT NULL DEFAULT '0000-00-00 00:00:00',
  `shipping_tax` double NOT NULL DEFAULT '0',
  `order_tax` double NOT NULL DEFAULT '0',
  `total_tax` double NOT NULL DEFAULT '0',
  PRIMARY KEY (`order_id`,`tax_rate_id`),
  KEY `tax_rate_id` (`tax_rate_id`),
  KEY `date_created` (`date_created`)
) ENGINE=InnoDB DEFAULT CHARSET=utf8mb4 COLLATE=utf8mb4_unicode_520_ci;

--
-- Dumping data for table `wp_7_wc_order_tax_lookup`
--


--
-- Table structure for table `wp_7_wc_orders`
--

CREATE TABLE `wp_7_wc_orders` (
  `id` bigint unsigned NOT NULL,
  `status` varchar(20) CHARACTER SET utf8mb4 COLLATE utf8mb4_unicode_520_ci DEFAULT NULL,
  `currency` varchar(10) CHARACTER SET utf8mb4 COLLATE utf8mb4_unicode_520_ci DEFAULT NULL,
  `type` varchar(20) CHARACTER SET utf8mb4 COLLATE utf8mb4_unicode_520_ci DEFAULT NULL,
  `tax_amount` decimal(26,8) DEFAULT NULL,
  `total_amount` decimal(26,8) DEFAULT NULL,
  `customer_id` bigint unsigned DEFAULT NULL,
  `billing_email` varchar(320) CHARACTER SET utf8mb4 COLLATE utf8mb4_unicode_520_ci DEFAULT NULL,
  `date_created_gmt` datetime DEFAULT NULL,
  `date_updated_gmt` datetime DEFAULT NULL,
  `parent_order_id` bigint unsigned DEFAULT NULL,
  `payment_method` varchar(100) CHARACTER SET utf8mb4 COLLATE utf8mb4_unicode_520_ci DEFAULT NULL,
  `payment_method_title` text CHARACTER SET utf8mb4 COLLATE utf8mb4_unicode_520_ci,
  `transaction_id` varchar(100) CHARACTER SET utf8mb4 COLLATE utf8mb4_unicode_520_ci DEFAULT NULL,
  `ip_address` varchar(100) CHARACTER SET utf8mb4 COLLATE utf8mb4_unicode_520_ci DEFAULT NULL,
  `user_agent` text CHARACTER SET utf8mb4 COLLATE utf8mb4_unicode_520_ci,
  `customer_note` text CHARACTER SET utf8mb4 COLLATE utf8mb4_unicode_520_ci,
  PRIMARY KEY (`id`),
  KEY `status` (`status`),
  KEY `date_created` (`date_created_gmt`),
  KEY `customer_id_billing_email` (`customer_id`,`billing_email`(171)),
  KEY `billing_email` (`billing_email`(191)),
  KEY `type_status_date` (`type`,`status`,`date_created_gmt`),
  KEY `parent_order_id` (`parent_order_id`),
  KEY `date_updated` (`date_updated_gmt`)
) ENGINE=InnoDB DEFAULT CHARSET=utf8mb4 COLLATE=utf8mb4_unicode_520_ci;

--
-- Dumping data for table `wp_7_wc_orders`
--

INSERT INTO `wp_7_wc_orders` VALUES (48,'wc-processing','USD','shop_order',0.00000000,395.00000000,4,'pobiget754@ostahie.com','2026-03-02 04:15:34','2026-03-02 04:16:23',0,'cod','Cash on delivery','','27.147.186.29','Mozilla/5.0 (Windows NT 10.0; Win64; x64) AppleWebKit/537.36 (KHTML, like Gecko) Chrome/145.0.0.0 Safari/537.36',''),(49,'wc-processing','USD','shop_order',0.00000000,1479.00000000,8,'nibin45948@ostahie.com','2026-03-02 04:24:35','2026-03-02 04:25:56',0,'cod','Cash on delivery','','27.147.186.29','Mozilla/5.0 (Windows NT 10.0; Win64; x64) AppleWebKit/537.36 (KHTML, like Gecko) Chrome/145.0.0.0 Safari/537.36',''),(50,'wc-processing','USD','shop_order',0.00000000,165.00000000,0,'benjamin@gmail.com','2026-03-02 05:07:43','2026-03-02 05:09:51',0,'cod','Cash on delivery','','103.163.50.179','Mozilla/5.0 (Windows NT 10.0; Win64; x64) AppleWebKit/537.36 (KHTML, like Gecko) Chrome/145.0.0.0 Safari/537.36 Edg/145.0.0.0',''),(51,'wc-checkout-draft','USD','shop_order',0.00000000,90.00000000,0,'test@gmail.com','2026-03-02 05:07:58','2026-03-02 05:10:27',0,'cod','Cash on delivery','','27.147.186.29','Mozilla/5.0 (Windows NT 10.0; Win64; x64) AppleWebKit/537.36 (KHTML, like Gecko) Chrome/145.0.0.0 Safari/537.36',''),(52,'wc-processing','USD','shop_order',0.00000000,90.00000000,0,'natalia@gmail.com','2026-03-02 05:15:07','2026-03-02 05:31:10',0,'cod','Cash on delivery','','103.163.50.179','Mozilla/5.0 (Windows NT 10.0; Win64; x64) AppleWebKit/537.36 (KHTML, like Gecko) Chrome/145.0.0.0 Safari/537.36 Edg/145.0.0.0',''),(57,'wc-processing','USD','shop_order',0.00000000,60.00000000,0,'marco@gmail.com','2026-03-02 06:05:07','2026-03-02 06:06:33',0,'cod','Cash on delivery','','103.163.50.179','Mozilla/5.0 (Windows NT 10.0; Win64; x64) AppleWebKit/537.36 (KHTML, like Gecko) Chrome/145.0.0.0 Safari/537.36',''),(58,'wc-checkout-draft','USD','shop_order',0.00000000,55.00000000,6,'sophia@gmail.com','2026-03-02 06:08:16','2026-03-02 06:08:16',0,'cod','','','103.163.50.178','Mozilla/5.0 (Windows NT 10.0; Win64; x64) AppleWebKit/537.36 (KHTML, like Gecko) Chrome/145.0.0.0 Safari/537.36',''),(59,'wc-processing','USD','shop_order',0.00000000,55.00000000,0,'gabriel@gmail.com','2026-03-02 06:09:37','2026-03-02 06:11:23',0,'cod','Cash on delivery','','103.163.50.178','Mozilla/5.0 (Windows NT 10.0; Win64; x64) AppleWebKit/537.36 (KHTML, like Gecko) Chrome/145.0.0.0 Safari/537.36',''),(60,'wc-processing','USD','shop_order',0.00000000,32.00000000,0,'jerry@gmail.com','2026-03-02 06:20:23','2026-03-02 06:24:35',0,'cod','Cash on delivery','','103.163.50.178','Mozilla/5.0 (Windows NT 10.0; Win64; x64; rv:148.0) Gecko/20100101 Firefox/148.0',''),(61,'wc-processing','USD','shop_order',0.00000000,110.00000000,14,'jimmy@gmail.com','2026-03-02 06:45:48','2026-03-02 06:47:27',0,'cod','Cash on delivery','','103.163.50.178','Mozilla/5.0 (Windows NT 10.0; Win64; x64) AppleWebKit/537.36 (KHTML, like Gecko) Chrome/145.0.0.0 Safari/537.36 Edg/145.0.0.0',''),(62,'wc-processing','USD','shop_order',0.00000000,165.00000000,0,'Julia@gmail.com','2026-03-02 06:49:15','2026-03-02 06:50:31',0,'cod','Cash on delivery','','103.163.50.178','Mozilla/5.0 (Windows NT 10.0; Win64; x64) AppleWebKit/537.36 (KHTML, like Gecko) Chrome/145.0.0.0 Safari/537.36 Edg/145.0.0.0','');

--
-- Table structure for table `wp_7_wc_orders_meta`
--

CREATE TABLE `wp_7_wc_orders_meta` (
  `id` bigint unsigned NOT NULL AUTO_INCREMENT,
  `order_id` bigint unsigned DEFAULT NULL,
  `meta_key` varchar(255) CHARACTER SET utf8mb4 COLLATE utf8mb4_unicode_520_ci DEFAULT NULL,
  `meta_value` text CHARACTER SET utf8mb4 COLLATE utf8mb4_unicode_520_ci,
  PRIMARY KEY (`id`),
  KEY `meta_key_value` (`meta_key`(100),`meta_value`(82)),
  KEY `order_id_meta_key_meta_value` (`order_id`,`meta_key`(100),`meta_value`(82))
) ENGINE=InnoDB AUTO_INCREMENT=252 DEFAULT CHARSET=utf8mb4 COLLATE=utf8mb4_unicode_520_ci;

--
-- Dumping data for table `wp_7_wc_orders_meta`
--

INSERT INTO `wp_7_wc_orders_meta` VALUES (1,48,'_shipping_hash','66dc496f20ee13828c6c94c0d5f42256'),(2,48,'_coupons_hash','d751713988987e9331980363e24189ce'),(3,48,'_fees_hash','d751713988987e9331980363e24189ce'),(4,48,'_taxes_hash','d751713988987e9331980363e24189ce'),(5,48,'is_vat_exempt','no'),(6,48,'_billing_address_index','kaison kaison  651 N Broad St, Suite 201  Abbeville AL 19709 US pobiget754@ostahie.com '),(7,48,'_shipping_address_index','kaison kaison  651 N Broad St, Suite 201  Abbeville AL 19709 US '),(11,48,'_wc_order_attribution_source_type','typein'),(12,48,'_wc_order_attribution_utm_source','(direct)'),(13,48,'_wc_order_attribution_session_entry','https://easywp.site/easybusy/become-our-affiliate/'),(14,48,'_wc_order_attribution_session_start_time','2026-03-02 03:57:40'),(15,48,'_wc_order_attribution_session_pages','12'),(16,48,'_wc_order_attribution_session_count','1'),(17,48,'_wc_order_attribution_user_agent','Mozilla/5.0 (Windows NT 10.0; Win64; x64) AppleWebKit/537.36 (KHTML, like Gecko) Chrome/145.0.0.0 Safari/537.36'),(18,48,'_wc_order_attribution_device_type','Desktop'),(25,48,'_wc_affiliate_credited','79'),(26,49,'_shipping_hash','f865d800e7c45aeed9625eddc43bcd16'),(27,49,'_coupons_hash','d751713988987e9331980363e24189ce'),(28,49,'_fees_hash','d751713988987e9331980363e24189ce'),(29,49,'_taxes_hash','d751713988987e9331980363e24189ce'),(30,49,'is_vat_exempt','no'),(31,49,'_billing_address_index','Maverick Ezra  srtytydu  stuydyuiku CA 20525 US nibin45948@ostahie.com '),(32,49,'_shipping_address_index','Maverick Ezra  srtytydu  stuydyuiku CA 20525 US '),(36,49,'_wc_order_attribution_source_type','typein'),(37,49,'_wc_order_attribution_utm_source','(direct)'),(38,49,'_wc_order_attribution_session_entry','https://easywp.site/easybusy/become-our-affiliate/?ref=3&campaign=easy'),(39,49,'_wc_order_attribution_session_start_time','2026-03-02 04:18:38'),(40,49,'_wc_order_attribution_session_pages','6'),(41,49,'_wc_order_attribution_session_count','1'),(42,49,'_wc_order_attribution_user_agent','Mozilla/5.0 (Windows NT 10.0; Win64; x64) AppleWebKit/537.36 (KHTML, like Gecko) Chrome/145.0.0.0 Safari/537.36'),(43,49,'_wc_order_attribution_device_type','Desktop'),(50,49,'_wc_affiliate_credited','295.8'),(51,50,'_shipping_hash','ff00d107f7f8fc08effd80623e8f51c7'),(52,50,'_coupons_hash','d751713988987e9331980363e24189ce'),(53,50,'_fees_hash','d751713988987e9331980363e24189ce'),(54,50,'_taxes_hash','d751713988987e9331980363e24189ce'),(55,50,'is_vat_exempt','no'),(56,50,'_billing_address_index','Benjamin Clarke  125, Down Town Street  Newyork NY 14785 US benjamin@gmail.com 478965412'),(57,50,'_shipping_address_index','Benjamin Clarke  125, Down Town Street  Newyork NY 14785 US 478965412'),(58,51,'_shipping_hash','01abc8521da6596273175c46c9b6fe70'),(59,51,'_coupons_hash','d751713988987e9331980363e24189ce'),(60,51,'_fees_hash','d751713988987e9331980363e24189ce'),(61,51,'_taxes_hash','d751713988987e9331980363e24189ce'),(62,51,'is_vat_exempt','no'),(63,51,'_billing_address_index','Lesley Cooper  a:10:{s:10:\"first_name\";s:12:\"Md. Mustakim\";s:9:\"last_name\";s:5:\"Ahmed\";s:5:\"email\";s:22:\"mustakimoorg@gmail.com\";s:5:\"phone\";s:0:\"\";s:9:\"address_1\";s:26:\"Matikata, Dhaka cantonment\";s:9:\"address_2\";s:0:\"\";s:7:\"country\";s:2:\"US\";s:5:\"state\";s:7:\"Alabama\";s:4:\"city\";s:9:\"Abbeville\";s:8:\"postcode\";s:4:\"4400\";}  Delaware AL-03 4400 AL test@gmail.com +8802323232'),(64,51,'_shipping_address_index','Lesley Cooper  a:10:{s:10:\"first_name\";s:12:\"Md. Mustakim\";s:9:\"last_name\";s:5:\"Ahmed\";s:5:\"email\";s:22:\"mustakimoorg@gmail.com\";s:5:\"phone\";s:0:\"\";s:9:\"address_1\";s:26:\"Matikata, Dhaka cantonment\";s:9:\"address_2\";s:0:\"\";s:7:\"country\";s:2:\"US\";s:5:\"state\";s:7:\"Alabama\";s:4:\"city\";s:9:\"Abbeville\";s:8:\"postcode\";s:4:\"4400\";}  Delaware AL-03 4400 AL +8802323232'),(68,50,'_wc_order_attribution_source_type','typein'),(69,50,'_wc_order_attribution_utm_source','(direct)'),(70,50,'_wc_order_attribution_session_entry','https://easywp.site/easybusy/shop/'),(71,50,'_wc_order_attribution_session_start_time','2026-03-02 05:04:48'),(72,50,'_wc_order_attribution_session_pages','5'),(73,50,'_wc_order_attribution_session_count','1'),(74,50,'_wc_order_attribution_user_agent','Mozilla/5.0 (Windows NT 10.0; Win64; x64) AppleWebKit/537.36 (KHTML, like Gecko) Chrome/145.0.0.0 Safari/537.36 Edg/145.0.0.0'),(75,50,'_wc_order_attribution_device_type','Desktop'),(85,51,'_wc_order_attribution_source_type','typein'),(86,51,'_wc_order_attribution_utm_source','(direct)'),(87,51,'_wc_order_attribution_session_entry','https://easywp.site/easybusy/product/sunglasses/?ref=9&campaign=summer-sale'),(88,51,'_wc_order_attribution_session_start_time','2026-03-02 05:01:01'),(89,51,'_wc_order_attribution_session_pages','7'),(90,51,'_wc_order_attribution_session_count','1'),(91,51,'_wc_order_attribution_user_agent','Mozilla/5.0 (Windows NT 10.0; Win64; x64) AppleWebKit/537.36 (KHTML, like Gecko) Chrome/145.0.0.0 Safari/537.36'),(92,51,'_wc_order_attribution_device_type','Desktop'),(96,52,'_shipping_hash','5d0a4a78224eb86123be644b88117d07'),(97,52,'_coupons_hash','d751713988987e9331980363e24189ce'),(98,52,'_fees_hash','d751713988987e9331980363e24189ce'),(99,52,'_taxes_hash','d751713988987e9331980363e24189ce'),(100,52,'is_vat_exempt','no'),(101,52,'_billing_address_index','Natalia  Kuznetsova  45/A, Street Mart  New York NY 78945 US natalia@gmail.com 18396548'),(102,52,'_shipping_address_index','Natalia  Kuznetsova  45/A, Street Mart  New York NY 78945 US 18396548'),(106,52,'_wc_order_attribution_source_type','typein'),(107,52,'_wc_order_attribution_utm_source','(direct)'),(108,52,'_wc_order_attribution_session_entry','https://easywp.site/easybusy/shop/'),(109,52,'_wc_order_attribution_session_start_time','2026-03-02 05:04:48'),(110,52,'_wc_order_attribution_session_pages','11'),(111,52,'_wc_order_attribution_session_count','1'),(112,52,'_wc_order_attribution_user_agent','Mozilla/5.0 (Windows NT 10.0; Win64; x64) AppleWebKit/537.36 (KHTML, like Gecko) Chrome/145.0.0.0 Safari/537.36 Edg/145.0.0.0'),(113,52,'_wc_order_attribution_device_type','Desktop'),(120,52,'_wc_affiliate_credited','18'),(121,57,'_shipping_hash','af059a0faf3ad7bf077559720437aa9a'),(122,57,'_coupons_hash','d751713988987e9331980363e24189ce'),(123,57,'_fees_hash','d751713988987e9331980363e24189ce'),(124,57,'_taxes_hash','d751713988987e9331980363e24189ce'),(125,57,'is_vat_exempt','no'),(126,57,'_billing_address_index','Marco  Bianchi  Hill Track Villa  Delaware DE 47826 US marco@gmail.com '),(127,57,'_shipping_address_index','Marco  Bianchi  Hill Track Villa  Delaware DE 47826 US '),(131,57,'_wc_order_attribution_source_type','typein'),(132,57,'_wc_order_attribution_utm_source','(direct)'),(133,57,'_wc_order_attribution_session_entry','https://easywp.site/easybusy/product/polo/'),(134,57,'_wc_order_attribution_session_start_time','2026-03-02 06:03:43'),(135,57,'_wc_order_attribution_session_pages','5'),(136,57,'_wc_order_attribution_session_count','1'),(137,57,'_wc_order_attribution_user_agent','Mozilla/5.0 (Windows NT 10.0; Win64; x64) AppleWebKit/537.36 (KHTML, like Gecko) Chrome/145.0.0.0 Safari/537.36'),(138,57,'_wc_order_attribution_device_type','Desktop'),(145,58,'_shipping_hash','00e30fbabe68c3f7aa309d8053591a6c'),(146,58,'_coupons_hash','d751713988987e9331980363e24189ce'),(147,58,'_fees_hash','d751713988987e9331980363e24189ce'),(148,58,'_taxes_hash','d751713988987e9331980363e24189ce'),(149,58,'is_vat_exempt','no'),(150,58,'_billing_address_index','      DE  US sophia@gmail.com '),(151,58,'_shipping_address_index','      DE  US '),(152,59,'_shipping_hash','00e30fbabe68c3f7aa309d8053591a6c'),(153,59,'_coupons_hash','d751713988987e9331980363e24189ce'),(154,59,'_fees_hash','d751713988987e9331980363e24189ce'),(155,59,'_taxes_hash','d751713988987e9331980363e24189ce'),(156,59,'is_vat_exempt','no'),(157,59,'_billing_address_index','Gabriel Moreau  North Pole, Hill Side  Florida FL 14789 US gabriel@gmail.com '),(158,59,'_shipping_address_index','Gabriel Moreau  North Pole, Hill Side  Florida FL 14789 US '),(162,59,'_wc_order_attribution_source_type','typein'),(163,59,'_wc_order_attribution_utm_source','(direct)'),(164,59,'_wc_order_attribution_session_entry','https://easywp.site/easybusy/product/belt/?ref=6'),(165,59,'_wc_order_attribution_session_start_time','2026-03-02 06:09:18'),(166,59,'_wc_order_attribution_session_pages','4'),(167,59,'_wc_order_attribution_session_count','1'),(168,59,'_wc_order_attribution_user_agent','Mozilla/5.0 (Windows NT 10.0; Win64; x64) AppleWebKit/537.36 (KHTML, like Gecko) Chrome/145.0.0.0 Safari/537.36'),(169,59,'_wc_order_attribution_device_type','Desktop'),(176,59,'_wc_affiliate_credited','11'),(177,60,'_shipping_hash','2de2c75c76bd0d23689ae5f20460a5dc'),(178,60,'_coupons_hash','d751713988987e9331980363e24189ce'),(179,60,'_fees_hash','d751713988987e9331980363e24189ce'),(180,60,'_taxes_hash','d751713988987e9331980363e24189ce'),(181,60,'is_vat_exempt','no'),(182,60,'_billing_address_index','Jerry Gary  127 Street Road  Arizona AZ 14789 US jerry@gmail.com '),(183,60,'_shipping_address_index','Jerry Gary  127 Street Road  Arizona AZ 14789 US '),(187,60,'_wc_order_attribution_source_type','typein'),(188,60,'_wc_order_attribution_referrer','https://easywp.site/easybusy/product/cap/'),(189,60,'_wc_order_attribution_utm_source','(direct)'),(190,60,'_wc_order_attribution_session_entry','https://easywp.site/easybusy/product/cap/'),(191,60,'_wc_order_attribution_session_start_time','2026-03-02 06:20:00'),(192,60,'_wc_order_attribution_session_pages','4'),(193,60,'_wc_order_attribution_session_count','1'),(194,60,'_wc_order_attribution_user_agent','Mozilla/5.0 (Windows NT 10.0; Win64; x64; rv:148.0) Gecko/20100101 Firefox/148.0'),(195,60,'_wc_order_attribution_device_type','Desktop'),(202,61,'_shipping_hash','7379be3b7dd1ca966b02ca886ab775d4'),(203,61,'_coupons_hash','d751713988987e9331980363e24189ce'),(204,61,'_fees_hash','d751713988987e9331980363e24189ce'),(205,61,'_taxes_hash','d751713988987e9331980363e24189ce'),(206,61,'is_vat_exempt','no'),(207,61,'_billing_address_index','Jimmy doe  12/C Park, Hillside Area  Lowa IA 17489 US jimmy@gmail.com '),(208,61,'_shipping_address_index','Jimmy doe  12/C Park, Hillside Area  Lowa IA 17489 US '),(212,61,'_wc_order_attribution_source_type','typein'),(213,61,'_wc_order_attribution_utm_source','(direct)'),(214,61,'_wc_order_attribution_session_entry','https://easywp.site/easybusy/become-our-affiliate/?ref=5'),(215,61,'_wc_order_attribution_session_start_time','2026-03-02 06:29:41'),(216,61,'_wc_order_attribution_session_pages','7'),(217,61,'_wc_order_attribution_session_count','1'),(218,61,'_wc_order_attribution_user_agent','Mozilla/5.0 (Windows NT 10.0; Win64; x64) AppleWebKit/537.36 (KHTML, like Gecko) Chrome/145.0.0.0 Safari/537.36 Edg/145.0.0.0'),(219,61,'_wc_order_attribution_device_type','Desktop'),(226,61,'_wc_affiliate_credited','22'),(227,62,'_shipping_hash','ff00d107f7f8fc08effd80623e8f51c7'),(228,62,'_coupons_hash','d751713988987e9331980363e24189ce'),(229,62,'_fees_hash','d751713988987e9331980363e24189ce'),(230,62,'_taxes_hash','d751713988987e9331980363e24189ce'),(231,62,'is_vat_exempt','no'),(232,62,'_billing_address_index','Julia Ray  New Town Road  Indiana IN 37984 US Julia@gmail.com '),(233,62,'_shipping_address_index','Julia Ray  New Town Road  Indiana IN 37984 US '),(237,62,'_wc_order_attribution_source_type','typein'),(238,62,'_wc_order_attribution_utm_source','(direct)'),(239,62,'_wc_order_attribution_session_entry','https://easywp.site/easybusy/product/belt/?ref=5'),(240,62,'_wc_order_attribution_session_start_time','2026-03-02 06:48:52'),(241,62,'_wc_order_attribution_session_pages','4'),(242,62,'_wc_order_attribution_session_count','1'),(243,62,'_wc_order_attribution_user_agent','Mozilla/5.0 (Windows NT 10.0; Win64; x64) AppleWebKit/537.36 (KHTML, like Gecko) Chrome/145.0.0.0 Safari/537.36 Edg/145.0.0.0'),(244,62,'_wc_order_attribution_device_type','Desktop'),(251,62,'_wc_affiliate_credited','33');

--
-- Table structure for table `wp_7_wc_product_attributes_lookup`
--

CREATE TABLE `wp_7_wc_product_attributes_lookup` (
  `product_id` bigint NOT NULL,
  `product_or_parent_id` bigint NOT NULL,
  `taxonomy` varchar(32) CHARACTER SET utf8mb4 COLLATE utf8mb4_unicode_520_ci NOT NULL,
  `term_id` bigint NOT NULL,
  `is_variation_attribute` tinyint(1) NOT NULL,
  `in_stock` tinyint(1) NOT NULL,
  PRIMARY KEY (`product_or_parent_id`,`term_id`,`product_id`,`taxonomy`),
  KEY `is_variation_attribute_term_id` (`is_variation_attribute`,`term_id`)
) ENGINE=InnoDB DEFAULT CHARSET=utf8mb4 COLLATE=utf8mb4_unicode_520_ci;

--
-- Dumping data for table `wp_7_wc_product_attributes_lookup`
--

INSERT INTO `wp_7_wc_product_attributes_lookup` VALUES (13,13,'pa_color',26,0,1),(14,14,'pa_color',22,0,1),(16,16,'pa_color',20,0,0),(16,16,'pa_color',21,0,0),(16,16,'pa_color',22,0,0),(16,16,'pa_size',23,0,0),(16,16,'pa_size',24,0,0),(16,16,'pa_size',25,0,0),(20,20,'pa_color',20,0,0),(20,20,'pa_color',21,0,0),(20,20,'pa_color',22,0,0),(29,29,'pa_color',27,0,1),(33,33,'pa_color',20,0,1);

--
-- Table structure for table `wp_7_wc_product_download_directories`
--

CREATE TABLE `wp_7_wc_product_download_directories` (
  `url_id` bigint unsigned NOT NULL AUTO_INCREMENT,
  `url` varchar(256) CHARACTER SET utf8mb4 COLLATE utf8mb4_unicode_520_ci NOT NULL,
  `enabled` tinyint(1) NOT NULL DEFAULT '0',
  PRIMARY KEY (`url_id`),
  KEY `url` (`url`(191))
) ENGINE=InnoDB AUTO_INCREMENT=3 DEFAULT CHARSET=utf8mb4 COLLATE=utf8mb4_unicode_520_ci;

--
-- Dumping data for table `wp_7_wc_product_download_directories`
--

INSERT INTO `wp_7_wc_product_download_directories` VALUES (1,'file:///var/www/html/easywp.site/wp-content/uploads/sites/7/woocommerce_uploads/',1),(2,'https://easywp.site/easybusy/wp-content/uploads/sites/7/woocommerce_uploads/',1);

--
-- Table structure for table `wp_7_wc_product_meta_lookup`
--

CREATE TABLE `wp_7_wc_product_meta_lookup` (
  `product_id` bigint NOT NULL,
  `sku` varchar(100) CHARACTER SET utf8mb4 COLLATE utf8mb4_unicode_520_ci DEFAULT '',
  `global_unique_id` varchar(100) CHARACTER SET utf8mb4 COLLATE utf8mb4_unicode_520_ci DEFAULT '',
  `virtual` tinyint(1) DEFAULT '0',
  `downloadable` tinyint(1) DEFAULT '0',
  `min_price` decimal(19,4) DEFAULT NULL,
  `max_price` decimal(19,4) DEFAULT NULL,
  `onsale` tinyint(1) DEFAULT '0',
  `stock_quantity` double DEFAULT NULL,
  `stock_status` varchar(100) CHARACTER SET utf8mb4 COLLATE utf8mb4_unicode_520_ci DEFAULT 'instock',
  `rating_count` bigint DEFAULT '0',
  `average_rating` decimal(3,2) DEFAULT '0.00',
  `total_sales` bigint DEFAULT '0',
  `tax_status` varchar(100) CHARACTER SET utf8mb4 COLLATE utf8mb4_unicode_520_ci DEFAULT 'taxable',
  `tax_class` varchar(100) CHARACTER SET utf8mb4 COLLATE utf8mb4_unicode_520_ci DEFAULT '',
  PRIMARY KEY (`product_id`),
  KEY `virtual` (`virtual`),
  KEY `downloadable` (`downloadable`),
  KEY `stock_status` (`stock_status`),
  KEY `stock_quantity` (`stock_quantity`),
  KEY `onsale` (`onsale`),
  KEY `min_max_price` (`min_price`,`max_price`),
  KEY `sku` (`sku`(50))
) ENGINE=InnoDB DEFAULT CHARSET=utf8mb4 COLLATE=utf8mb4_unicode_520_ci;

--
-- Dumping data for table `wp_7_wc_product_meta_lookup`
--

INSERT INTO `wp_7_wc_product_meta_lookup` VALUES (12,'woo-hoodie-with-logo','',0,0,0.0000,0.0000,0,NULL,'instock',0,0.00,0,'taxable',''),(13,'woo-tshirt','',0,0,18.0000,18.0000,0,NULL,'instock',0,0.00,8,'taxable',''),(14,'woo-beanie','',0,0,18.0000,18.0000,1,NULL,'instock',0,0.00,6,'taxable',''),(16,'woo-vneck-tee','',0,0,0.0000,0.0000,0,NULL,'outofstock',0,0.00,0,'taxable',''),(20,'woo-hoodie','',0,0,0.0000,0.0000,0,NULL,'outofstock',0,0.00,0,'taxable',''),(27,'woo-belt','',0,0,55.0000,55.0000,1,NULL,'instock',0,0.00,17,'taxable',''),(29,'woo-cap','',0,0,16.0000,16.0000,1,NULL,'instock',0,0.00,4,'taxable',''),(31,'woo-sunglasses','',0,0,90.0000,90.0000,0,NULL,'instock',0,0.00,12,'taxable',''),(33,'woo-polo','',0,0,20.0000,20.0000,0,NULL,'instock',0,0.00,11,'taxable',''),(35,'logo-collection','',0,0,18.0000,18.0000,0,NULL,'instock',0,0.00,0,'taxable','');

--
-- Table structure for table `wp_7_wc_rate_limits`
--

CREATE TABLE `wp_7_wc_rate_limits` (
  `rate_limit_id` bigint unsigned NOT NULL AUTO_INCREMENT,
  `rate_limit_key` varchar(200) CHARACTER SET utf8mb4 COLLATE utf8mb4_unicode_520_ci NOT NULL,
  `rate_limit_expiry` bigint unsigned NOT NULL,
  `rate_limit_remaining` smallint NOT NULL DEFAULT '0',
  PRIMARY KEY (`rate_limit_id`),
  UNIQUE KEY `rate_limit_key` (`rate_limit_key`(191))
) ENGINE=InnoDB DEFAULT CHARSET=utf8mb4 COLLATE=utf8mb4_unicode_520_ci;

--
-- Dumping data for table `wp_7_wc_rate_limits`
--


--
-- Table structure for table `wp_7_wc_reserved_stock`
--

CREATE TABLE `wp_7_wc_reserved_stock` (
  `order_id` bigint NOT NULL,
  `product_id` bigint NOT NULL,
  `stock_quantity` double NOT NULL DEFAULT '0',
  `timestamp` datetime NOT NULL DEFAULT '0000-00-00 00:00:00',
  `expires` datetime NOT NULL DEFAULT '0000-00-00 00:00:00',
  PRIMARY KEY (`order_id`,`product_id`)
) ENGINE=InnoDB DEFAULT CHARSET=utf8mb4 COLLATE=utf8mb4_unicode_520_ci;

--
-- Dumping data for table `wp_7_wc_reserved_stock`
--


--
-- Table structure for table `wp_7_wc_tax_rate_classes`
--

CREATE TABLE `wp_7_wc_tax_rate_classes` (
  `tax_rate_class_id` bigint unsigned NOT NULL AUTO_INCREMENT,
  `name` varchar(200) CHARACTER SET utf8mb4 COLLATE utf8mb4_unicode_520_ci NOT NULL DEFAULT '',
  `slug` varchar(200) CHARACTER SET utf8mb4 COLLATE utf8mb4_unicode_520_ci NOT NULL DEFAULT '',
  PRIMARY KEY (`tax_rate_class_id`),
  UNIQUE KEY `slug` (`slug`(191))
) ENGINE=InnoDB AUTO_INCREMENT=3 DEFAULT CHARSET=utf8mb4 COLLATE=utf8mb4_unicode_520_ci;

--
-- Dumping data for table `wp_7_wc_tax_rate_classes`
--

INSERT INTO `wp_7_wc_tax_rate_classes` VALUES (1,'Reduced rate','reduced-rate'),(2,'Zero rate','zero-rate');

--
-- Table structure for table `wp_7_wc_webhooks`
--

CREATE TABLE `wp_7_wc_webhooks` (
  `webhook_id` bigint unsigned NOT NULL AUTO_INCREMENT,
  `status` varchar(200) CHARACTER SET utf8mb4 COLLATE utf8mb4_unicode_520_ci NOT NULL,
  `name` text CHARACTER SET utf8mb4 COLLATE utf8mb4_unicode_520_ci NOT NULL,
  `user_id` bigint unsigned NOT NULL,
  `delivery_url` text CHARACTER SET utf8mb4 COLLATE utf8mb4_unicode_520_ci NOT NULL,
  `secret` text CHARACTER SET utf8mb4 COLLATE utf8mb4_unicode_520_ci NOT NULL,
  `topic` varchar(200) CHARACTER SET utf8mb4 COLLATE utf8mb4_unicode_520_ci NOT NULL,
  `date_created` datetime NOT NULL DEFAULT '0000-00-00 00:00:00',
  `date_created_gmt` datetime NOT NULL DEFAULT '0000-00-00 00:00:00',
  `date_modified` datetime NOT NULL DEFAULT '0000-00-00 00:00:00',
  `date_modified_gmt` datetime NOT NULL DEFAULT '0000-00-00 00:00:00',
  `api_version` smallint NOT NULL,
  `failure_count` smallint NOT NULL DEFAULT '0',
  `pending_delivery` tinyint(1) NOT NULL DEFAULT '0',
  PRIMARY KEY (`webhook_id`),
  KEY `user_id` (`user_id`)
) ENGINE=InnoDB DEFAULT CHARSET=utf8mb4 COLLATE=utf8mb4_unicode_520_ci;

--
-- Dumping data for table `wp_7_wc_webhooks`
--


--
-- Table structure for table `wp_7_wca_referrals`
--

CREATE TABLE `wp_7_wca_referrals` (
  `id` int NOT NULL AUTO_INCREMENT,
  `affiliate` int NOT NULL,
  `type` varchar(32) CHARACTER SET utf8mb4 COLLATE utf8mb4_unicode_520_ci NOT NULL,
  `visit` int NOT NULL DEFAULT '0',
  `order_id` int NOT NULL,
  `products` text CHARACTER SET utf8mb4 COLLATE utf8mb4_unicode_520_ci NOT NULL,
  `order_total` float(16,2) NOT NULL,
  `commission` float(16,2) NOT NULL,
  `payment_status` varchar(16) CHARACTER SET utf8mb4 COLLATE utf8mb4_unicode_520_ci NOT NULL,
  `transaction_id` int NOT NULL DEFAULT '0',
  `time` int NOT NULL,
  PRIMARY KEY (`id`),
  KEY `affiliate_index` (`affiliate`),
  KEY `visit_index` (`visit`),
  KEY `order_id_index` (`order_id`),
  KEY `payment_status_index` (`payment_status`),
  KEY `transaction_id_index` (`transaction_id`),
  KEY `time_index` (`time`)
) ENGINE=InnoDB AUTO_INCREMENT=7 DEFAULT CHARSET=utf8mb4 COLLATE=utf8mb4_unicode_520_ci;

--
-- Dumping data for table `wp_7_wca_referrals`
--

INSERT INTO `wp_7_wca_referrals` VALUES (1,3,'sale',1,48,'a:5:{i:31;s:10:\"Sunglasses\";i:29;s:3:\"Cap\";i:27;s:4:\"Belt\";i:33;s:4:\"Polo\";i:13;s:7:\"T-Shirt\";}',395.00,79.00,'approved',0,1772424983),(2,3,'sale',2,49,'a:5:{i:31;s:10:\"Sunglasses\";i:14;s:6:\"Beanie\";i:27;s:4:\"Belt\";i:33;s:4:\"Polo\";i:13;s:7:\"T-Shirt\";}',1479.00,295.80,'approved',0,1772425556),(3,5,'sale',5,52,'a:1:{i:31;s:10:\"Sunglasses\";}',90.00,18.00,'paid',1,1772429470),(4,6,'sale',10,59,'a:1:{i:27;s:4:\"Belt\";}',55.00,11.00,'pending',0,1772431883),(5,5,'sale',11,61,'a:1:{i:27;s:4:\"Belt\";}',110.00,22.00,'pending',0,1772434047),(6,5,'sale',12,62,'a:1:{i:27;s:4:\"Belt\";}',165.00,33.00,'paid',1,1772434231);

--
-- Table structure for table `wp_7_wca_shortlinks`
--

CREATE TABLE `wp_7_wca_shortlinks` (
  `id` int NOT NULL AUTO_INCREMENT,
  `affiliate` int NOT NULL,
  `page_url` text NOT NULL,
  `campaign` varchar(200) NOT NULL,
  `identifier` text NOT NULL,
  `time` int NOT NULL,
  UNIQUE KEY `id` (`id`),
  KEY `affiliate_index` (`affiliate`),
  KEY `time_index` (`time`)
) ENGINE=InnoDB AUTO_INCREMENT=4 DEFAULT CHARSET=utf8mb4 COLLATE=utf8mb4_0900_ai_ci;

--
-- Dumping data for table `wp_7_wca_shortlinks`
--

INSERT INTO `wp_7_wca_shortlinks` VALUES (1,3,'https://easywp.site/easybusy/shop/?add-to-cart=31&ref=3&campaign=summer','summer','E0Tn4r',1772424057),(2,3,'https://easywp.site/easybusy/become-our-affiliate/?ref=3&campaign=easy','easy','SOkleP',1772425103),(3,8,'https://easywp.site/easybusy/become-our-affiliate/?ref=8&campaign=up','up','A3ngOS',1772428526);

--
-- Table structure for table `wp_7_wca_transactions`
--

CREATE TABLE `wp_7_wca_transactions` (
  `id` int NOT NULL AUTO_INCREMENT,
  `affiliate` int NOT NULL,
  `amount` float(16,2) NOT NULL,
  `payment_method` varchar(255) CHARACTER SET utf8mb4 COLLATE utf8mb4_unicode_520_ci NOT NULL,
  `payment_details` longtext CHARACTER SET utf8mb4 COLLATE utf8mb4_unicode_520_ci,
  `txn_id` varchar(255) CHARACTER SET utf8mb4 COLLATE utf8mb4_unicode_520_ci NOT NULL,
  `status` varchar(16) CHARACTER SET utf8mb4 COLLATE utf8mb4_unicode_520_ci NOT NULL,
  `notes` text CHARACTER SET utf8mb4 COLLATE utf8mb4_unicode_520_ci,
  `request_at` int NOT NULL,
  `process_at` int NOT NULL,
  PRIMARY KEY (`id`),
  KEY `affiliate_index` (`affiliate`),
  KEY `status_index` (`status`),
  KEY `request_at_index` (`request_at`),
  KEY `process_at_index` (`process_at`)
) ENGINE=InnoDB AUTO_INCREMENT=2 DEFAULT CHARSET=utf8mb4 COLLATE=utf8mb4_unicode_520_ci;

--
-- Dumping data for table `wp_7_wca_transactions`
--

INSERT INTO `wp_7_wca_transactions` VALUES (1,5,51.00,'manual',NULL,'MANUAL-1772436472-5','completed',NULL,1772436472,1772436472);

--
-- Table structure for table `wp_7_wca_visits`
--

CREATE TABLE `wp_7_wca_visits` (
  `id` int NOT NULL AUTO_INCREMENT,
  `affiliate` int NOT NULL,
  `referral` int NOT NULL DEFAULT '0',
  `page_url` varchar(255) CHARACTER SET utf8mb4 COLLATE utf8mb4_unicode_520_ci NOT NULL,
  `referrer_url` varchar(255) CHARACTER SET utf8mb4 COLLATE utf8mb4_unicode_520_ci NOT NULL DEFAULT '',
  `campaign` varchar(255) CHARACTER SET utf8mb4 COLLATE utf8mb4_unicode_520_ci NOT NULL DEFAULT '',
  `ip` varchar(15) CHARACTER SET utf8mb4 COLLATE utf8mb4_unicode_520_ci NOT NULL,
  `time` int NOT NULL,
  PRIMARY KEY (`id`),
  KEY `affiliate_index` (`affiliate`),
  KEY `referral_index` (`referral`),
  KEY `time_index` (`time`)
) ENGINE=InnoDB AUTO_INCREMENT=13 DEFAULT CHARSET=utf8mb4 COLLATE=utf8mb4_unicode_520_ci;

--
-- Dumping data for table `wp_7_wca_visits`
--

INSERT INTO `wp_7_wca_visits` VALUES (1,3,1,'https://easywp.site/easybusy/shop','','summer','27.147.186.29',1772424902),(2,3,2,'https://easywp.site/easybusy/become-our-affiliate','','easy','27.147.186.29',1772425117),(3,9,0,'https://easywp.site/easybusy/shop','','black-friday','27.147.186.29',1772427455),(4,9,0,'https://easywp.site/easybusy/product/sunglasses','','summer-sale','27.147.186.29',1772427659),(5,5,3,'https://easywp.site/easybusy/shop','','','103.163.50.178',1772428458),(6,8,0,'https://easywp.site/easybusy/become-our-affiliate','','up','27.147.186.29',1772428578),(7,9,0,'https://easywp.site/easybusy/product/sunglasses','','summer-sale','98.94.31.223',1772430289),(8,9,0,'https://easywp.site/easybusy/product/sunglasses','','summer-sale','3.85.26.137',1772430291),(9,9,0,'https://easywp.site/easybusy/product/sunglasses','','summer-sale','27.147.186.29',1772430384),(10,6,4,'https://easywp.site/easybusy/product/belt','','','103.163.50.178',1772431763),(11,5,5,'https://easywp.site/easybusy/become-our-affiliate','','','103.163.50.178',1772432986),(12,5,6,'https://easywp.site/easybusy/product/belt','','','103.163.50.178',1772434138);

--
-- Table structure for table `wp_7_woocommerce_api_keys`
--

CREATE TABLE `wp_7_woocommerce_api_keys` (
  `key_id` bigint unsigned NOT NULL AUTO_INCREMENT,
  `user_id` bigint unsigned NOT NULL,
  `description` varchar(200) CHARACTER SET utf8mb4 COLLATE utf8mb4_unicode_520_ci DEFAULT NULL,
  `permissions` varchar(10) CHARACTER SET utf8mb4 COLLATE utf8mb4_unicode_520_ci NOT NULL,
  `consumer_key` char(64) CHARACTER SET utf8mb4 COLLATE utf8mb4_unicode_520_ci NOT NULL,
  `consumer_secret` char(43) CHARACTER SET utf8mb4 COLLATE utf8mb4_unicode_520_ci NOT NULL,
  `nonces` longtext CHARACTER SET utf8mb4 COLLATE utf8mb4_unicode_520_ci,
  `truncated_key` char(7) CHARACTER SET utf8mb4 COLLATE utf8mb4_unicode_520_ci NOT NULL,
  `last_access` datetime DEFAULT NULL,
  PRIMARY KEY (`key_id`),
  KEY `consumer_key` (`consumer_key`),
  KEY `consumer_secret` (`consumer_secret`)
) ENGINE=InnoDB DEFAULT CHARSET=utf8mb4 COLLATE=utf8mb4_unicode_520_ci;

--
-- Dumping data for table `wp_7_woocommerce_api_keys`
--


--
-- Table structure for table `wp_7_woocommerce_attribute_taxonomies`
--

CREATE TABLE `wp_7_woocommerce_attribute_taxonomies` (
  `attribute_id` bigint unsigned NOT NULL AUTO_INCREMENT,
  `attribute_name` varchar(200) CHARACTER SET utf8mb4 COLLATE utf8mb4_unicode_520_ci NOT NULL,
  `attribute_label` varchar(200) CHARACTER SET utf8mb4 COLLATE utf8mb4_unicode_520_ci DEFAULT NULL,
  `attribute_type` varchar(20) CHARACTER SET utf8mb4 COLLATE utf8mb4_unicode_520_ci NOT NULL,
  `attribute_orderby` varchar(20) CHARACTER SET utf8mb4 COLLATE utf8mb4_unicode_520_ci NOT NULL,
  `attribute_public` int NOT NULL DEFAULT '1',
  PRIMARY KEY (`attribute_id`),
  KEY `attribute_name` (`attribute_name`(20))
) ENGINE=InnoDB AUTO_INCREMENT=3 DEFAULT CHARSET=utf8mb4 COLLATE=utf8mb4_unicode_520_ci;

--
-- Dumping data for table `wp_7_woocommerce_attribute_taxonomies`
--

INSERT INTO `wp_7_woocommerce_attribute_taxonomies` VALUES (1,'color','Color','select','menu_order',0),(2,'size','Size','select','menu_order',0);

--
-- Table structure for table `wp_7_woocommerce_downloadable_product_permissions`
--

CREATE TABLE `wp_7_woocommerce_downloadable_product_permissions` (
  `permission_id` bigint unsigned NOT NULL AUTO_INCREMENT,
  `download_id` varchar(36) CHARACTER SET utf8mb4 COLLATE utf8mb4_unicode_520_ci NOT NULL,
  `product_id` bigint unsigned NOT NULL,
  `order_id` bigint unsigned NOT NULL DEFAULT '0',
  `order_key` varchar(200) CHARACTER SET utf8mb4 COLLATE utf8mb4_unicode_520_ci NOT NULL,
  `user_email` varchar(200) CHARACTER SET utf8mb4 COLLATE utf8mb4_unicode_520_ci NOT NULL,
  `user_id` bigint unsigned DEFAULT NULL,
  `downloads_remaining` varchar(9) CHARACTER SET utf8mb4 COLLATE utf8mb4_unicode_520_ci DEFAULT NULL,
  `access_granted` datetime NOT NULL DEFAULT '0000-00-00 00:00:00',
  `access_expires` datetime DEFAULT NULL,
  `download_count` bigint unsigned NOT NULL DEFAULT '0',
  PRIMARY KEY (`permission_id`),
  KEY `download_order_key_product` (`product_id`,`order_id`,`order_key`(16),`download_id`),
  KEY `download_order_product` (`download_id`,`order_id`,`product_id`),
  KEY `order_id` (`order_id`),
  KEY `user_order_remaining_expires` (`user_id`,`order_id`,`downloads_remaining`,`access_expires`),
  KEY `idx_user_email` (`user_email`(100))
) ENGINE=InnoDB DEFAULT CHARSET=utf8mb4 COLLATE=utf8mb4_unicode_520_ci;

--
-- Dumping data for table `wp_7_woocommerce_downloadable_product_permissions`
--


--
-- Table structure for table `wp_7_woocommerce_log`
--

CREATE TABLE `wp_7_woocommerce_log` (
  `log_id` bigint unsigned NOT NULL AUTO_INCREMENT,
  `timestamp` datetime NOT NULL,
  `level` smallint NOT NULL,
  `source` varchar(200) CHARACTER SET utf8mb4 COLLATE utf8mb4_unicode_520_ci NOT NULL,
  `message` longtext CHARACTER SET utf8mb4 COLLATE utf8mb4_unicode_520_ci NOT NULL,
  `context` longtext CHARACTER SET utf8mb4 COLLATE utf8mb4_unicode_520_ci,
  PRIMARY KEY (`log_id`),
  KEY `level` (`level`)
) ENGINE=InnoDB DEFAULT CHARSET=utf8mb4 COLLATE=utf8mb4_unicode_520_ci;

--
-- Dumping data for table `wp_7_woocommerce_log`
--


--
-- Table structure for table `wp_7_woocommerce_order_itemmeta`
--

CREATE TABLE `wp_7_woocommerce_order_itemmeta` (
  `meta_id` bigint unsigned NOT NULL AUTO_INCREMENT,
  `order_item_id` bigint unsigned NOT NULL,
  `meta_key` varchar(255) CHARACTER SET utf8mb4 COLLATE utf8mb4_unicode_520_ci DEFAULT NULL,
  `meta_value` longtext CHARACTER SET utf8mb4 COLLATE utf8mb4_unicode_520_ci,
  PRIMARY KEY (`meta_id`),
  KEY `order_item_id` (`order_item_id`),
  KEY `meta_key` (`meta_key`(32))
) ENGINE=InnoDB AUTO_INCREMENT=493 DEFAULT CHARSET=utf8mb4 COLLATE=utf8mb4_unicode_520_ci;

--
-- Dumping data for table `wp_7_woocommerce_order_itemmeta`
--

INSERT INTO `wp_7_woocommerce_order_itemmeta` VALUES (1,1,'_product_id','31'),(2,1,'_variation_id','0'),(3,1,'_qty','3'),(4,1,'_tax_class',''),(5,1,'_line_subtotal','270'),(6,1,'_line_subtotal_tax','0'),(7,1,'_line_total','270'),(8,1,'_line_tax','0'),(9,1,'_line_tax_data','a:2:{s:5:\"total\";a:0:{}s:8:\"subtotal\";a:0:{}}'),(10,2,'_product_id','29'),(11,2,'_variation_id','0'),(12,2,'_qty','2'),(13,2,'_tax_class',''),(14,2,'_line_subtotal','32'),(15,2,'_line_subtotal_tax','0'),(16,2,'_line_total','32'),(17,2,'_line_tax','0'),(18,2,'_line_tax_data','a:2:{s:5:\"total\";a:0:{}s:8:\"subtotal\";a:0:{}}'),(19,3,'_product_id','27'),(20,3,'_variation_id','0'),(21,3,'_qty','1'),(22,3,'_tax_class',''),(23,3,'_line_subtotal','55'),(24,3,'_line_subtotal_tax','0'),(25,3,'_line_total','55'),(26,3,'_line_tax','0'),(27,3,'_line_tax_data','a:2:{s:5:\"total\";a:0:{}s:8:\"subtotal\";a:0:{}}'),(28,4,'_product_id','33'),(29,4,'_variation_id','0'),(30,4,'_qty','1'),(31,4,'_tax_class',''),(32,4,'_line_subtotal','20'),(33,4,'_line_subtotal_tax','0'),(34,4,'_line_total','20'),(35,4,'_line_tax','0'),(36,4,'_line_tax_data','a:2:{s:5:\"total\";a:0:{}s:8:\"subtotal\";a:0:{}}'),(37,5,'_product_id','13'),(38,5,'_variation_id','0'),(39,5,'_qty','1'),(40,5,'_tax_class',''),(41,5,'_line_subtotal','18'),(42,5,'_line_subtotal_tax','0'),(43,5,'_line_total','18'),(44,5,'_line_tax','0'),(45,5,'_line_tax_data','a:2:{s:5:\"total\";a:0:{}s:8:\"subtotal\";a:0:{}}'),(46,6,'method_id','free_shipping'),(47,6,'instance_id','1'),(48,6,'cost','0'),(49,6,'total_tax','0'),(50,6,'taxes','a:1:{s:5:\"total\";a:0:{}}'),(51,6,'Items','Sunglasses &times; 3, Cap &times; 2, Belt &times; 1, Polo &times; 1, T-Shirt &times; 1'),(307,37,'_product_id','31'),(308,37,'_variation_id','0'),(309,37,'_qty','8'),(310,37,'_tax_class',''),(311,37,'_line_subtotal','720'),(312,37,'_line_subtotal_tax','0'),(313,37,'_line_total','720'),(314,37,'_line_tax','0'),(315,37,'_line_tax_data','a:2:{s:5:\"total\";a:0:{}s:8:\"subtotal\";a:0:{}}'),(316,38,'_product_id','14'),(317,38,'_variation_id','0'),(318,38,'_qty','6'),(319,38,'_tax_class',''),(320,38,'_line_subtotal','108'),(321,38,'_line_subtotal_tax','0'),(322,38,'_line_total','108'),(323,38,'_line_tax','0'),(324,38,'_line_tax_data','a:2:{s:5:\"total\";a:0:{}s:8:\"subtotal\";a:0:{}}'),(325,39,'_product_id','27'),(326,39,'_variation_id','0'),(327,39,'_qty','7'),(328,39,'_tax_class',''),(329,39,'_line_subtotal','385'),(330,39,'_line_subtotal_tax','0'),(331,39,'_line_total','385'),(332,39,'_line_tax','0'),(333,39,'_line_tax_data','a:2:{s:5:\"total\";a:0:{}s:8:\"subtotal\";a:0:{}}'),(334,40,'_product_id','33'),(335,40,'_variation_id','0'),(336,40,'_qty','7'),(337,40,'_tax_class',''),(338,40,'_line_subtotal','140'),(339,40,'_line_subtotal_tax','0'),(340,40,'_line_total','140'),(341,40,'_line_tax','0'),(342,40,'_line_tax_data','a:2:{s:5:\"total\";a:0:{}s:8:\"subtotal\";a:0:{}}'),(343,41,'_product_id','13'),(344,41,'_variation_id','0'),(345,41,'_qty','7'),(346,41,'_tax_class',''),(347,41,'_line_subtotal','126'),(348,41,'_line_subtotal_tax','0'),(349,41,'_line_total','126'),(350,41,'_line_tax','0'),(351,41,'_line_tax_data','a:2:{s:5:\"total\";a:0:{}s:8:\"subtotal\";a:0:{}}'),(352,42,'method_id','free_shipping'),(353,42,'instance_id','1'),(354,42,'cost','0'),(355,42,'total_tax','0'),(356,42,'taxes','a:1:{s:5:\"total\";a:0:{}}'),(357,42,'Items','Sunglasses &times; 8, Beanie &times; 6, Belt &times; 7, Polo &times; 7, T-Shirt &times; 7'),(358,43,'_product_id','27'),(359,43,'_variation_id','0'),(360,43,'_qty','3'),(361,43,'_tax_class',''),(362,43,'_line_subtotal','165'),(363,43,'_line_subtotal_tax','0'),(364,43,'_line_total','165'),(365,43,'_line_tax','0'),(366,43,'_line_tax_data','a:2:{s:5:\"total\";a:0:{}s:8:\"subtotal\";a:0:{}}'),(367,44,'method_id','free_shipping'),(368,44,'instance_id','1'),(369,44,'cost','0'),(370,44,'total_tax','0'),(371,44,'taxes','a:1:{s:5:\"total\";a:0:{}}'),(372,44,'Items','Belt &times; 3'),(373,45,'_product_id','31'),(374,45,'_variation_id','0'),(375,45,'_qty','1'),(376,45,'_tax_class',''),(377,45,'_line_subtotal','90'),(378,45,'_line_subtotal_tax','0'),(379,45,'_line_total','90'),(380,45,'_line_tax','0'),(381,45,'_line_tax_data','a:2:{s:5:\"total\";a:0:{}s:8:\"subtotal\";a:0:{}}'),(388,47,'_product_id','31'),(389,47,'_variation_id','0'),(390,47,'_qty','1'),(391,47,'_tax_class',''),(392,47,'_line_subtotal','90'),(393,47,'_line_subtotal_tax','0'),(394,47,'_line_total','90'),(395,47,'_line_tax','0'),(396,47,'_line_tax_data','a:2:{s:5:\"total\";a:0:{}s:8:\"subtotal\";a:0:{}}'),(397,48,'method_id','free_shipping'),(398,48,'instance_id','1'),(399,48,'cost','0'),(400,48,'total_tax','0'),(401,48,'taxes','a:1:{s:5:\"total\";a:0:{}}'),(402,48,'Items','Sunglasses &times; 1'),(403,49,'_product_id','33'),(404,49,'_variation_id','0'),(405,49,'_qty','3'),(406,49,'_tax_class',''),(407,49,'_line_subtotal','60'),(408,49,'_line_subtotal_tax','0'),(409,49,'_line_total','60'),(410,49,'_line_tax','0'),(411,49,'_line_tax_data','a:2:{s:5:\"total\";a:0:{}s:8:\"subtotal\";a:0:{}}'),(412,50,'method_id','free_shipping'),(413,50,'instance_id','1'),(414,50,'cost','0'),(415,50,'total_tax','0'),(416,50,'taxes','a:1:{s:5:\"total\";a:0:{}}'),(417,50,'Items','Polo &times; 3'),(418,51,'_product_id','27'),(419,51,'_variation_id','0'),(420,51,'_qty','1'),(421,51,'_tax_class',''),(422,51,'_line_subtotal','55'),(423,51,'_line_subtotal_tax','0'),(424,51,'_line_total','55'),(425,51,'_line_tax','0'),(426,51,'_line_tax_data','a:2:{s:5:\"total\";a:0:{}s:8:\"subtotal\";a:0:{}}'),(427,52,'method_id','free_shipping'),(428,52,'instance_id','1'),(429,52,'cost','0'),(430,52,'total_tax','0'),(431,52,'taxes','a:1:{s:5:\"total\";a:0:{}}'),(432,52,'Items','Belt &times; 1'),(433,53,'_product_id','27'),(434,53,'_variation_id','0'),(435,53,'_qty','1'),(436,53,'_tax_class',''),(437,53,'_line_subtotal','55'),(438,53,'_line_subtotal_tax','0'),(439,53,'_line_total','55'),(440,53,'_line_tax','0'),(441,53,'_line_tax_data','a:2:{s:5:\"total\";a:0:{}s:8:\"subtotal\";a:0:{}}'),(442,54,'method_id','free_shipping'),(443,54,'instance_id','1'),(444,54,'cost','0'),(445,54,'total_tax','0'),(446,54,'taxes','a:1:{s:5:\"total\";a:0:{}}'),(447,54,'Items','Belt &times; 1'),(448,55,'_product_id','29'),(449,55,'_variation_id','0'),(450,55,'_qty','2'),(451,55,'_tax_class',''),(452,55,'_line_subtotal','32'),(453,55,'_line_subtotal_tax','0'),(454,55,'_line_total','32'),(455,55,'_line_tax','0'),(456,55,'_line_tax_data','a:2:{s:5:\"total\";a:0:{}s:8:\"subtotal\";a:0:{}}'),(457,56,'method_id','free_shipping'),(458,56,'instance_id','1'),(459,56,'cost','0'),(460,56,'total_tax','0'),(461,56,'taxes','a:1:{s:5:\"total\";a:0:{}}'),(462,56,'Items','Cap &times; 2'),(463,57,'_product_id','27'),(464,57,'_variation_id','0'),(465,57,'_qty','2'),(466,57,'_tax_class',''),(467,57,'_line_subtotal','110'),(468,57,'_line_subtotal_tax','0'),(469,57,'_line_total','110'),(470,57,'_line_tax','0'),(471,57,'_line_tax_data','a:2:{s:5:\"total\";a:0:{}s:8:\"subtotal\";a:0:{}}'),(472,58,'method_id','free_shipping'),(473,58,'instance_id','1'),(474,58,'cost','0'),(475,58,'total_tax','0'),(476,58,'taxes','a:1:{s:5:\"total\";a:0:{}}'),(477,58,'Items','Belt &times; 2'),(478,59,'_product_id','27'),(479,59,'_variation_id','0'),(480,59,'_qty','3'),(481,59,'_tax_class',''),(482,59,'_line_subtotal','165'),(483,59,'_line_subtotal_tax','0'),(484,59,'_line_total','165'),(485,59,'_line_tax','0'),(486,59,'_line_tax_data','a:2:{s:5:\"total\";a:0:{}s:8:\"subtotal\";a:0:{}}'),(487,60,'method_id','free_shipping'),(488,60,'instance_id','1'),(489,60,'cost','0'),(490,60,'total_tax','0'),(491,60,'taxes','a:1:{s:5:\"total\";a:0:{}}'),(492,60,'Items','Belt &times; 3');

--
-- Table structure for table `wp_7_woocommerce_order_items`
--

CREATE TABLE `wp_7_woocommerce_order_items` (
  `order_item_id` bigint unsigned NOT NULL AUTO_INCREMENT,
  `order_item_name` text CHARACTER SET utf8mb4 COLLATE utf8mb4_unicode_520_ci NOT NULL,
  `order_item_type` varchar(200) CHARACTER SET utf8mb4 COLLATE utf8mb4_unicode_520_ci NOT NULL DEFAULT '',
  `order_id` bigint unsigned NOT NULL,
  PRIMARY KEY (`order_item_id`),
  KEY `order_id` (`order_id`)
) ENGINE=InnoDB AUTO_INCREMENT=61 DEFAULT CHARSET=utf8mb4 COLLATE=utf8mb4_unicode_520_ci;

--
-- Dumping data for table `wp_7_woocommerce_order_items`
--

INSERT INTO `wp_7_woocommerce_order_items` VALUES (1,'Sunglasses','line_item',48),(2,'Cap','line_item',48),(3,'Belt','line_item',48),(4,'Polo','line_item',48),(5,'T-Shirt','line_item',48),(6,'Free shipping','shipping',48),(37,'Sunglasses','line_item',49),(38,'Beanie','line_item',49),(39,'Belt','line_item',49),(40,'Polo','line_item',49),(41,'T-Shirt','line_item',49),(42,'Free shipping','shipping',49),(43,'Belt','line_item',50),(44,'Free shipping','shipping',50),(45,'Sunglasses','line_item',51),(47,'Sunglasses','line_item',52),(48,'Free shipping','shipping',52),(49,'Polo','line_item',57),(50,'Free shipping','shipping',57),(51,'Belt','line_item',58),(52,'Free shipping','shipping',58),(53,'Belt','line_item',59),(54,'Free shipping','shipping',59),(55,'Cap','line_item',60),(56,'Free shipping','shipping',60),(57,'Belt','line_item',61),(58,'Free shipping','shipping',61),(59,'Belt','line_item',62),(60,'Free shipping','shipping',62);

--
-- Table structure for table `wp_7_woocommerce_payment_tokenmeta`
--

CREATE TABLE `wp_7_woocommerce_payment_tokenmeta` (
  `meta_id` bigint unsigned NOT NULL AUTO_INCREMENT,
  `payment_token_id` bigint unsigned NOT NULL,
  `meta_key` varchar(255) CHARACTER SET utf8mb4 COLLATE utf8mb4_unicode_520_ci DEFAULT NULL,
  `meta_value` longtext CHARACTER SET utf8mb4 COLLATE utf8mb4_unicode_520_ci,
  PRIMARY KEY (`meta_id`),
  KEY `payment_token_id` (`payment_token_id`),
  KEY `meta_key` (`meta_key`(32))
) ENGINE=InnoDB DEFAULT CHARSET=utf8mb4 COLLATE=utf8mb4_unicode_520_ci;

--
-- Dumping data for table `wp_7_woocommerce_payment_tokenmeta`
--


--
-- Table structure for table `wp_7_woocommerce_payment_tokens`
--

CREATE TABLE `wp_7_woocommerce_payment_tokens` (
  `token_id` bigint unsigned NOT NULL AUTO_INCREMENT,
  `gateway_id` varchar(200) CHARACTER SET utf8mb4 COLLATE utf8mb4_unicode_520_ci NOT NULL,
  `token` text CHARACTER SET utf8mb4 COLLATE utf8mb4_unicode_520_ci NOT NULL,
  `user_id` bigint unsigned NOT NULL DEFAULT '0',
  `type` varchar(200) CHARACTER SET utf8mb4 COLLATE utf8mb4_unicode_520_ci NOT NULL,
  `is_default` tinyint(1) NOT NULL DEFAULT '0',
  PRIMARY KEY (`token_id`),
  KEY `user_id` (`user_id`)
) ENGINE=InnoDB DEFAULT CHARSET=utf8mb4 COLLATE=utf8mb4_unicode_520_ci;

--
-- Dumping data for table `wp_7_woocommerce_payment_tokens`
--


--
-- Table structure for table `wp_7_woocommerce_sessions`
--

CREATE TABLE `wp_7_woocommerce_sessions` (
  `session_id` bigint unsigned NOT NULL AUTO_INCREMENT,
  `session_key` char(32) CHARACTER SET utf8mb4 COLLATE utf8mb4_unicode_520_ci NOT NULL,
  `session_value` longtext CHARACTER SET utf8mb4 COLLATE utf8mb4_unicode_520_ci NOT NULL,
  `session_expiry` bigint unsigned NOT NULL,
  PRIMARY KEY (`session_id`),
  UNIQUE KEY `session_key` (`session_key`),
  KEY `session_expiry` (`session_expiry`)
) ENGINE=InnoDB AUTO_INCREMENT=179 DEFAULT CHARSET=utf8mb4 COLLATE=utf8mb4_unicode_520_ci;

--
-- Dumping data for table `wp_7_woocommerce_sessions`
--

INSERT INTO `wp_7_woocommerce_sessions` VALUES (1,'1','a:1:{s:8:\"customer\";s:760:\"a:28:{s:2:\"id\";s:1:\"1\";s:13:\"date_modified\";s:0:\"\";s:10:\"first_name\";s:0:\"\";s:9:\"last_name\";s:0:\"\";s:7:\"company\";s:0:\"\";s:5:\"phone\";s:0:\"\";s:5:\"email\";s:17:\"n.mukto@gmail.com\";s:7:\"address\";s:0:\"\";s:9:\"address_1\";s:0:\"\";s:9:\"address_2\";s:0:\"\";s:4:\"city\";s:0:\"\";s:5:\"state\";s:2:\"DE\";s:8:\"postcode\";s:0:\"\";s:7:\"country\";s:2:\"US\";s:19:\"shipping_first_name\";s:0:\"\";s:18:\"shipping_last_name\";s:0:\"\";s:16:\"shipping_company\";s:0:\"\";s:14:\"shipping_phone\";s:0:\"\";s:16:\"shipping_address\";s:0:\"\";s:18:\"shipping_address_1\";s:0:\"\";s:18:\"shipping_address_2\";s:0:\"\";s:13:\"shipping_city\";s:0:\"\";s:14:\"shipping_state\";s:2:\"DE\";s:17:\"shipping_postcode\";s:0:\"\";s:16:\"shipping_country\";s:2:\"US\";s:13:\"is_vat_exempt\";s:0:\"\";s:19:\"calculated_shipping\";s:0:\"\";s:9:\"meta_data\";a:0:{}}\";}',1772980797),(3,'2','a:1:{s:8:\"customer\";s:793:\"a:28:{s:2:\"id\";s:1:\"2\";s:13:\"date_modified\";s:25:\"2026-03-02T03:44:50+00:00\";s:10:\"first_name\";s:0:\"\";s:9:\"last_name\";s:0:\"\";s:7:\"company\";s:0:\"\";s:5:\"phone\";s:0:\"\";s:5:\"email\";s:24:\"mustakim@wcaffiliate.com\";s:7:\"address\";s:0:\"\";s:9:\"address_1\";s:0:\"\";s:9:\"address_2\";s:0:\"\";s:4:\"city\";s:0:\"\";s:5:\"state\";s:2:\"DE\";s:8:\"postcode\";s:0:\"\";s:7:\"country\";s:2:\"US\";s:19:\"shipping_first_name\";s:0:\"\";s:18:\"shipping_last_name\";s:0:\"\";s:16:\"shipping_company\";s:0:\"\";s:14:\"shipping_phone\";s:0:\"\";s:16:\"shipping_address\";s:0:\"\";s:18:\"shipping_address_1\";s:0:\"\";s:18:\"shipping_address_2\";s:0:\"\";s:13:\"shipping_city\";s:0:\"\";s:14:\"shipping_state\";s:2:\"DE\";s:17:\"shipping_postcode\";s:0:\"\";s:16:\"shipping_country\";s:2:\"US\";s:13:\"is_vat_exempt\";s:0:\"\";s:19:\"calculated_shipping\";s:0:\"\";s:9:\"meta_data\";a:0:{}}\";}',1773027893),(12,'5','a:1:{s:8:\"customer\";s:784:\"a:28:{s:2:\"id\";s:1:\"5\";s:13:\"date_modified\";s:25:\"2026-03-02T04:28:45+00:00\";s:10:\"first_name\";s:0:\"\";s:9:\"last_name\";s:0:\"\";s:7:\"company\";s:0:\"\";s:5:\"phone\";s:0:\"\";s:5:\"email\";s:15:\"james@gmail.com\";s:7:\"address\";s:0:\"\";s:9:\"address_1\";s:0:\"\";s:9:\"address_2\";s:0:\"\";s:4:\"city\";s:0:\"\";s:5:\"state\";s:2:\"DE\";s:8:\"postcode\";s:0:\"\";s:7:\"country\";s:2:\"US\";s:19:\"shipping_first_name\";s:0:\"\";s:18:\"shipping_last_name\";s:0:\"\";s:16:\"shipping_company\";s:0:\"\";s:14:\"shipping_phone\";s:0:\"\";s:16:\"shipping_address\";s:0:\"\";s:18:\"shipping_address_1\";s:0:\"\";s:18:\"shipping_address_2\";s:0:\"\";s:13:\"shipping_city\";s:0:\"\";s:14:\"shipping_state\";s:2:\"DE\";s:17:\"shipping_postcode\";s:0:\"\";s:16:\"shipping_country\";s:2:\"US\";s:13:\"is_vat_exempt\";s:0:\"\";s:19:\"calculated_shipping\";s:0:\"\";s:9:\"meta_data\";a:0:{}}\";}',1773032292),(14,'6','a:1:{s:8:\"customer\";s:785:\"a:28:{s:2:\"id\";s:1:\"6\";s:13:\"date_modified\";s:25:\"2026-03-02T06:02:24+00:00\";s:10:\"first_name\";s:0:\"\";s:9:\"last_name\";s:0:\"\";s:7:\"company\";s:0:\"\";s:5:\"phone\";s:0:\"\";s:5:\"email\";s:16:\"sophia@gmail.com\";s:7:\"address\";s:0:\"\";s:9:\"address_1\";s:0:\"\";s:9:\"address_2\";s:0:\"\";s:4:\"city\";s:0:\"\";s:5:\"state\";s:2:\"DE\";s:8:\"postcode\";s:0:\"\";s:7:\"country\";s:2:\"US\";s:19:\"shipping_first_name\";s:0:\"\";s:18:\"shipping_last_name\";s:0:\"\";s:16:\"shipping_company\";s:0:\"\";s:14:\"shipping_phone\";s:0:\"\";s:16:\"shipping_address\";s:0:\"\";s:18:\"shipping_address_1\";s:0:\"\";s:18:\"shipping_address_2\";s:0:\"\";s:13:\"shipping_city\";s:0:\"\";s:14:\"shipping_state\";s:2:\"DE\";s:17:\"shipping_postcode\";s:0:\"\";s:16:\"shipping_country\";s:2:\"US\";s:13:\"is_vat_exempt\";s:0:\"\";s:19:\"calculated_shipping\";s:0:\"\";s:9:\"meta_data\";a:0:{}}\";}',1773036491),(55,'9','a:1:{s:8:\"customer\";s:765:\"a:28:{s:2:\"id\";s:1:\"9\";s:13:\"date_modified\";s:0:\"\";s:10:\"first_name\";s:0:\"\";s:9:\"last_name\";s:0:\"\";s:7:\"company\";s:0:\"\";s:5:\"phone\";s:0:\"\";s:5:\"email\";s:22:\"virixon188@pazuric.com\";s:7:\"address\";s:0:\"\";s:9:\"address_1\";s:0:\"\";s:9:\"address_2\";s:0:\"\";s:4:\"city\";s:0:\"\";s:5:\"state\";s:2:\"DE\";s:8:\"postcode\";s:0:\"\";s:7:\"country\";s:2:\"US\";s:19:\"shipping_first_name\";s:0:\"\";s:18:\"shipping_last_name\";s:0:\"\";s:16:\"shipping_company\";s:0:\"\";s:14:\"shipping_phone\";s:0:\"\";s:16:\"shipping_address\";s:0:\"\";s:18:\"shipping_address_1\";s:0:\"\";s:18:\"shipping_address_2\";s:0:\"\";s:13:\"shipping_city\";s:0:\"\";s:14:\"shipping_state\";s:2:\"DE\";s:17:\"shipping_postcode\";s:0:\"\";s:16:\"shipping_country\";s:2:\"US\";s:13:\"is_vat_exempt\";s:0:\"\";s:19:\"calculated_shipping\";s:0:\"\";s:9:\"meta_data\";a:0:{}}\";}',1773031955),(57,'t_4e7733b842e0ab764be27584ddb269','a:2:{s:8:\"customer\";s:912:\"a:28:{s:2:\"id\";s:1:\"0\";s:13:\"date_modified\";s:0:\"\";s:10:\"first_name\";s:8:\"Natalia \";s:9:\"last_name\";s:10:\"Kuznetsova\";s:7:\"company\";s:0:\"\";s:5:\"phone\";s:8:\"18396548\";s:5:\"email\";s:17:\"natalia@gmail.com\";s:7:\"address\";s:17:\"45/A, Street Mart\";s:9:\"address_1\";s:17:\"45/A, Street Mart\";s:9:\"address_2\";s:0:\"\";s:4:\"city\";s:8:\"New York\";s:5:\"state\";s:2:\"NY\";s:8:\"postcode\";s:5:\"78945\";s:7:\"country\";s:2:\"US\";s:19:\"shipping_first_name\";s:8:\"Natalia \";s:18:\"shipping_last_name\";s:10:\"Kuznetsova\";s:16:\"shipping_company\";s:0:\"\";s:14:\"shipping_phone\";s:8:\"18396548\";s:16:\"shipping_address\";s:17:\"45/A, Street Mart\";s:18:\"shipping_address_1\";s:17:\"45/A, Street Mart\";s:18:\"shipping_address_2\";s:0:\"\";s:13:\"shipping_city\";s:8:\"New York\";s:14:\"shipping_state\";s:2:\"NY\";s:17:\"shipping_postcode\";s:5:\"78945\";s:16:\"shipping_country\";s:2:\"US\";s:13:\"is_vat_exempt\";s:0:\"\";s:19:\"calculated_shipping\";s:0:\"\";s:9:\"meta_data\";a:0:{}}\";s:21:\"chosen_payment_method\";s:3:\"cod\";}',1772600716),(60,'t_723ee5c4247565cb47695772464187','a:9:{s:22:\"shipping_for_package_0\";s:92:\"a:2:{s:12:\"package_hash\";s:40:\"wc_ship_4615c7f44746d274f5f29cd1c52e4f3a\";s:5:\"rates\";a:0:{}}\";s:25:\"previous_shipping_methods\";s:16:\"a:1:{i:0;a:0:{}}\";s:23:\"chosen_shipping_methods\";s:17:\"a:1:{i:0;s:0:\"\";}\";s:22:\"shipping_method_counts\";s:14:\"a:1:{i:0;i:0;}\";s:11:\"cart_totals\";s:393:\"a:15:{s:8:\"subtotal\";s:2:\"90\";s:12:\"subtotal_tax\";d:0;s:14:\"shipping_total\";s:1:\"0\";s:12:\"shipping_tax\";d:0;s:14:\"shipping_taxes\";a:0:{}s:14:\"discount_total\";d:0;s:12:\"discount_tax\";d:0;s:19:\"cart_contents_total\";s:2:\"90\";s:17:\"cart_contents_tax\";i:0;s:19:\"cart_contents_taxes\";a:0:{}s:9:\"fee_total\";s:1:\"0\";s:7:\"fee_tax\";d:0;s:9:\"fee_taxes\";a:0:{}s:5:\"total\";s:5:\"90.00\";s:9:\"total_tax\";d:0;}\";s:4:\"cart\";s:410:\"a:1:{s:32:\"c16a5320fa475530d9583c34fd356ef5\";a:11:{s:3:\"key\";s:32:\"c16a5320fa475530d9583c34fd356ef5\";s:10:\"product_id\";i:31;s:12:\"variation_id\";i:0;s:9:\"variation\";a:0:{}s:8:\"quantity\";i:1;s:9:\"data_hash\";s:32:\"b5c1d5ca8bae6d4896cf1807cdf763f0\";s:13:\"line_tax_data\";a:2:{s:8:\"subtotal\";a:0:{}s:5:\"total\";a:0:{}}s:13:\"line_subtotal\";d:90;s:17:\"line_subtotal_tax\";d:0;s:10:\"line_total\";d:90;s:8:\"line_tax\";d:0;}}\";s:21:\"store_api_draft_order\";i:51;s:8:\"customer\";s:2079:\"a:28:{s:2:\"id\";s:1:\"0\";s:13:\"date_modified\";s:0:\"\";s:10:\"first_name\";s:6:\"Lesley\";s:9:\"last_name\";s:6:\"Cooper\";s:7:\"company\";s:0:\"\";s:5:\"phone\";s:11:\"+8802323232\";s:5:\"email\";s:14:\"test@gmail.com\";s:7:\"address\";s:309:\"a:10:{s:10:\"first_name\";s:12:\"Md. Mustakim\";s:9:\"last_name\";s:5:\"Ahmed\";s:5:\"email\";s:22:\"mustakimoorg@gmail.com\";s:5:\"phone\";s:0:\"\";s:9:\"address_1\";s:26:\"Matikata, Dhaka cantonment\";s:9:\"address_2\";s:0:\"\";s:7:\"country\";s:2:\"US\";s:5:\"state\";s:7:\"Alabama\";s:4:\"city\";s:9:\"Abbeville\";s:8:\"postcode\";s:4:\"4400\";}\";s:9:\"address_1\";s:309:\"a:10:{s:10:\"first_name\";s:12:\"Md. Mustakim\";s:9:\"last_name\";s:5:\"Ahmed\";s:5:\"email\";s:22:\"mustakimoorg@gmail.com\";s:5:\"phone\";s:0:\"\";s:9:\"address_1\";s:26:\"Matikata, Dhaka cantonment\";s:9:\"address_2\";s:0:\"\";s:7:\"country\";s:2:\"US\";s:5:\"state\";s:7:\"Alabama\";s:4:\"city\";s:9:\"Abbeville\";s:8:\"postcode\";s:4:\"4400\";}\";s:9:\"address_2\";s:0:\"\";s:4:\"city\";s:8:\"Delaware\";s:5:\"state\";s:5:\"AL-03\";s:8:\"postcode\";s:4:\"4400\";s:7:\"country\";s:2:\"AL\";s:19:\"shipping_first_name\";s:6:\"Lesley\";s:18:\"shipping_last_name\";s:6:\"Cooper\";s:16:\"shipping_company\";s:0:\"\";s:14:\"shipping_phone\";s:11:\"+8802323232\";s:16:\"shipping_address\";s:309:\"a:10:{s:10:\"first_name\";s:12:\"Md. Mustakim\";s:9:\"last_name\";s:5:\"Ahmed\";s:5:\"email\";s:22:\"mustakimoorg@gmail.com\";s:5:\"phone\";s:0:\"\";s:9:\"address_1\";s:26:\"Matikata, Dhaka cantonment\";s:9:\"address_2\";s:0:\"\";s:7:\"country\";s:2:\"US\";s:5:\"state\";s:7:\"Alabama\";s:4:\"city\";s:9:\"Abbeville\";s:8:\"postcode\";s:4:\"4400\";}\";s:18:\"shipping_address_1\";s:309:\"a:10:{s:10:\"first_name\";s:12:\"Md. Mustakim\";s:9:\"last_name\";s:5:\"Ahmed\";s:5:\"email\";s:22:\"mustakimoorg@gmail.com\";s:5:\"phone\";s:0:\"\";s:9:\"address_1\";s:26:\"Matikata, Dhaka cantonment\";s:9:\"address_2\";s:0:\"\";s:7:\"country\";s:2:\"US\";s:5:\"state\";s:7:\"Alabama\";s:4:\"city\";s:9:\"Abbeville\";s:8:\"postcode\";s:4:\"4400\";}\";s:18:\"shipping_address_2\";s:0:\"\";s:13:\"shipping_city\";s:8:\"Delaware\";s:14:\"shipping_state\";s:5:\"AL-03\";s:17:\"shipping_postcode\";s:4:\"4400\";s:16:\"shipping_country\";s:2:\"AL\";s:13:\"is_vat_exempt\";s:0:\"\";s:19:\"calculated_shipping\";s:0:\"\";s:9:\"meta_data\";a:0:{}}\";s:21:\"chosen_payment_method\";s:3:\"cod\";}',1772600874),(77,'10','a:1:{s:8:\"customer\";s:766:\"a:28:{s:2:\"id\";s:2:\"10\";s:13:\"date_modified\";s:0:\"\";s:10:\"first_name\";s:0:\"\";s:9:\"last_name\";s:0:\"\";s:7:\"company\";s:0:\"\";s:5:\"phone\";s:0:\"\";s:5:\"email\";s:22:\"xaxope7731@ostahie.com\";s:7:\"address\";s:0:\"\";s:9:\"address_1\";s:0:\"\";s:9:\"address_2\";s:0:\"\";s:4:\"city\";s:0:\"\";s:5:\"state\";s:2:\"DE\";s:8:\"postcode\";s:0:\"\";s:7:\"country\";s:2:\"US\";s:19:\"shipping_first_name\";s:0:\"\";s:18:\"shipping_last_name\";s:0:\"\";s:16:\"shipping_company\";s:0:\"\";s:14:\"shipping_phone\";s:0:\"\";s:16:\"shipping_address\";s:0:\"\";s:18:\"shipping_address_1\";s:0:\"\";s:18:\"shipping_address_2\";s:0:\"\";s:13:\"shipping_city\";s:0:\"\";s:14:\"shipping_state\";s:2:\"DE\";s:17:\"shipping_postcode\";s:0:\"\";s:16:\"shipping_country\";s:2:\"US\";s:13:\"is_vat_exempt\";s:0:\"\";s:19:\"calculated_shipping\";s:0:\"\";s:9:\"meta_data\";a:0:{}}\";}',1773033230),(95,'t_5f2e495edd3f150987ea8d5b1e6a56','a:1:{s:8:\"customer\";s:879:\"a:28:{s:2:\"id\";s:1:\"8\";s:13:\"date_modified\";s:25:\"2026-03-02T04:25:55+00:00\";s:10:\"first_name\";s:8:\"Maverick\";s:9:\"last_name\";s:4:\"Ezra\";s:7:\"company\";s:0:\"\";s:5:\"phone\";s:0:\"\";s:5:\"email\";s:22:\"nibin45948@ostahie.com\";s:7:\"address\";s:8:\"srtytydu\";s:9:\"address_1\";s:8:\"srtytydu\";s:9:\"address_2\";s:0:\"\";s:4:\"city\";s:10:\"stuydyuiku\";s:5:\"state\";s:2:\"CA\";s:8:\"postcode\";s:5:\"20525\";s:7:\"country\";s:2:\"US\";s:19:\"shipping_first_name\";s:8:\"Maverick\";s:18:\"shipping_last_name\";s:4:\"Ezra\";s:16:\"shipping_company\";s:0:\"\";s:14:\"shipping_phone\";s:0:\"\";s:16:\"shipping_address\";s:8:\"srtytydu\";s:18:\"shipping_address_1\";s:8:\"srtytydu\";s:18:\"shipping_address_2\";s:0:\"\";s:13:\"shipping_city\";s:10:\"stuydyuiku\";s:14:\"shipping_state\";s:2:\"CA\";s:17:\"shipping_postcode\";s:5:\"20525\";s:16:\"shipping_country\";s:2:\"US\";s:13:\"is_vat_exempt\";s:0:\"\";s:19:\"calculated_shipping\";s:0:\"\";s:9:\"meta_data\";a:0:{}}\";}',1772602699),(96,'11','a:1:{s:8:\"customer\";s:766:\"a:28:{s:2:\"id\";s:2:\"11\";s:13:\"date_modified\";s:0:\"\";s:10:\"first_name\";s:0:\"\";s:9:\"last_name\";s:0:\"\";s:7:\"company\";s:0:\"\";s:5:\"phone\";s:0:\"\";s:5:\"email\";s:22:\"pojase8510@ostahie.com\";s:7:\"address\";s:0:\"\";s:9:\"address_1\";s:0:\"\";s:9:\"address_2\";s:0:\"\";s:4:\"city\";s:0:\"\";s:5:\"state\";s:2:\"DE\";s:8:\"postcode\";s:0:\"\";s:7:\"country\";s:2:\"US\";s:19:\"shipping_first_name\";s:0:\"\";s:18:\"shipping_last_name\";s:0:\"\";s:16:\"shipping_company\";s:0:\"\";s:14:\"shipping_phone\";s:0:\"\";s:16:\"shipping_address\";s:0:\"\";s:18:\"shipping_address_1\";s:0:\"\";s:18:\"shipping_address_2\";s:0:\"\";s:13:\"shipping_city\";s:0:\"\";s:14:\"shipping_state\";s:2:\"DE\";s:17:\"shipping_postcode\";s:0:\"\";s:16:\"shipping_country\";s:2:\"US\";s:13:\"is_vat_exempt\";s:0:\"\";s:19:\"calculated_shipping\";s:0:\"\";s:9:\"meta_data\";a:0:{}}\";}',1773034787),(97,'t_d3deb62a51e58a7785e6e5329697fa','a:1:{s:8:\"customer\";s:947:\"a:28:{s:2:\"id\";s:1:\"4\";s:13:\"date_modified\";s:25:\"2026-03-02T04:16:21+00:00\";s:10:\"first_name\";s:6:\"kaison\";s:9:\"last_name\";s:6:\"kaison\";s:7:\"company\";s:0:\"\";s:5:\"phone\";s:0:\"\";s:5:\"email\";s:22:\"pobiget754@ostahie.com\";s:7:\"address\";s:25:\"651 N Broad St, Suite 201\";s:9:\"address_1\";s:25:\"651 N Broad St, Suite 201\";s:9:\"address_2\";s:0:\"\";s:4:\"city\";s:9:\"Abbeville\";s:5:\"state\";s:2:\"AL\";s:8:\"postcode\";s:5:\"19709\";s:7:\"country\";s:2:\"US\";s:19:\"shipping_first_name\";s:6:\"kaison\";s:18:\"shipping_last_name\";s:6:\"kaison\";s:16:\"shipping_company\";s:0:\"\";s:14:\"shipping_phone\";s:0:\"\";s:16:\"shipping_address\";s:25:\"651 N Broad St, Suite 201\";s:18:\"shipping_address_1\";s:25:\"651 N Broad St, Suite 201\";s:18:\"shipping_address_2\";s:0:\"\";s:13:\"shipping_city\";s:9:\"Abbeville\";s:14:\"shipping_state\";s:2:\"AL\";s:17:\"shipping_postcode\";s:5:\"19709\";s:16:\"shipping_country\";s:2:\"US\";s:13:\"is_vat_exempt\";s:0:\"\";s:19:\"calculated_shipping\";s:0:\"\";s:9:\"meta_data\";a:0:{}}\";}',1772602980),(98,'12','a:1:{s:8:\"customer\";s:766:\"a:28:{s:2:\"id\";s:2:\"12\";s:13:\"date_modified\";s:0:\"\";s:10:\"first_name\";s:0:\"\";s:9:\"last_name\";s:0:\"\";s:7:\"company\";s:0:\"\";s:5:\"phone\";s:0:\"\";s:5:\"email\";s:22:\"heyicah626@pazuric.com\";s:7:\"address\";s:0:\"\";s:9:\"address_1\";s:0:\"\";s:9:\"address_2\";s:0:\"\";s:4:\"city\";s:0:\"\";s:5:\"state\";s:2:\"DE\";s:8:\"postcode\";s:0:\"\";s:7:\"country\";s:2:\"US\";s:19:\"shipping_first_name\";s:0:\"\";s:18:\"shipping_last_name\";s:0:\"\";s:16:\"shipping_company\";s:0:\"\";s:14:\"shipping_phone\";s:0:\"\";s:16:\"shipping_address\";s:0:\"\";s:18:\"shipping_address_1\";s:0:\"\";s:18:\"shipping_address_2\";s:0:\"\";s:13:\"shipping_city\";s:0:\"\";s:14:\"shipping_state\";s:2:\"DE\";s:17:\"shipping_postcode\";s:0:\"\";s:16:\"shipping_country\";s:2:\"US\";s:13:\"is_vat_exempt\";s:0:\"\";s:19:\"calculated_shipping\";s:0:\"\";s:9:\"meta_data\";a:0:{}}\";}',1773035083),(99,'13','a:1:{s:8:\"customer\";s:766:\"a:28:{s:2:\"id\";s:2:\"13\";s:13:\"date_modified\";s:0:\"\";s:10:\"first_name\";s:0:\"\";s:9:\"last_name\";s:0:\"\";s:7:\"company\";s:0:\"\";s:5:\"phone\";s:0:\"\";s:5:\"email\";s:22:\"faraca8602@ostahie.com\";s:7:\"address\";s:0:\"\";s:9:\"address_1\";s:0:\"\";s:9:\"address_2\";s:0:\"\";s:4:\"city\";s:0:\"\";s:5:\"state\";s:2:\"DE\";s:8:\"postcode\";s:0:\"\";s:7:\"country\";s:2:\"US\";s:19:\"shipping_first_name\";s:0:\"\";s:18:\"shipping_last_name\";s:0:\"\";s:16:\"shipping_company\";s:0:\"\";s:14:\"shipping_phone\";s:0:\"\";s:16:\"shipping_address\";s:0:\"\";s:18:\"shipping_address_1\";s:0:\"\";s:18:\"shipping_address_2\";s:0:\"\";s:13:\"shipping_city\";s:0:\"\";s:14:\"shipping_state\";s:2:\"DE\";s:17:\"shipping_postcode\";s:0:\"\";s:16:\"shipping_country\";s:2:\"US\";s:13:\"is_vat_exempt\";s:0:\"\";s:19:\"calculated_shipping\";s:0:\"\";s:9:\"meta_data\";a:0:{}}\";}',1773035279),(101,'t_b180105959d2353484f1ae572ea5fb','a:2:{s:8:\"customer\";s:878:\"a:28:{s:2:\"id\";s:1:\"0\";s:13:\"date_modified\";s:0:\"\";s:10:\"first_name\";s:6:\"Marco \";s:9:\"last_name\";s:7:\"Bianchi\";s:7:\"company\";s:0:\"\";s:5:\"phone\";s:0:\"\";s:5:\"email\";s:15:\"marco@gmail.com\";s:7:\"address\";s:16:\"Hill Track Villa\";s:9:\"address_1\";s:16:\"Hill Track Villa\";s:9:\"address_2\";s:0:\"\";s:4:\"city\";s:8:\"Delaware\";s:5:\"state\";s:2:\"DE\";s:8:\"postcode\";s:5:\"47826\";s:7:\"country\";s:2:\"US\";s:19:\"shipping_first_name\";s:6:\"Marco \";s:18:\"shipping_last_name\";s:7:\"Bianchi\";s:16:\"shipping_company\";s:0:\"\";s:14:\"shipping_phone\";s:0:\"\";s:16:\"shipping_address\";s:16:\"Hill Track Villa\";s:18:\"shipping_address_1\";s:16:\"Hill Track Villa\";s:18:\"shipping_address_2\";s:0:\"\";s:13:\"shipping_city\";s:8:\"Delaware\";s:14:\"shipping_state\";s:2:\"DE\";s:17:\"shipping_postcode\";s:5:\"47826\";s:16:\"shipping_country\";s:2:\"US\";s:13:\"is_vat_exempt\";s:0:\"\";s:19:\"calculated_shipping\";s:0:\"\";s:9:\"meta_data\";a:0:{}}\";s:21:\"chosen_payment_method\";s:3:\"cod\";}',1772604286),(123,'t_1d74755b92670a1088003751c2135b','a:2:{s:8:\"customer\";s:898:\"a:28:{s:2:\"id\";s:1:\"0\";s:13:\"date_modified\";s:0:\"\";s:10:\"first_name\";s:7:\"Gabriel\";s:9:\"last_name\";s:6:\"Moreau\";s:7:\"company\";s:0:\"\";s:5:\"phone\";s:0:\"\";s:5:\"email\";s:17:\"gabriel@gmail.com\";s:7:\"address\";s:21:\"North Pole, Hill Side\";s:9:\"address_1\";s:21:\"North Pole, Hill Side\";s:9:\"address_2\";s:0:\"\";s:4:\"city\";s:7:\"Florida\";s:5:\"state\";s:2:\"FL\";s:8:\"postcode\";s:5:\"14789\";s:7:\"country\";s:2:\"US\";s:19:\"shipping_first_name\";s:7:\"Gabriel\";s:18:\"shipping_last_name\";s:6:\"Moreau\";s:16:\"shipping_company\";s:0:\"\";s:14:\"shipping_phone\";s:0:\"\";s:16:\"shipping_address\";s:21:\"North Pole, Hill Side\";s:18:\"shipping_address_1\";s:21:\"North Pole, Hill Side\";s:18:\"shipping_address_2\";s:0:\"\";s:13:\"shipping_city\";s:7:\"Florida\";s:14:\"shipping_state\";s:2:\"FL\";s:17:\"shipping_postcode\";s:5:\"14789\";s:16:\"shipping_country\";s:2:\"US\";s:13:\"is_vat_exempt\";s:0:\"\";s:19:\"calculated_shipping\";s:0:\"\";s:9:\"meta_data\";a:0:{}}\";s:21:\"chosen_payment_method\";s:3:\"cod\";}',1772604570),(140,'t_85e8f6866ef3dacdcd40b771bcb13b','a:2:{s:8:\"customer\";s:864:\"a:28:{s:2:\"id\";s:1:\"0\";s:13:\"date_modified\";s:0:\"\";s:10:\"first_name\";s:5:\"Jerry\";s:9:\"last_name\";s:4:\"Gary\";s:7:\"company\";s:0:\"\";s:5:\"phone\";s:0:\"\";s:5:\"email\";s:15:\"jerry@gmail.com\";s:7:\"address\";s:15:\"127 Street Road\";s:9:\"address_1\";s:15:\"127 Street Road\";s:9:\"address_2\";s:0:\"\";s:4:\"city\";s:7:\"Arizona\";s:5:\"state\";s:2:\"AZ\";s:8:\"postcode\";s:5:\"14789\";s:7:\"country\";s:2:\"US\";s:19:\"shipping_first_name\";s:5:\"Jerry\";s:18:\"shipping_last_name\";s:4:\"Gary\";s:16:\"shipping_company\";s:0:\"\";s:14:\"shipping_phone\";s:0:\"\";s:16:\"shipping_address\";s:15:\"127 Street Road\";s:18:\"shipping_address_1\";s:15:\"127 Street Road\";s:18:\"shipping_address_2\";s:0:\"\";s:13:\"shipping_city\";s:7:\"Arizona\";s:14:\"shipping_state\";s:2:\"AZ\";s:17:\"shipping_postcode\";s:5:\"14789\";s:16:\"shipping_country\";s:2:\"US\";s:13:\"is_vat_exempt\";s:0:\"\";s:19:\"calculated_shipping\";s:0:\"\";s:9:\"meta_data\";a:0:{}}\";s:21:\"chosen_payment_method\";s:3:\"cod\";}',1772605205),(146,'14','a:2:{s:8:\"customer\";s:919:\"a:28:{s:2:\"id\";s:2:\"14\";s:13:\"date_modified\";s:25:\"2026-03-02T06:47:26+00:00\";s:10:\"first_name\";s:5:\"Jimmy\";s:9:\"last_name\";s:3:\"doe\";s:7:\"company\";s:0:\"\";s:5:\"phone\";s:0:\"\";s:5:\"email\";s:15:\"jimmy@gmail.com\";s:7:\"address\";s:24:\"12/C Park, Hillside Area\";s:9:\"address_1\";s:24:\"12/C Park, Hillside Area\";s:9:\"address_2\";s:0:\"\";s:4:\"city\";s:4:\"Lowa\";s:5:\"state\";s:2:\"IA\";s:8:\"postcode\";s:5:\"17489\";s:7:\"country\";s:2:\"US\";s:19:\"shipping_first_name\";s:5:\"Jimmy\";s:18:\"shipping_last_name\";s:3:\"doe\";s:16:\"shipping_company\";s:0:\"\";s:14:\"shipping_phone\";s:0:\"\";s:16:\"shipping_address\";s:24:\"12/C Park, Hillside Area\";s:18:\"shipping_address_1\";s:24:\"12/C Park, Hillside Area\";s:18:\"shipping_address_2\";s:0:\"\";s:13:\"shipping_city\";s:4:\"Lowa\";s:14:\"shipping_state\";s:2:\"IA\";s:17:\"shipping_postcode\";s:5:\"17489\";s:16:\"shipping_country\";s:2:\"US\";s:13:\"is_vat_exempt\";s:0:\"\";s:19:\"calculated_shipping\";s:0:\"\";s:9:\"meta_data\";a:0:{}}\";s:21:\"chosen_payment_method\";s:3:\"cod\";}',1773038739),(147,'7','a:1:{s:8:\"customer\";s:787:\"a:28:{s:2:\"id\";s:1:\"7\";s:13:\"date_modified\";s:25:\"2026-03-02T06:18:27+00:00\";s:10:\"first_name\";s:0:\"\";s:9:\"last_name\";s:0:\"\";s:7:\"company\";s:0:\"\";s:5:\"phone\";s:0:\"\";s:5:\"email\";s:18:\"isabella@gmail.com\";s:7:\"address\";s:0:\"\";s:9:\"address_1\";s:0:\"\";s:9:\"address_2\";s:0:\"\";s:4:\"city\";s:0:\"\";s:5:\"state\";s:2:\"DE\";s:8:\"postcode\";s:0:\"\";s:7:\"country\";s:2:\"US\";s:19:\"shipping_first_name\";s:0:\"\";s:18:\"shipping_last_name\";s:0:\"\";s:16:\"shipping_company\";s:0:\"\";s:14:\"shipping_phone\";s:0:\"\";s:16:\"shipping_address\";s:0:\"\";s:18:\"shipping_address_1\";s:0:\"\";s:18:\"shipping_address_2\";s:0:\"\";s:13:\"shipping_city\";s:0:\"\";s:14:\"shipping_state\";s:2:\"DE\";s:17:\"shipping_postcode\";s:0:\"\";s:16:\"shipping_country\";s:2:\"US\";s:13:\"is_vat_exempt\";s:0:\"\";s:19:\"calculated_shipping\";s:0:\"\";s:9:\"meta_data\";a:0:{}}\";}',1773038001),(164,'t_678e7e28fa952e477da84307195b3a','a:2:{s:8:\"customer\";s:854:\"a:28:{s:2:\"id\";s:1:\"0\";s:13:\"date_modified\";s:0:\"\";s:10:\"first_name\";s:5:\"Julia\";s:9:\"last_name\";s:3:\"Ray\";s:7:\"company\";s:0:\"\";s:5:\"phone\";s:0:\"\";s:5:\"email\";s:15:\"Julia@gmail.com\";s:7:\"address\";s:13:\"New Town Road\";s:9:\"address_1\";s:13:\"New Town Road\";s:9:\"address_2\";s:0:\"\";s:4:\"city\";s:7:\"Indiana\";s:5:\"state\";s:2:\"IN\";s:8:\"postcode\";s:5:\"37984\";s:7:\"country\";s:2:\"US\";s:19:\"shipping_first_name\";s:5:\"Julia\";s:18:\"shipping_last_name\";s:3:\"Ray\";s:16:\"shipping_company\";s:0:\"\";s:14:\"shipping_phone\";s:0:\"\";s:16:\"shipping_address\";s:13:\"New Town Road\";s:18:\"shipping_address_1\";s:13:\"New Town Road\";s:18:\"shipping_address_2\";s:0:\"\";s:13:\"shipping_city\";s:7:\"Indiana\";s:14:\"shipping_state\";s:2:\"IN\";s:17:\"shipping_postcode\";s:5:\"37984\";s:16:\"shipping_country\";s:2:\"US\";s:13:\"is_vat_exempt\";s:0:\"\";s:19:\"calculated_shipping\";s:0:\"\";s:9:\"meta_data\";a:0:{}}\";s:21:\"chosen_payment_method\";s:3:\"cod\";}',1772606946);

--
-- Table structure for table `wp_7_woocommerce_shipping_zone_locations`
--

CREATE TABLE `wp_7_woocommerce_shipping_zone_locations` (
  `location_id` bigint unsigned NOT NULL AUTO_INCREMENT,
  `zone_id` bigint unsigned NOT NULL,
  `location_code` varchar(200) CHARACTER SET utf8mb4 COLLATE utf8mb4_unicode_520_ci NOT NULL,
  `location_type` varchar(40) CHARACTER SET utf8mb4 COLLATE utf8mb4_unicode_520_ci NOT NULL,
  PRIMARY KEY (`location_id`),
  KEY `zone_id` (`zone_id`),
  KEY `location_type_code` (`location_type`(10),`location_code`(20))
) ENGINE=InnoDB AUTO_INCREMENT=2 DEFAULT CHARSET=utf8mb4 COLLATE=utf8mb4_unicode_520_ci;

--
-- Dumping data for table `wp_7_woocommerce_shipping_zone_locations`
--

INSERT INTO `wp_7_woocommerce_shipping_zone_locations` VALUES (1,1,'US','country');

--
-- Table structure for table `wp_7_woocommerce_shipping_zone_methods`
--

CREATE TABLE `wp_7_woocommerce_shipping_zone_methods` (
  `zone_id` bigint unsigned NOT NULL,
  `instance_id` bigint unsigned NOT NULL AUTO_INCREMENT,
  `method_id` varchar(200) CHARACTER SET utf8mb4 COLLATE utf8mb4_unicode_520_ci NOT NULL,
  `method_order` bigint unsigned NOT NULL,
  `is_enabled` tinyint(1) NOT NULL DEFAULT '1',
  PRIMARY KEY (`instance_id`)
) ENGINE=InnoDB AUTO_INCREMENT=2 DEFAULT CHARSET=utf8mb4 COLLATE=utf8mb4_unicode_520_ci;

--
-- Dumping data for table `wp_7_woocommerce_shipping_zone_methods`
--

INSERT INTO `wp_7_woocommerce_shipping_zone_methods` VALUES (1,1,'free_shipping',1,1);

--
-- Table structure for table `wp_7_woocommerce_shipping_zones`
--

CREATE TABLE `wp_7_woocommerce_shipping_zones` (
  `zone_id` bigint unsigned NOT NULL AUTO_INCREMENT,
  `zone_name` varchar(200) CHARACTER SET utf8mb4 COLLATE utf8mb4_unicode_520_ci NOT NULL,
  `zone_order` bigint unsigned NOT NULL,
  PRIMARY KEY (`zone_id`)
) ENGINE=InnoDB AUTO_INCREMENT=2 DEFAULT CHARSET=utf8mb4 COLLATE=utf8mb4_unicode_520_ci;

--
-- Dumping data for table `wp_7_woocommerce_shipping_zones`
--

INSERT INTO `wp_7_woocommerce_shipping_zones` VALUES (1,'United States (US)',0);

--
-- Table structure for table `wp_7_woocommerce_tax_rate_locations`
--

CREATE TABLE `wp_7_woocommerce_tax_rate_locations` (
  `location_id` bigint unsigned NOT NULL AUTO_INCREMENT,
  `location_code` varchar(200) CHARACTER SET utf8mb4 COLLATE utf8mb4_unicode_520_ci NOT NULL,
  `tax_rate_id` bigint unsigned NOT NULL,
  `location_type` varchar(40) CHARACTER SET utf8mb4 COLLATE utf8mb4_unicode_520_ci NOT NULL,
  PRIMARY KEY (`location_id`),
  KEY `tax_rate_id` (`tax_rate_id`),
  KEY `location_type_code` (`location_type`(10),`location_code`(20))
) ENGINE=InnoDB DEFAULT CHARSET=utf8mb4 COLLATE=utf8mb4_unicode_520_ci;

--
-- Dumping data for table `wp_7_woocommerce_tax_rate_locations`
--


--
-- Table structure for table `wp_7_woocommerce_tax_rates`
--

CREATE TABLE `wp_7_woocommerce_tax_rates` (
  `tax_rate_id` bigint unsigned NOT NULL AUTO_INCREMENT,
  `tax_rate_country` varchar(2) CHARACTER SET utf8mb4 COLLATE utf8mb4_unicode_520_ci NOT NULL DEFAULT '',
  `tax_rate_state` varchar(200) CHARACTER SET utf8mb4 COLLATE utf8mb4_unicode_520_ci NOT NULL DEFAULT '',
  `tax_rate` varchar(8) CHARACTER SET utf8mb4 COLLATE utf8mb4_unicode_520_ci NOT NULL DEFAULT '',
  `tax_rate_name` varchar(200) CHARACTER SET utf8mb4 COLLATE utf8mb4_unicode_520_ci NOT NULL DEFAULT '',
  `tax_rate_priority` bigint unsigned NOT NULL,
  `tax_rate_compound` int NOT NULL DEFAULT '0',
  `tax_rate_shipping` int NOT NULL DEFAULT '1',
  `tax_rate_order` bigint unsigned NOT NULL,
  `tax_rate_class` varchar(200) CHARACTER SET utf8mb4 COLLATE utf8mb4_unicode_520_ci NOT NULL DEFAULT '',
  PRIMARY KEY (`tax_rate_id`),
  KEY `tax_rate_country` (`tax_rate_country`),
  KEY `tax_rate_state` (`tax_rate_state`(2)),
  KEY `tax_rate_class` (`tax_rate_class`(10)),
  KEY `tax_rate_priority` (`tax_rate_priority`)
) ENGINE=InnoDB DEFAULT CHARSET=utf8mb4 COLLATE=utf8mb4_unicode_520_ci;

--
-- Dumping data for table `wp_7_woocommerce_tax_rates`
--


--
-- Table structure for table `wp_8_ec_attribute_values`
--

CREATE TABLE `wp_8_ec_attribute_values` (
  `id` bigint unsigned NOT NULL AUTO_INCREMENT,
  `attribute_id` bigint unsigned NOT NULL,
  `name` varchar(255) CHARACTER SET utf8mb4 COLLATE utf8mb4_unicode_520_ci NOT NULL,
  `slug` varchar(255) CHARACTER SET utf8mb4 COLLATE utf8mb4_unicode_520_ci NOT NULL,
  `value` varchar(255) CHARACTER SET utf8mb4 COLLATE utf8mb4_unicode_520_ci NOT NULL,
  PRIMARY KEY (`id`),
  KEY `index_attribute_id` (`attribute_id`),
  KEY `index_slug` (`slug`)
) ENGINE=InnoDB AUTO_INCREMENT=19 DEFAULT CHARSET=utf8mb4 COLLATE=utf8mb4_unicode_520_ci;

--
-- Dumping data for table `wp_8_ec_attribute_values`
--

INSERT INTO `wp_8_ec_attribute_values` VALUES (1,1,'White','White','#FFFFFF'),(2,1,'Gray','Gray','#808080'),(3,2,'S','S','s'),(4,2,'XL','XL','xl'),(5,1,'Black','Black','#000000'),(6,1,'Pink','Pink','#FFC0CB'),(7,2,'M','M','m'),(8,2,'XXL','XXL','xxl'),(9,1,'Light','Light','#ADD8E6'),(10,1,'Blue','Blue','#00008B'),(11,2,'L','L','l'),(12,1,'Brown','Brown','#8B4513'),(13,2,'Standard','Standard','standard'),(14,2,'Large','Large','large'),(15,1,'Beige','Beige','#F5F5DC'),(16,1,'Navy','Navy','#000080'),(17,2,'7','7','7'),(18,2,'8','8','8');

--
-- Table structure for table `wp_8_ec_attributes`
--

CREATE TABLE `wp_8_ec_attributes` (
  `id` bigint unsigned NOT NULL AUTO_INCREMENT,
  `name` varchar(255) CHARACTER SET utf8mb4 COLLATE utf8mb4_unicode_520_ci NOT NULL,
  `slug` varchar(255) CHARACTER SET utf8mb4 COLLATE utf8mb4_unicode_520_ci NOT NULL,
  `type` varchar(255) CHARACTER SET utf8mb4 COLLATE utf8mb4_unicode_520_ci NOT NULL,
  `created_at` timestamp NULL DEFAULT CURRENT_TIMESTAMP,
  PRIMARY KEY (`id`),
  UNIQUE KEY `slug` (`slug`),
  UNIQUE KEY `unique_slug` (`slug`)
) ENGINE=InnoDB AUTO_INCREMENT=3 DEFAULT CHARSET=utf8mb4 COLLATE=utf8mb4_unicode_520_ci;

--
-- Dumping data for table `wp_8_ec_attributes`
--

INSERT INTO `wp_8_ec_attributes` VALUES (1,'Color','color','Color','2026-02-25 15:28:15'),(2,'Size','size','Text','2026-02-25 15:28:15');

--
-- Table structure for table `wp_8_ec_cart_sessions`
--

CREATE TABLE `wp_8_ec_cart_sessions` (
  `id` bigint unsigned NOT NULL AUTO_INCREMENT,
  `hash` varchar(255) CHARACTER SET utf8mb4 COLLATE utf8mb4_unicode_520_ci NOT NULL,
  `data` longtext CHARACTER SET utf8mb4 COLLATE utf8mb4_unicode_520_ci NOT NULL,
  `status` enum('pending','abandoned','cancelled','completed') CHARACTER SET utf8mb4 COLLATE utf8mb4_unicode_520_ci DEFAULT 'pending',
  `payment_attempts` int unsigned DEFAULT '0',
  `user_id` bigint unsigned DEFAULT NULL,
  `customer_name` varchar(255) CHARACTER SET utf8mb4 COLLATE utf8mb4_unicode_520_ci DEFAULT NULL,
  `customer_email` varchar(255) CHARACTER SET utf8mb4 COLLATE utf8mb4_unicode_520_ci DEFAULT NULL,
  `reminders` int DEFAULT '0',
  `created_at` timestamp NULL DEFAULT CURRENT_TIMESTAMP,
  `updated_at` timestamp NULL DEFAULT CURRENT_TIMESTAMP ON UPDATE CURRENT_TIMESTAMP,
  PRIMARY KEY (`id`),
  UNIQUE KEY `hash` (`hash`),
  KEY `index_user_id` (`user_id`),
  KEY `index_hash` (`hash`),
  KEY `index_status` (`status`),
  KEY `index_customer_email` (`customer_email`)
) ENGINE=InnoDB DEFAULT CHARSET=utf8mb4 COLLATE=utf8mb4_unicode_520_ci;

--
-- Dumping data for table `wp_8_ec_cart_sessions`
--


--
-- Table structure for table `wp_8_ec_coupon_rules`
--

CREATE TABLE `wp_8_ec_coupon_rules` (
  `id` bigint unsigned NOT NULL AUTO_INCREMENT,
  `coupon_id` bigint unsigned NOT NULL,
  `type` varchar(50) CHARACTER SET utf8mb4 COLLATE utf8mb4_unicode_520_ci NOT NULL,
  `value` text CHARACTER SET utf8mb4 COLLATE utf8mb4_unicode_520_ci NOT NULL,
  PRIMARY KEY (`id`),
  KEY `index_coupon_id` (`coupon_id`)
) ENGINE=InnoDB DEFAULT CHARSET=utf8mb4 COLLATE=utf8mb4_unicode_520_ci;

--
-- Dumping data for table `wp_8_ec_coupon_rules`
--


--
-- Table structure for table `wp_8_ec_coupons`
--

CREATE TABLE `wp_8_ec_coupons` (
  `id` bigint unsigned NOT NULL AUTO_INCREMENT,
  `status` tinyint(1) NOT NULL DEFAULT '1',
  `name` varchar(255) CHARACTER SET utf8mb4 COLLATE utf8mb4_unicode_520_ci NOT NULL,
  `code` varchar(50) CHARACTER SET utf8mb4 COLLATE utf8mb4_unicode_520_ci NOT NULL,
  `type` varchar(20) CHARACTER SET utf8mb4 COLLATE utf8mb4_unicode_520_ci NOT NULL,
  `offer` text CHARACTER SET utf8mb4 COLLATE utf8mb4_unicode_520_ci NOT NULL,
  `active` tinyint(1) NOT NULL DEFAULT '1',
  `created_at` timestamp NULL DEFAULT CURRENT_TIMESTAMP,
  `updated_at` timestamp NULL DEFAULT CURRENT_TIMESTAMP ON UPDATE CURRENT_TIMESTAMP,
  PRIMARY KEY (`id`),
  UNIQUE KEY `code` (`code`),
  UNIQUE KEY `unique_code` (`code`)
) ENGINE=InnoDB DEFAULT CHARSET=utf8mb4 COLLATE=utf8mb4_unicode_520_ci;

--
-- Dumping data for table `wp_8_ec_coupons`
--


--
-- Table structure for table `wp_8_ec_logs`
--

CREATE TABLE `wp_8_ec_logs` (
  `id` bigint unsigned NOT NULL AUTO_INCREMENT,
  `object` varchar(50) CHARACTER SET utf8mb4 COLLATE utf8mb4_unicode_520_ci NOT NULL,
  `action` varchar(50) CHARACTER SET utf8mb4 COLLATE utf8mb4_unicode_520_ci NOT NULL,
  `object_id` bigint unsigned DEFAULT NULL,
  `user_id` bigint unsigned DEFAULT NULL,
  `note` text CHARACTER SET utf8mb4 COLLATE utf8mb4_unicode_520_ci,
  `ip_address` varchar(45) CHARACTER SET utf8mb4 COLLATE utf8mb4_unicode_520_ci DEFAULT NULL,
  `seen` tinyint(1) NOT NULL DEFAULT '0',
  `type` varchar(40) CHARACTER SET utf8mb4 COLLATE utf8mb4_unicode_520_ci NOT NULL DEFAULT 'info',
  `meta` longtext CHARACTER SET utf8mb4 COLLATE utf8mb4_unicode_520_ci,
  `is_public` tinyint(1) NOT NULL DEFAULT '1',
  `created_at` timestamp NULL DEFAULT CURRENT_TIMESTAMP,
  PRIMARY KEY (`id`),
  KEY `index_object` (`object`),
  KEY `index_object_id` (`object_id`),
  KEY `index_created_at` (`created_at`),
  KEY `index_user_id` (`user_id`),
  KEY `index_is_public` (`is_public`)
) ENGINE=InnoDB DEFAULT CHARSET=utf8mb4 COLLATE=utf8mb4_unicode_520_ci;

--
-- Dumping data for table `wp_8_ec_logs`
--


--
-- Table structure for table `wp_8_ec_order_item_meta`
--

CREATE TABLE `wp_8_ec_order_item_meta` (
  `id` bigint unsigned NOT NULL AUTO_INCREMENT,
  `order_item_id` bigint unsigned NOT NULL,
  `meta_key` varchar(255) CHARACTER SET utf8mb4 COLLATE utf8mb4_unicode_520_ci NOT NULL,
  `meta_value` text CHARACTER SET utf8mb4 COLLATE utf8mb4_unicode_520_ci NOT NULL,
  PRIMARY KEY (`id`),
  KEY `index_order_item_id` (`order_item_id`)
) ENGINE=InnoDB DEFAULT CHARSET=utf8mb4 COLLATE=utf8mb4_unicode_520_ci;

--
-- Dumping data for table `wp_8_ec_order_item_meta`
--


--
-- Table structure for table `wp_8_ec_order_items`
--

CREATE TABLE `wp_8_ec_order_items` (
  `id` bigint unsigned NOT NULL AUTO_INCREMENT,
  `order_id` bigint unsigned NOT NULL,
  `product_id` bigint unsigned NOT NULL,
  `price_id` bigint unsigned DEFAULT NULL,
  `variation_id` bigint unsigned DEFAULT NULL,
  `quantity` int NOT NULL DEFAULT '1',
  `rate` decimal(10,2) DEFAULT NULL,
  `price` decimal(10,2) DEFAULT NULL,
  `tax_class_id` bigint unsigned DEFAULT NULL,
  `tax_rate` decimal(10,4) DEFAULT NULL,
  `subtotal` decimal(10,2) DEFAULT NULL,
  PRIMARY KEY (`id`),
  KEY `index_order_id` (`order_id`),
  KEY `index_product_id` (`product_id`),
  KEY `index_variation_id` (`variation_id`)
) ENGINE=InnoDB DEFAULT CHARSET=utf8mb4 COLLATE=utf8mb4_unicode_520_ci;

--
-- Dumping data for table `wp_8_ec_order_items`
--


--
-- Table structure for table `wp_8_ec_order_meta`
--

CREATE TABLE `wp_8_ec_order_meta` (
  `id` bigint unsigned NOT NULL AUTO_INCREMENT,
  `order_id` bigint unsigned NOT NULL,
  `meta_key` varchar(255) CHARACTER SET utf8mb4 COLLATE utf8mb4_unicode_520_ci NOT NULL,
  `meta_value` text CHARACTER SET utf8mb4 COLLATE utf8mb4_unicode_520_ci,
  PRIMARY KEY (`id`),
  KEY `index_order_id` (`order_id`),
  KEY `index_meta_key` (`meta_key`)
) ENGINE=InnoDB DEFAULT CHARSET=utf8mb4 COLLATE=utf8mb4_unicode_520_ci;

--
-- Dumping data for table `wp_8_ec_order_meta`
--


--
-- Table structure for table `wp_8_ec_orders`
--

CREATE TABLE `wp_8_ec_orders` (
  `id` bigint unsigned NOT NULL AUTO_INCREMENT,
  `customer_id` bigint unsigned NOT NULL,
  `total` decimal(10,2) NOT NULL,
  `status` enum('pending','processing','completed','cancelled','on_hold','partially_refunded','refunded') CHARACTER SET utf8mb4 COLLATE utf8mb4_unicode_520_ci NOT NULL DEFAULT 'pending',
  `fulfill_status` enum('unfulfilled','fulfilled','partially_fulfilled','shipped','delivered','returned') CHARACTER SET utf8mb4 COLLATE utf8mb4_unicode_520_ci NOT NULL DEFAULT 'unfulfilled',
  `payment_method` varchar(255) CHARACTER SET utf8mb4 COLLATE utf8mb4_unicode_520_ci NOT NULL,
  `created_at` timestamp NULL DEFAULT CURRENT_TIMESTAMP,
  `updated_at` timestamp NULL DEFAULT CURRENT_TIMESTAMP ON UPDATE CURRENT_TIMESTAMP,
  PRIMARY KEY (`id`),
  KEY `index_customer_id` (`customer_id`)
) ENGINE=InnoDB DEFAULT CHARSET=utf8mb4 COLLATE=utf8mb4_unicode_520_ci;

--
-- Dumping data for table `wp_8_ec_orders`
--


--
-- Table structure for table `wp_8_ec_product_meta`
--

CREATE TABLE `wp_8_ec_product_meta` (
  `id` bigint unsigned NOT NULL AUTO_INCREMENT,
  `product_id` bigint unsigned NOT NULL,
  `meta_key` varchar(255) CHARACTER SET utf8mb4 COLLATE utf8mb4_unicode_520_ci NOT NULL,
  `meta_value` text CHARACTER SET utf8mb4 COLLATE utf8mb4_unicode_520_ci NOT NULL,
  PRIMARY KEY (`id`),
  KEY `index_product_id` (`product_id`),
  KEY `index_meta_key` (`meta_key`)
) ENGINE=InnoDB AUTO_INCREMENT=101 DEFAULT CHARSET=utf8mb4 COLLATE=utf8mb4_unicode_520_ci;

--
-- Dumping data for table `wp_8_ec_product_meta`
--

INSERT INTO `wp_8_ec_product_meta` VALUES (1,11,'description','Stay active and comfortable with these high-performance sports shoes. Designed with breathable materials, cushioned soles, and durable traction, they provide excellent support and comfort for running, training, or everyday wear. Perfect for style and performance on any surface.'),(2,11,'summary','High-performance sports shoes for active lifestyle'),(3,11,'attributes','s:6:\"a:0:{}\";'),(4,11,'gallery','s:268:\"a:2:{i:0;a:3:{s:2:\"id\";i:8;s:3:\"url\";s:58:\"https://cdn.easycommerce.dev/images/samples/green-shoe.jpg\";s:5:\"title\";s:5:\"Test3\";}i:1;a:3:{s:2:\"id\";i:9;s:3:\"url\";s:59:\"https://cdn.easycommerce.dev/images/samples/orange-shoe.jpg\";s:5:\"title\";s:19:\"Sports Shoe For Men\";}}\";'),(5,11,'template','template-1'),(6,11,'show_review','1'),(7,11,'review_text_mandatory',''),(8,11,'hide_from_shop',''),(9,11,'noindex',''),(10,11,'publish_date','2026-02-25'),(11,19,'description','Experience ultimate comfort with our classic cotton t-shirt. Made from 100% premium cotton, this versatile piece features a comfortable fit and is perfect for casual wear. Available in multiple colors and sizes to suit your style.'),(12,19,'summary','Comfortable everyday cotton t-shirt'),(13,19,'attributes','s:318:\"a:2:{i:0;a:2:{s:2:\"id\";s:1:\"1\";s:6:\"values\";a:2:{i:0;a:2:{s:2:\"id\";s:1:\"1\";s:12:\"attribute_id\";s:1:\"1\";}i:1;a:2:{s:2:\"id\";s:1:\"2\";s:12:\"attribute_id\";s:1:\"1\";}}}i:1;a:2:{s:2:\"id\";s:1:\"2\";s:6:\"values\";a:2:{i:0;a:2:{s:2:\"id\";s:1:\"3\";s:12:\"attribute_id\";s:1:\"2\";}i:1;a:2:{s:2:\"id\";s:1:\"4\";s:12:\"attribute_id\";s:1:\"2\";}}}}\";'),(14,19,'gallery','s:305:\"a:2:{i:0;a:3:{s:2:\"id\";i:16;s:3:\"url\";s:72:\"https://cdn.easycommerce.dev/images/samples/classic-cotton-t-shirt-2.jpg\";s:5:\"title\";s:16:\"Navy Alternative\";}i:1;a:3:{s:2:\"id\";i:17;s:3:\"url\";s:72:\"https://cdn.easycommerce.dev/images/samples/classic-cotton-t-shirt-1.jpg\";s:5:\"title\";s:15:\"Classic T-Shirt\";}}\";'),(15,19,'template','template-1'),(16,19,'show_review','1'),(17,19,'review_text_mandatory',''),(18,19,'hide_from_shop',''),(19,19,'noindex',''),(20,19,'publish_date','2026-02-25'),(21,26,'description','Stay warm and stylish with our premium hoodie. Made from high-quality fleece material, this hoodie offers comfort and durability. Perfect for casual wear or layering.'),(22,26,'summary','Warm and stylish hoodie for all seasons'),(23,26,'attributes','s:318:\"a:2:{i:0;a:2:{s:2:\"id\";s:1:\"1\";s:6:\"values\";a:2:{i:0;a:2:{s:2:\"id\";s:1:\"5\";s:12:\"attribute_id\";s:1:\"1\";}i:1;a:2:{s:2:\"id\";s:1:\"6\";s:12:\"attribute_id\";s:1:\"1\";}}}i:1;a:2:{s:2:\"id\";s:1:\"2\";s:6:\"values\";a:2:{i:0;a:2:{s:2:\"id\";s:1:\"7\";s:12:\"attribute_id\";s:1:\"2\";}i:1;a:2:{s:2:\"id\";s:1:\"8\";s:12:\"attribute_id\";s:1:\"2\";}}}}\";'),(24,26,'gallery','s:290:\"a:2:{i:0;a:3:{s:2:\"id\";i:23;s:3:\"url\";s:64:\"https://cdn.easycommerce.dev/images/samples/premium-hoodie-3.jpg\";s:5:\"title\";s:18:\"Alternative Colors\";}i:1;a:3:{s:2:\"id\";i:24;s:3:\"url\";s:64:\"https://cdn.easycommerce.dev/images/samples/premium-hoodie-2.jpg\";s:5:\"title\";s:14:\"Premium Hoodie\";}}\";'),(25,26,'template','template-1'),(26,26,'show_review','1'),(27,26,'review_text_mandatory',''),(28,26,'hide_from_shop',''),(29,26,'noindex',''),(30,26,'publish_date','2026-02-25'),(31,31,'description','Elevate your style with this elegant ladies bag, crafted from premium materials for a chic and durable finish. Featuring spacious compartments and a stylish design, it\'s perfect for both casual outings and special occasions. A perfect blend of fashion and functionality.'),(32,31,'summary','Elegant and spacious ladies bag'),(33,31,'attributes','s:6:\"a:0:{}\";'),(34,31,'gallery','s:260:\"a:2:{i:0;a:3:{s:2:\"id\";i:28;s:3:\"url\";s:56:\"https://cdn.easycommerce.dev/images/samples/pink-bag.jpg\";s:5:\"title\";s:4:\"test\";}i:1;a:3:{s:2:\"id\";i:29;s:3:\"url\";s:57:\"https://cdn.easycommerce.dev/images/samples/black-bag.jpg\";s:5:\"title\";s:14:\"Bags for Women\";}}\";'),(35,31,'template','template-1'),(36,31,'show_review','1'),(37,31,'review_text_mandatory',''),(38,31,'hide_from_shop',''),(39,31,'noindex',''),(40,31,'publish_date','2026-02-25'),(41,38,'description','A timeless classic, this casual denim jacket is crafted from high-quality denim for durability and comfort. Featuring a regular fit and classic metal buttons, it\'s a versatile layering piece perfect for cool evenings or casual outings.'),(42,38,'summary','Stylish and durable denim jacket for everyday wear'),(43,38,'attributes','s:320:\"a:2:{i:0;a:2:{s:2:\"id\";s:1:\"1\";s:6:\"values\";a:2:{i:0;a:2:{s:2:\"id\";s:1:\"9\";s:12:\"attribute_id\";s:1:\"1\";}i:1;a:2:{s:2:\"id\";s:2:\"10\";s:12:\"attribute_id\";s:1:\"1\";}}}i:1;a:2:{s:2:\"id\";s:1:\"2\";s:6:\"values\";a:2:{i:0;a:2:{s:2:\"id\";s:1:\"7\";s:12:\"attribute_id\";s:1:\"2\";}i:1;a:2:{s:2:\"id\";s:2:\"11\";s:12:\"attribute_id\";s:1:\"2\";}}}}\";'),(44,38,'gallery','s:295:\"a:2:{i:0;a:3:{s:2:\"id\";i:35;s:3:\"url\";s:69:\"https://cdn.easycommerce.dev/images/samples/casual-denim-jacket-3.jpg\";s:5:\"title\";s:9:\"Back View\";}i:1;a:3:{s:2:\"id\";i:36;s:3:\"url\";s:69:\"https://cdn.easycommerce.dev/images/samples/casual-denim-jacket-1.jpg\";s:5:\"title\";s:19:\"Casual Denim Jacket\";}}\";'),(45,38,'template','template-1'),(46,38,'show_review','1'),(47,38,'review_text_mandatory',''),(48,38,'hide_from_shop',''),(49,38,'noindex',''),(50,38,'publish_date','2026-02-25'),(51,44,'description','Elevate your style with these fashionable sunglasses featuring 100% UV protection lenses. With a lightweight and durable frame, they offer all-day comfort and a sleek, modern look perfect for any outdoor activity.'),(52,44,'summary','UV protection sunglasses with modern design'),(53,44,'attributes','s:321:\"a:2:{i:0;a:2:{s:2:\"id\";s:1:\"1\";s:6:\"values\";a:2:{i:0;a:2:{s:2:\"id\";s:1:\"5\";s:12:\"attribute_id\";s:1:\"1\";}i:1;a:2:{s:2:\"id\";s:2:\"12\";s:12:\"attribute_id\";s:1:\"1\";}}}i:1;a:2:{s:2:\"id\";s:1:\"2\";s:6:\"values\";a:2:{i:0;a:2:{s:2:\"id\";s:2:\"13\";s:12:\"attribute_id\";s:1:\"2\";}i:1;a:2:{s:2:\"id\";s:2:\"14\";s:12:\"attribute_id\";s:1:\"2\";}}}}\";'),(54,44,'gallery','s:269:\"a:2:{i:0;a:3:{s:2:\"id\";i:41;s:3:\"url\";s:58:\"https://cdn.easycommerce.dev/images/samples/sunglass-3.jpg\";s:5:\"title\";s:9:\"Side View\";}i:1;a:3:{s:2:\"id\";i:42;s:3:\"url\";s:58:\"https://cdn.easycommerce.dev/images/samples/sunglass-2.jpg\";s:5:\"title\";s:15:\"Sunglasses Case\";}}\";'),(55,44,'template','template-1'),(56,44,'show_review','1'),(57,44,'review_text_mandatory',''),(58,44,'hide_from_shop',''),(59,44,'noindex',''),(60,44,'publish_date','2026-02-25'),(61,49,'description','Crafted from premium genuine leather, this sleek wallet offers both style and functionality. Featuring multiple card slots, a transparent ID window, and a secure bill compartment, it\'s the perfect everyday accessory to keep your essentials organized and protected.'),(62,49,'summary','Sleek and durable genuine leather wallet for men'),(63,49,'attributes','s:6:\"a:0:{}\";'),(64,49,'gallery','s:301:\"a:2:{i:0;a:3:{s:2:\"id\";i:46;s:3:\"url\";s:72:\"https://cdn.easycommerce.dev/images/samples/leather-wallet-for-men-1.jpg\";s:5:\"title\";s:13:\"Interior View\";}i:1;a:3:{s:2:\"id\";i:47;s:3:\"url\";s:72:\"https://cdn.easycommerce.dev/images/samples/leather-wallet-for-men-2.jpg\";s:5:\"title\";s:14:\"Leather Wallet\";}}\";'),(65,49,'template','template-1'),(66,49,'show_review','1'),(67,49,'review_text_mandatory',''),(68,49,'hide_from_shop',''),(69,49,'noindex',''),(70,49,'publish_date','2026-02-25'),(71,53,'description','Designed for the modern traveler, this waterproof backpack features multiple compartments, laptop sleeve, and ergonomic straps for maximum comfort. Made from high-quality waterproof materials, it keeps your belongings safe and dry in all weather conditions.'),(72,53,'summary','Durable waterproof backpack for travel and outdoor activities'),(73,53,'attributes','s:6:\"a:0:{}\";'),(74,53,'gallery','s:6:\"a:0:{}\";'),(75,53,'template','template-1'),(76,53,'show_review','1'),(77,53,'review_text_mandatory',''),(78,53,'hide_from_shop',''),(79,53,'noindex',''),(80,53,'publish_date','2026-02-25'),(81,60,'description','Experience ultimate comfort with these slip-on sandals featuring memory foam insoles and flexible soles. Perfect for casual wear, beach days, or quick errands, they provide excellent support and easy on-off convenience.'),(82,60,'summary','Easy-to-wear sandals with cushioned comfort'),(83,60,'attributes','s:322:\"a:2:{i:0;a:2:{s:2:\"id\";s:1:\"1\";s:6:\"values\";a:2:{i:0;a:2:{s:2:\"id\";s:2:\"15\";s:12:\"attribute_id\";s:1:\"1\";}i:1;a:2:{s:2:\"id\";s:2:\"16\";s:12:\"attribute_id\";s:1:\"1\";}}}i:1;a:2:{s:2:\"id\";s:1:\"2\";s:6:\"values\";a:2:{i:0;a:2:{s:2:\"id\";s:2:\"17\";s:12:\"attribute_id\";s:1:\"2\";}i:1;a:2:{s:2:\"id\";s:2:\"18\";s:12:\"attribute_id\";s:1:\"2\";}}}}\";'),(84,60,'gallery','s:319:\"a:2:{i:0;a:3:{s:2:\"id\";i:57;s:3:\"url\";s:77:\"https://cdn.easycommerce.dev/images/samples/comfortable-slip-on-sandals-3.jpg\";s:5:\"title\";s:9:\"Side View\";}i:1;a:3:{s:2:\"id\";i:58;s:3:\"url\";s:77:\"https://cdn.easycommerce.dev/images/samples/comfortable-slip-on-sandals-2.jpg\";s:5:\"title\";s:27:\"Comfortable Slip-On Sandals\";}}\";'),(85,60,'template','template-1'),(86,60,'show_review','1'),(87,60,'review_text_mandatory',''),(88,60,'hide_from_shop',''),(89,60,'noindex',''),(90,60,'publish_date','2026-02-25'),(91,65,'description','Stay cool and protected with this breathable mesh cap featuring moisture-wicking technology and adjustable strap. Perfect for sports, hiking, or everyday casual wear, it offers superior ventilation and sun protection with a classic design.'),(92,65,'summary','Lightweight and breathable cap for outdoor activities'),(93,65,'attributes','s:6:\"a:0:{}\";'),(94,65,'gallery','s:295:\"a:2:{i:0;a:3:{s:2:\"id\";i:62;s:3:\"url\";s:69:\"https://cdn.easycommerce.dev/images/samples/breathable-mesh-cap-2.jpg\";s:5:\"title\";s:9:\"Back View\";}i:1;a:3:{s:2:\"id\";i:63;s:3:\"url\";s:69:\"https://cdn.easycommerce.dev/images/samples/breathable-mesh-cap-3.jpg\";s:5:\"title\";s:19:\"Breathable Mesh Cap\";}}\";'),(95,65,'template','template-1'),(96,65,'show_review','1'),(97,65,'review_text_mandatory',''),(98,65,'hide_from_shop',''),(99,65,'noindex',''),(100,65,'publish_date','2026-02-25');

--
-- Table structure for table `wp_8_ec_product_variation_attributes`
--

CREATE TABLE `wp_8_ec_product_variation_attributes` (
  `id` bigint unsigned NOT NULL AUTO_INCREMENT,
  `variation_id` bigint unsigned NOT NULL,
  `attribute_id` bigint unsigned NOT NULL,
  `attribute_slug` varchar(255) CHARACTER SET utf8mb4 COLLATE utf8mb4_unicode_520_ci NOT NULL,
  `value_id` bigint unsigned NOT NULL,
  `value_slug` varchar(255) CHARACTER SET utf8mb4 COLLATE utf8mb4_unicode_520_ci NOT NULL,
  PRIMARY KEY (`id`),
  KEY `index_variation_id` (`variation_id`),
  KEY `index_attribute_id` (`attribute_id`),
  KEY `index_value_id` (`value_id`)
) ENGINE=InnoDB DEFAULT CHARSET=utf8mb4 COLLATE=utf8mb4_unicode_520_ci;

--
-- Dumping data for table `wp_8_ec_product_variation_attributes`
--


--
-- Table structure for table `wp_8_ec_product_variation_downloads`
--

CREATE TABLE `wp_8_ec_product_variation_downloads` (
  `id` bigint unsigned NOT NULL AUTO_INCREMENT,
  `variation_id` bigint unsigned NOT NULL,
  `media_id` bigint unsigned NOT NULL,
  `name` varchar(255) CHARACTER SET utf8mb4 COLLATE utf8mb4_unicode_520_ci NOT NULL,
  PRIMARY KEY (`id`),
  KEY `index_variation_id` (`variation_id`)
) ENGINE=InnoDB DEFAULT CHARSET=utf8mb4 COLLATE=utf8mb4_unicode_520_ci;

--
-- Dumping data for table `wp_8_ec_product_variation_downloads`
--


--
-- Table structure for table `wp_8_ec_product_variation_meta`
--

CREATE TABLE `wp_8_ec_product_variation_meta` (
  `id` bigint unsigned NOT NULL AUTO_INCREMENT,
  `variation_id` bigint unsigned NOT NULL,
  `meta_key` varchar(255) CHARACTER SET utf8mb4 COLLATE utf8mb4_unicode_520_ci NOT NULL,
  `meta_value` text CHARACTER SET utf8mb4 COLLATE utf8mb4_unicode_520_ci NOT NULL,
  PRIMARY KEY (`id`),
  KEY `index_variation_id` (`variation_id`),
  KEY `index_meta_key` (`meta_key`)
) ENGINE=InnoDB AUTO_INCREMENT=201 DEFAULT CHARSET=utf8mb4 COLLATE=utf8mb4_unicode_520_ci;

--
-- Dumping data for table `wp_8_ec_product_variation_meta`
--

INSERT INTO `wp_8_ec_product_variation_meta` VALUES (1,1,'null','on'),(2,1,'length','s:47:\"a:2:{s:5:\"value\";s:2:\"43\";s:4:\"unit\";s:2:\"cm\";}\";'),(3,1,'weight','s:47:\"a:2:{s:5:\"value\";s:2:\"34\";s:4:\"unit\";s:2:\"cm\";}\";'),(4,1,'height','s:47:\"a:2:{s:5:\"value\";s:2:\"34\";s:4:\"unit\";s:2:\"cm\";}\";'),(5,1,'width','s:47:\"a:2:{s:5:\"value\";s:2:\"43\";s:4:\"unit\";s:2:\"cm\";}\";'),(6,1,'thumbnail','s:94:\"a:2:{s:2:\"id\";i:0;s:3:\"url\";s:57:\"https://cdn.easycommerce.dev/images/samples/ping-shoe.jpg\";}\";'),(7,1,'tax_class',''),(8,1,'is_managed_stock','1'),(9,2,'null','on'),(10,2,'length','s:47:\"a:2:{s:5:\"value\";s:2:\"15\";s:4:\"unit\";s:2:\"cm\";}\";'),(11,2,'weight','s:48:\"a:2:{s:5:\"value\";s:3:\"0.2\";s:4:\"unit\";s:2:\"cm\";}\";'),(12,2,'height','s:47:\"a:2:{s:5:\"value\";s:2:\"28\";s:4:\"unit\";s:2:\"cm\";}\";'),(13,2,'width','s:47:\"a:2:{s:5:\"value\";s:2:\"40\";s:4:\"unit\";s:2:\"cm\";}\";'),(14,2,'thumbnail','s:110:\"a:2:{s:2:\"id\";i:12;s:3:\"url\";s:72:\"https://cdn.easycommerce.dev/images/samples/classic-cotton-t-shirt-1.jpg\";}\";'),(15,2,'tax_class',''),(16,2,'is_managed_stock','1'),(17,3,'null','on'),(18,3,'length','s:47:\"a:2:{s:5:\"value\";s:2:\"17\";s:4:\"unit\";s:2:\"cm\";}\";'),(19,3,'weight','s:48:\"a:2:{s:5:\"value\";s:3:\"0.2\";s:4:\"unit\";s:2:\"cm\";}\";'),(20,3,'height','s:47:\"a:2:{s:5:\"value\";s:2:\"30\";s:4:\"unit\";s:2:\"cm\";}\";'),(21,3,'width','s:47:\"a:2:{s:5:\"value\";s:2:\"42\";s:4:\"unit\";s:2:\"cm\";}\";'),(22,3,'thumbnail','s:110:\"a:2:{s:2:\"id\";i:13;s:3:\"url\";s:72:\"https://cdn.easycommerce.dev/images/samples/classic-cotton-t-shirt-2.jpg\";}\";'),(23,3,'tax_class',''),(24,3,'is_managed_stock','1'),(25,4,'null','on'),(26,4,'length','s:47:\"a:2:{s:5:\"value\";s:2:\"19\";s:4:\"unit\";s:2:\"cm\";}\";'),(27,4,'weight','s:48:\"a:2:{s:5:\"value\";s:3:\"0.2\";s:4:\"unit\";s:2:\"cm\";}\";'),(28,4,'height','s:47:\"a:2:{s:5:\"value\";s:2:\"32\";s:4:\"unit\";s:2:\"cm\";}\";'),(29,4,'width','s:47:\"a:2:{s:5:\"value\";s:2:\"44\";s:4:\"unit\";s:2:\"cm\";}\";'),(30,4,'thumbnail','s:110:\"a:2:{s:2:\"id\";i:14;s:3:\"url\";s:72:\"https://cdn.easycommerce.dev/images/samples/classic-cotton-t-shirt-1.jpg\";}\";'),(31,4,'tax_class',''),(32,4,'is_managed_stock','1'),(33,5,'null','on'),(34,5,'length','s:33:\"a:2:{s:5:\"value\";N;s:4:\"unit\";N;}\";'),(35,5,'weight','s:40:\"a:2:{s:5:\"value\";N;s:4:\"unit\";s:2:\"kg\";}\";'),(36,5,'height','s:33:\"a:2:{s:5:\"value\";N;s:4:\"unit\";N;}\";'),(37,5,'width','s:33:\"a:2:{s:5:\"value\";N;s:4:\"unit\";N;}\";'),(38,5,'thumbnail','s:110:\"a:2:{s:2:\"id\";i:15;s:3:\"url\";s:72:\"https://cdn.easycommerce.dev/images/samples/classic-cotton-t-shirt-2.jpg\";}\";'),(39,5,'tax_class',''),(40,5,'is_managed_stock',''),(41,6,'null','on'),(42,6,'length','s:47:\"a:2:{s:5:\"value\";s:2:\"20\";s:4:\"unit\";s:2:\"cm\";}\";'),(43,6,'weight','s:48:\"a:2:{s:5:\"value\";s:3:\"0.8\";s:4:\"unit\";s:2:\"cm\";}\";'),(44,6,'height','s:47:\"a:2:{s:5:\"value\";s:2:\"35\";s:4:\"unit\";s:2:\"cm\";}\";'),(45,6,'width','s:47:\"a:2:{s:5:\"value\";s:2:\"50\";s:4:\"unit\";s:2:\"cm\";}\";'),(46,6,'thumbnail','s:102:\"a:2:{s:2:\"id\";i:20;s:3:\"url\";s:64:\"https://cdn.easycommerce.dev/images/samples/premium-hoodie-1.jpg\";}\";'),(47,6,'tax_class',''),(48,6,'is_managed_stock','1'),(49,7,'null','on'),(50,7,'length','s:47:\"a:2:{s:5:\"value\";s:2:\"22\";s:4:\"unit\";s:2:\"cm\";}\";'),(51,7,'weight','s:48:\"a:2:{s:5:\"value\";s:3:\"0.8\";s:4:\"unit\";s:2:\"cm\";}\";'),(52,7,'height','s:47:\"a:2:{s:5:\"value\";s:2:\"37\";s:4:\"unit\";s:2:\"cm\";}\";'),(53,7,'width','s:47:\"a:2:{s:5:\"value\";s:2:\"52\";s:4:\"unit\";s:2:\"cm\";}\";'),(54,7,'thumbnail','s:102:\"a:2:{s:2:\"id\";i:21;s:3:\"url\";s:64:\"https://cdn.easycommerce.dev/images/samples/premium-hoodie-2.jpg\";}\";'),(55,7,'tax_class',''),(56,7,'is_managed_stock','1'),(57,8,'null','on'),(58,8,'length','s:47:\"a:2:{s:5:\"value\";s:2:\"24\";s:4:\"unit\";s:2:\"cm\";}\";'),(59,8,'weight','s:48:\"a:2:{s:5:\"value\";s:3:\"0.8\";s:4:\"unit\";s:2:\"cm\";}\";'),(60,8,'height','s:47:\"a:2:{s:5:\"value\";s:2:\"39\";s:4:\"unit\";s:2:\"cm\";}\";'),(61,8,'width','s:47:\"a:2:{s:5:\"value\";s:2:\"54\";s:4:\"unit\";s:2:\"cm\";}\";'),(62,8,'thumbnail','s:102:\"a:2:{s:2:\"id\";i:22;s:3:\"url\";s:64:\"https://cdn.easycommerce.dev/images/samples/premium-hoodie-3.jpg\";}\";'),(63,8,'tax_class',''),(64,8,'is_managed_stock','1'),(65,9,'null','on'),(66,9,'length','s:33:\"a:2:{s:5:\"value\";N;s:4:\"unit\";N;}\";'),(67,9,'weight','s:40:\"a:2:{s:5:\"value\";N;s:4:\"unit\";s:2:\"kg\";}\";'),(68,9,'height','s:33:\"a:2:{s:5:\"value\";N;s:4:\"unit\";N;}\";'),(69,9,'width','s:33:\"a:2:{s:5:\"value\";N;s:4:\"unit\";N;}\";'),(70,9,'thumbnail','s:36:\"a:2:{s:2:\"id\";i:0;s:3:\"url\";s:0:\"\";}\";'),(71,9,'tax_class',''),(72,9,'is_managed_stock',''),(73,10,'null','on'),(74,10,'length','s:47:\"a:2:{s:5:\"value\";s:2:\"43\";s:4:\"unit\";s:2:\"cm\";}\";'),(75,10,'weight','s:47:\"a:2:{s:5:\"value\";s:2:\"34\";s:4:\"unit\";s:2:\"cm\";}\";'),(76,10,'height','s:47:\"a:2:{s:5:\"value\";s:2:\"34\";s:4:\"unit\";s:2:\"cm\";}\";'),(77,10,'width','s:47:\"a:2:{s:5:\"value\";s:2:\"43\";s:4:\"unit\";s:2:\"cm\";}\";'),(78,10,'thumbnail','s:95:\"a:2:{s:2:\"id\";i:0;s:3:\"url\";s:58:\"https://cdn.easycommerce.dev/images/samples/green-shoe.jpg\";}\";'),(79,10,'tax_class',''),(80,10,'is_managed_stock','1'),(81,11,'null','on'),(82,11,'length','s:47:\"a:2:{s:5:\"value\";s:2:\"58\";s:4:\"unit\";s:2:\"cm\";}\";'),(83,11,'weight','s:48:\"a:2:{s:5:\"value\";s:3:\"1.2\";s:4:\"unit\";s:2:\"kg\";}\";'),(84,11,'height','s:47:\"a:2:{s:5:\"value\";s:2:\"65\";s:4:\"unit\";s:2:\"cm\";}\";'),(85,11,'width','s:47:\"a:2:{s:5:\"value\";s:2:\"55\";s:4:\"unit\";s:2:\"cm\";}\";'),(86,11,'thumbnail','s:107:\"a:2:{s:2:\"id\";i:32;s:3:\"url\";s:69:\"https://cdn.easycommerce.dev/images/samples/casual-denim-jacket-1.jpg\";}\";'),(87,11,'tax_class',''),(88,11,'is_managed_stock','1'),(89,12,'null','on'),(90,12,'length','s:47:\"a:2:{s:5:\"value\";s:2:\"60\";s:4:\"unit\";s:2:\"cm\";}\";'),(91,12,'weight','s:48:\"a:2:{s:5:\"value\";s:3:\"1.2\";s:4:\"unit\";s:2:\"kg\";}\";'),(92,12,'height','s:47:\"a:2:{s:5:\"value\";s:2:\"67\";s:4:\"unit\";s:2:\"cm\";}\";'),(93,12,'width','s:47:\"a:2:{s:5:\"value\";s:2:\"57\";s:4:\"unit\";s:2:\"cm\";}\";'),(94,12,'thumbnail','s:107:\"a:2:{s:2:\"id\";i:33;s:3:\"url\";s:69:\"https://cdn.easycommerce.dev/images/samples/casual-denim-jacket-2.jpg\";}\";'),(95,12,'tax_class',''),(96,12,'is_managed_stock','1'),(97,13,'null','on'),(98,13,'length','s:47:\"a:2:{s:5:\"value\";s:2:\"62\";s:4:\"unit\";s:2:\"cm\";}\";'),(99,13,'weight','s:48:\"a:2:{s:5:\"value\";s:3:\"1.2\";s:4:\"unit\";s:2:\"kg\";}\";'),(100,13,'height','s:47:\"a:2:{s:5:\"value\";s:2:\"69\";s:4:\"unit\";s:2:\"cm\";}\";'),(101,13,'width','s:47:\"a:2:{s:5:\"value\";s:2:\"59\";s:4:\"unit\";s:2:\"cm\";}\";'),(102,13,'thumbnail','s:107:\"a:2:{s:2:\"id\";i:34;s:3:\"url\";s:69:\"https://cdn.easycommerce.dev/images/samples/casual-denim-jacket-3.jpg\";}\";'),(103,13,'tax_class',''),(104,13,'is_managed_stock','1'),(105,14,'null','on'),(106,14,'length','s:47:\"a:2:{s:5:\"value\";s:2:\"64\";s:4:\"unit\";s:2:\"cm\";}\";'),(107,14,'weight','s:48:\"a:2:{s:5:\"value\";s:3:\"1.2\";s:4:\"unit\";s:2:\"kg\";}\";'),(108,14,'height','s:47:\"a:2:{s:5:\"value\";s:2:\"71\";s:4:\"unit\";s:2:\"cm\";}\";'),(109,14,'width','s:47:\"a:2:{s:5:\"value\";s:2:\"61\";s:4:\"unit\";s:2:\"cm\";}\";'),(110,14,'thumbnail','s:36:\"a:2:{s:2:\"id\";i:0;s:3:\"url\";s:0:\"\";}\";'),(111,14,'tax_class',''),(112,14,'is_managed_stock','1'),(113,15,'null','on'),(114,15,'length','s:47:\"a:2:{s:5:\"value\";s:2:\"14\";s:4:\"unit\";s:2:\"cm\";}\";'),(115,15,'weight','s:48:\"a:2:{s:5:\"value\";s:3:\"0.1\";s:4:\"unit\";s:2:\"kg\";}\";'),(116,15,'height','s:46:\"a:2:{s:5:\"value\";s:1:\"6\";s:4:\"unit\";s:2:\"cm\";}\";'),(117,15,'width','s:47:\"a:2:{s:5:\"value\";s:2:\"15\";s:4:\"unit\";s:2:\"cm\";}\";'),(118,15,'thumbnail','s:97:\"a:2:{s:2:\"id\";i:39;s:3:\"url\";s:59:\"hhttps://cdn.easycommerce.dev/images/samples/sunglass-1.jpg\";}\";'),(119,15,'tax_class',''),(120,15,'is_managed_stock','1'),(121,16,'null','on'),(122,16,'length','s:47:\"a:2:{s:5:\"value\";s:2:\"15\";s:4:\"unit\";s:2:\"cm\";}\";'),(123,16,'weight','s:48:\"a:2:{s:5:\"value\";s:3:\"0.1\";s:4:\"unit\";s:2:\"kg\";}\";'),(124,16,'height','s:48:\"a:2:{s:5:\"value\";s:3:\"6.5\";s:4:\"unit\";s:2:\"cm\";}\";'),(125,16,'width','s:47:\"a:2:{s:5:\"value\";s:2:\"16\";s:4:\"unit\";s:2:\"cm\";}\";'),(126,16,'thumbnail','s:96:\"a:2:{s:2:\"id\";i:40;s:3:\"url\";s:58:\"https://cdn.easycommerce.dev/images/samples/sunglass-2.jpg\";}\";'),(127,16,'tax_class',''),(128,16,'is_managed_stock','1'),(129,17,'null','on'),(130,17,'length','s:47:\"a:2:{s:5:\"value\";s:2:\"16\";s:4:\"unit\";s:2:\"cm\";}\";'),(131,17,'weight','s:48:\"a:2:{s:5:\"value\";s:3:\"0.1\";s:4:\"unit\";s:2:\"kg\";}\";'),(132,17,'height','s:46:\"a:2:{s:5:\"value\";s:1:\"7\";s:4:\"unit\";s:2:\"cm\";}\";'),(133,17,'width','s:47:\"a:2:{s:5:\"value\";s:2:\"17\";s:4:\"unit\";s:2:\"cm\";}\";'),(134,17,'thumbnail','s:95:\"a:2:{s:2:\"id\";i:0;s:3:\"url\";s:58:\"https://cdn.easycommerce.dev/images/samples/sunglass-3.jpg\";}\";'),(135,17,'tax_class',''),(136,17,'is_managed_stock','1'),(137,18,'null','on'),(138,18,'length','s:47:\"a:2:{s:5:\"value\";s:2:\"17\";s:4:\"unit\";s:2:\"cm\";}\";'),(139,18,'weight','s:48:\"a:2:{s:5:\"value\";s:3:\"0.1\";s:4:\"unit\";s:2:\"kg\";}\";'),(140,18,'height','s:48:\"a:2:{s:5:\"value\";s:3:\"7.5\";s:4:\"unit\";s:2:\"cm\";}\";'),(141,18,'width','s:47:\"a:2:{s:5:\"value\";s:2:\"18\";s:4:\"unit\";s:2:\"cm\";}\";'),(142,18,'thumbnail','s:36:\"a:2:{s:2:\"id\";i:0;s:3:\"url\";s:0:\"\";}\";'),(143,18,'tax_class',''),(144,18,'is_managed_stock','1'),(145,19,'null','on'),(146,19,'length','s:47:\"a:2:{s:5:\"value\";s:2:\"12\";s:4:\"unit\";s:2:\"cm\";}\";'),(147,19,'weight','s:46:\"a:2:{s:5:\"value\";s:1:\"2\";s:4:\"unit\";s:2:\"cm\";}\";'),(148,19,'height','s:46:\"a:2:{s:5:\"value\";s:1:\"9\";s:4:\"unit\";s:2:\"cm\";}\";'),(149,19,'width','s:47:\"a:2:{s:5:\"value\";s:2:\"12\";s:4:\"unit\";s:2:\"cm\";}\";'),(150,19,'thumbnail','s:109:\"a:2:{s:2:\"id\";i:0;s:3:\"url\";s:72:\"https://cdn.easycommerce.dev/images/samples/leather-wallet-for-men-1.jpg\";}\";'),(151,19,'tax_class',''),(152,19,'is_managed_stock','1'),(153,20,'null','on'),(154,20,'length','s:47:\"a:2:{s:5:\"value\";s:2:\"32\";s:4:\"unit\";s:2:\"cm\";}\";'),(155,20,'weight','s:47:\"a:2:{s:5:\"value\";s:2:\"18\";s:4:\"unit\";s:2:\"cm\";}\";'),(156,20,'height','s:47:\"a:2:{s:5:\"value\";s:2:\"48\";s:4:\"unit\";s:2:\"cm\";}\";'),(157,20,'width','s:47:\"a:2:{s:5:\"value\";s:2:\"32\";s:4:\"unit\";s:2:\"cm\";}\";'),(158,20,'thumbnail','s:113:\"a:2:{s:2:\"id\";i:0;s:3:\"url\";s:76:\"https://cdn.easycommerce.dev/images/samples/waterproof-travel-backpack-1.jpg\";}\";'),(159,20,'tax_class',''),(160,20,'is_managed_stock','1'),(161,21,'null','on'),(162,21,'length','s:47:\"a:2:{s:5:\"value\";s:2:\"16\";s:4:\"unit\";s:2:\"cm\";}\";'),(163,21,'weight','s:48:\"a:2:{s:5:\"value\";s:3:\"0.3\";s:4:\"unit\";s:2:\"kg\";}\";'),(164,21,'height','s:46:\"a:2:{s:5:\"value\";s:1:\"8\";s:4:\"unit\";s:2:\"cm\";}\";'),(165,21,'width','s:47:\"a:2:{s:5:\"value\";s:2:\"24\";s:4:\"unit\";s:2:\"cm\";}\";'),(166,21,'thumbnail','s:115:\"a:2:{s:2:\"id\";i:54;s:3:\"url\";s:77:\"https://cdn.easycommerce.dev/images/samples/comfortable-slip-on-sandals-1.jpg\";}\";'),(167,21,'tax_class',''),(168,21,'is_managed_stock','1'),(169,22,'null','on'),(170,22,'length','s:47:\"a:2:{s:5:\"value\";s:2:\"17\";s:4:\"unit\";s:2:\"cm\";}\";'),(171,22,'weight','s:48:\"a:2:{s:5:\"value\";s:3:\"0.3\";s:4:\"unit\";s:2:\"kg\";}\";'),(172,22,'height','s:48:\"a:2:{s:5:\"value\";s:3:\"8.5\";s:4:\"unit\";s:2:\"cm\";}\";'),(173,22,'width','s:47:\"a:2:{s:5:\"value\";s:2:\"25\";s:4:\"unit\";s:2:\"cm\";}\";'),(174,22,'thumbnail','s:115:\"a:2:{s:2:\"id\";i:55;s:3:\"url\";s:77:\"https://cdn.easycommerce.dev/images/samples/comfortable-slip-on-sandals-3.jpg\";}\";'),(175,22,'tax_class',''),(176,22,'is_managed_stock','1'),(177,23,'null','on'),(178,23,'length','s:47:\"a:2:{s:5:\"value\";s:2:\"18\";s:4:\"unit\";s:2:\"cm\";}\";'),(179,23,'weight','s:48:\"a:2:{s:5:\"value\";s:3:\"0.3\";s:4:\"unit\";s:2:\"kg\";}\";'),(180,23,'height','s:46:\"a:2:{s:5:\"value\";s:1:\"9\";s:4:\"unit\";s:2:\"cm\";}\";'),(181,23,'width','s:47:\"a:2:{s:5:\"value\";s:2:\"26\";s:4:\"unit\";s:2:\"cm\";}\";'),(182,23,'thumbnail','s:115:\"a:2:{s:2:\"id\";i:56;s:3:\"url\";s:77:\"https://cdn.easycommerce.dev/images/samples/comfortable-slip-on-sandals-2.jpg\";}\";'),(183,23,'tax_class',''),(184,23,'is_managed_stock','1'),(185,24,'null','on'),(186,24,'length','s:47:\"a:2:{s:5:\"value\";s:2:\"16\";s:4:\"unit\";s:2:\"cm\";}\";'),(187,24,'weight','s:48:\"a:2:{s:5:\"value\";s:3:\"0.3\";s:4:\"unit\";s:2:\"kg\";}\";'),(188,24,'height','s:46:\"a:2:{s:5:\"value\";s:1:\"8\";s:4:\"unit\";s:2:\"cm\";}\";'),(189,24,'width','s:47:\"a:2:{s:5:\"value\";s:2:\"24\";s:4:\"unit\";s:2:\"cm\";}\";'),(190,24,'thumbnail','s:36:\"a:2:{s:2:\"id\";i:0;s:3:\"url\";s:0:\"\";}\";'),(191,24,'tax_class',''),(192,24,'is_managed_stock','1'),(193,25,'null','on'),(194,25,'length','s:47:\"a:2:{s:5:\"value\";s:2:\"22\";s:4:\"unit\";s:2:\"cm\";}\";'),(195,25,'weight','s:48:\"a:2:{s:5:\"value\";s:3:\"0.1\";s:4:\"unit\";s:2:\"kg\";}\";'),(196,25,'height','s:47:\"a:2:{s:5:\"value\";s:2:\"12\";s:4:\"unit\";s:2:\"cm\";}\";'),(197,25,'width','s:47:\"a:2:{s:5:\"value\";s:2:\"28\";s:4:\"unit\";s:2:\"cm\";}\";'),(198,25,'thumbnail','s:106:\"a:2:{s:2:\"id\";i:0;s:3:\"url\";s:69:\"https://cdn.easycommerce.dev/images/samples/breathable-mesh-cap-1.jpg\";}\";'),(199,25,'tax_class',''),(200,25,'is_managed_stock','1');

--
-- Table structure for table `wp_8_ec_product_variations`
--

CREATE TABLE `wp_8_ec_product_variations` (
  `id` bigint unsigned NOT NULL AUTO_INCREMENT,
  `product_id` bigint unsigned NOT NULL,
  `price_id` smallint unsigned NOT NULL,
  `name` varchar(255) CHARACTER SET utf8mb4 COLLATE utf8mb4_unicode_520_ci NOT NULL,
  `sku` varchar(100) CHARACTER SET utf8mb4 COLLATE utf8mb4_unicode_520_ci NOT NULL,
  `type` varchar(100) CHARACTER SET utf8mb4 COLLATE utf8mb4_unicode_520_ci NOT NULL,
  `price` decimal(10,2) NOT NULL,
  `sale_price` decimal(10,2) DEFAULT NULL,
  `stock_quantity` int DEFAULT NULL,
  `stock_limit` int DEFAULT NULL,
  `status` enum('in_stock','out_of_stock','backorder','discontinued') CHARACTER SET utf8mb4 COLLATE utf8mb4_unicode_520_ci NOT NULL DEFAULT 'in_stock',
  PRIMARY KEY (`id`),
  UNIQUE KEY `sku` (`sku`),
  UNIQUE KEY `unique_sku` (`sku`),
  KEY `index_product_id` (`product_id`)
) ENGINE=InnoDB AUTO_INCREMENT=26 DEFAULT CHARSET=utf8mb4 COLLATE=utf8mb4_unicode_520_ci;

--
-- Dumping data for table `wp_8_ec_product_variations`
--

INSERT INTO `wp_8_ec_product_variations` VALUES (1,11,1,'basic','SPORTSSHOWFORMENBASIC','physical',23.00,11.00,54,3,'in_stock'),(2,19,1,'White/S','TSHIRTWHITES','physical',15.00,12.00,25,5,'in_stock'),(3,19,2,'White/L','TSHIRTWHITEL','physical',18.00,15.00,30,5,'in_stock'),(4,19,3,'Gray/S','TSHIRTGRAYS','physical',20.00,17.00,20,5,'in_stock'),(5,19,4,'Gray/L','TSHIRTGRAYL','physical',25.00,20.00,NULL,NULL,'in_stock'),(6,26,1,'Black/M','HOODIE-BLACK-M','physical',45.00,35.00,30,5,'in_stock'),(7,26,2,'Black/XXL','HOODIE-PINK-L','physical',50.00,40.00,25,5,'in_stock'),(8,26,3,'Pink/M','HOODIE-PINK-XL','physical',55.00,45.00,20,5,'in_stock'),(9,26,4,'Pink/XXL','','physical',30.00,25.00,NULL,NULL,'in_stock'),(10,31,1,'basic','BAGSFORWOMENBASIC','physical',55.00,44.00,76,22,'in_stock'),(11,38,1,'Light/M','JACKET-LIGHT-M','physical',65.00,55.00,40,5,'in_stock'),(12,38,2,'Light/L','JACKET-LIGHT-L','physical',65.00,55.00,35,5,'in_stock'),(13,38,3,'Blue/M','JACKET-BLUE-M','physical',70.00,60.00,45,5,'in_stock'),(14,38,4,'Blue/L','JACKET-BLUE-L','physical',70.00,60.00,30,5,'in_stock'),(15,44,1,'Black/Standard','SUNGLASS-BLACK-S','physical',45.00,35.00,25,5,'in_stock'),(16,44,2,'Black/Large','SUNGLASS-BLACK-L','physical',45.00,35.00,20,5,'in_stock'),(17,44,3,'Brown/Standard','SUNGLASS-BROWN-S','physical',50.00,40.00,30,5,'in_stock'),(18,44,4,'Brown/Large','SUNGLASS-BROWN-L','physical',50.00,40.00,15,5,'in_stock'),(19,49,1,'basic','WALLETFORMENBASIC','physical',45.00,35.00,80,5,'in_stock'),(20,53,1,'basic','BACKPACKBASIC','physical',89.00,75.00,45,15,'in_stock'),(21,60,1,'Beige/7','SANDAL-BEIGE-7','physical',35.00,28.00,25,5,'in_stock'),(22,60,2,'Beige/8','SANDAL-BEIGE-8','physical',35.00,28.00,30,5,'in_stock'),(23,60,3,'Navy/7','SANDAL-NAVY-7','physical',35.00,28.00,20,5,'in_stock'),(24,60,4,'Navy/8','SANDAL-NAVY-8','physical',38.00,32.00,22,5,'in_stock'),(25,65,1,'basic','CAPBASIC','physical',25.00,19.00,60,10,'in_stock');

--
-- Table structure for table `wp_8_ec_refunds`
--

CREATE TABLE `wp_8_ec_refunds` (
  `id` bigint unsigned NOT NULL AUTO_INCREMENT,
  `order_id` bigint unsigned NOT NULL,
  `amount` decimal(10,2) NOT NULL,
  `currency` varchar(3) CHARACTER SET utf8mb4 COLLATE utf8mb4_unicode_520_ci NOT NULL,
  `reason` varchar(255) CHARACTER SET utf8mb4 COLLATE utf8mb4_unicode_520_ci DEFAULT NULL,
  `status` enum('pending','approved','processed','rejected') CHARACTER SET utf8mb4 COLLATE utf8mb4_unicode_520_ci NOT NULL DEFAULT 'pending',
  `transaction_id` varchar(255) CHARACTER SET utf8mb4 COLLATE utf8mb4_unicode_520_ci DEFAULT NULL,
  `payment_gateway` varchar(255) CHARACTER SET utf8mb4 COLLATE utf8mb4_unicode_520_ci NOT NULL,
  `notes` text CHARACTER SET utf8mb4 COLLATE utf8mb4_unicode_520_ci,
  `refunded_by` bigint unsigned DEFAULT NULL,
  `created_at` timestamp NULL DEFAULT CURRENT_TIMESTAMP,
  `updated_at` timestamp NULL DEFAULT CURRENT_TIMESTAMP ON UPDATE CURRENT_TIMESTAMP,
  PRIMARY KEY (`id`),
  KEY `index_order_id` (`order_id`),
  KEY `index_payment_gateway` (`payment_gateway`)
) ENGINE=InnoDB DEFAULT CHARSET=utf8mb4 COLLATE=utf8mb4_unicode_520_ci;

--
-- Dumping data for table `wp_8_ec_refunds`
--


--
-- Table structure for table `wp_8_ec_shipping_plan_methods`
--

CREATE TABLE `wp_8_ec_shipping_plan_methods` (
  `id` bigint unsigned NOT NULL AUTO_INCREMENT,
  `plan_id` bigint unsigned NOT NULL,
  `name` varchar(255) CHARACTER SET utf8mb4 COLLATE utf8mb4_unicode_520_ci NOT NULL,
  `min_unit` varchar(255) CHARACTER SET utf8mb4 COLLATE utf8mb4_unicode_520_ci NOT NULL,
  `min` decimal(10,2) NOT NULL DEFAULT '0.00',
  `max_unit` varchar(255) CHARACTER SET utf8mb4 COLLATE utf8mb4_unicode_520_ci NOT NULL,
  `max` decimal(10,2) NOT NULL,
  `cost` decimal(10,2) NOT NULL DEFAULT '0.00',
  PRIMARY KEY (`id`),
  KEY `index_plan_id` (`plan_id`)
) ENGINE=InnoDB DEFAULT CHARSET=utf8mb4 COLLATE=utf8mb4_unicode_520_ci;

--
-- Dumping data for table `wp_8_ec_shipping_plan_methods`
--


--
-- Table structure for table `wp_8_ec_shipping_plan_regions`
--

CREATE TABLE `wp_8_ec_shipping_plan_regions` (
  `id` bigint unsigned NOT NULL AUTO_INCREMENT,
  `plan_id` bigint unsigned NOT NULL,
  `region_code` varchar(255) CHARACTER SET utf8mb4 COLLATE utf8mb4_unicode_520_ci NOT NULL,
  `zip_code` varchar(20) CHARACTER SET utf8mb4 COLLATE utf8mb4_unicode_520_ci NOT NULL,
  PRIMARY KEY (`id`),
  KEY `index_plan_id` (`plan_id`)
) ENGINE=InnoDB DEFAULT CHARSET=utf8mb4 COLLATE=utf8mb4_unicode_520_ci;

--
-- Dumping data for table `wp_8_ec_shipping_plan_regions`
--


--
-- Table structure for table `wp_8_ec_shipping_plans`
--

CREATE TABLE `wp_8_ec_shipping_plans` (
  `id` bigint unsigned NOT NULL AUTO_INCREMENT,
  `name` varchar(255) CHARACTER SET utf8mb4 COLLATE utf8mb4_unicode_520_ci NOT NULL,
  `description` text CHARACTER SET utf8mb4 COLLATE utf8mb4_unicode_520_ci,
  `active` tinyint(1) NOT NULL DEFAULT '1',
  `taxable` tinyint(1) NOT NULL DEFAULT '1',
  `calculation_base` enum('price','weight','quantity') CHARACTER SET utf8mb4 COLLATE utf8mb4_unicode_520_ci NOT NULL,
  PRIMARY KEY (`id`)
) ENGINE=InnoDB DEFAULT CHARSET=utf8mb4 COLLATE=utf8mb4_unicode_520_ci;

--
-- Dumping data for table `wp_8_ec_shipping_plans`
--


--
-- Table structure for table `wp_8_ec_tax_classes`
--

CREATE TABLE `wp_8_ec_tax_classes` (
  `id` bigint unsigned NOT NULL AUTO_INCREMENT,
  `name` varchar(255) CHARACTER SET utf8mb4 COLLATE utf8mb4_unicode_520_ci NOT NULL,
  `description` text CHARACTER SET utf8mb4 COLLATE utf8mb4_unicode_520_ci,
  `status` tinyint(1) NOT NULL DEFAULT '1',
  `created_at` timestamp NULL DEFAULT CURRENT_TIMESTAMP,
  `updated_at` timestamp NULL DEFAULT CURRENT_TIMESTAMP ON UPDATE CURRENT_TIMESTAMP,
  PRIMARY KEY (`id`),
  UNIQUE KEY `name` (`name`),
  UNIQUE KEY `unique_name` (`name`)
) ENGINE=InnoDB DEFAULT CHARSET=utf8mb4 COLLATE=utf8mb4_unicode_520_ci;

--
-- Dumping data for table `wp_8_ec_tax_classes`
--


--
-- Table structure for table `wp_8_ec_tax_rates`
--

CREATE TABLE `wp_8_ec_tax_rates` (
  `id` bigint unsigned NOT NULL AUTO_INCREMENT,
  `tax_class_id` bigint unsigned NOT NULL,
  `country` varchar(2) CHARACTER SET utf8mb4 COLLATE utf8mb4_unicode_520_ci DEFAULT NULL,
  `state` varchar(50) CHARACTER SET utf8mb4 COLLATE utf8mb4_unicode_520_ci DEFAULT NULL,
  `city` varchar(50) CHARACTER SET utf8mb4 COLLATE utf8mb4_unicode_520_ci DEFAULT NULL,
  `postcode` varchar(20) CHARACTER SET utf8mb4 COLLATE utf8mb4_unicode_520_ci DEFAULT NULL,
  `rate` decimal(10,4) NOT NULL,
  `priority` tinyint NOT NULL DEFAULT '1',
  `compound` tinyint(1) NOT NULL DEFAULT '0',
  PRIMARY KEY (`id`),
  KEY `index_tax_class_id` (`tax_class_id`),
  KEY `index_country` (`country`),
  KEY `index_state` (`state`),
  KEY `index_city` (`city`),
  KEY `index_postcode` (`postcode`)
) ENGINE=InnoDB DEFAULT CHARSET=utf8mb4 COLLATE=utf8mb4_unicode_520_ci;

--
-- Dumping data for table `wp_8_ec_tax_rates`
--


--
-- Table structure for table `wp_8_ec_transactions`
--

CREATE TABLE `wp_8_ec_transactions` (
  `id` bigint unsigned NOT NULL AUTO_INCREMENT,
  `order_id` bigint unsigned NOT NULL,
  `customer_id` bigint unsigned NOT NULL,
  `transaction_id` varchar(255) CHARACTER SET utf8mb4 COLLATE utf8mb4_unicode_520_ci NOT NULL,
  `payment_gateway` varchar(255) CHARACTER SET utf8mb4 COLLATE utf8mb4_unicode_520_ci NOT NULL,
  `amount` decimal(10,2) NOT NULL,
  `currency` varchar(3) CHARACTER SET utf8mb4 COLLATE utf8mb4_unicode_520_ci NOT NULL,
  `created_at` timestamp NULL DEFAULT CURRENT_TIMESTAMP,
  `status` enum('pending','completed','failed','refunded') CHARACTER SET utf8mb4 COLLATE utf8mb4_unicode_520_ci NOT NULL DEFAULT 'pending',
  `type` enum('payment','refund','adjustment') CHARACTER SET utf8mb4 COLLATE utf8mb4_unicode_520_ci NOT NULL DEFAULT 'payment',
  PRIMARY KEY (`id`),
  KEY `index_order_id` (`order_id`)
) ENGINE=InnoDB DEFAULT CHARSET=utf8mb4 COLLATE=utf8mb4_unicode_520_ci;

--
-- Dumping data for table `wp_8_ec_transactions`
--


--
-- Table structure for table `wp_8_fsmpt_email_logs`
--

CREATE TABLE `wp_8_fsmpt_email_logs` (
  `id` int unsigned NOT NULL AUTO_INCREMENT,
  `site_id` int unsigned DEFAULT NULL,
  `to` varchar(255) COLLATE utf8mb4_unicode_520_ci DEFAULT NULL,
  `from` varchar(255) COLLATE utf8mb4_unicode_520_ci DEFAULT NULL,
  `subject` varchar(255) COLLATE utf8mb4_unicode_520_ci DEFAULT NULL,
  `body` longtext COLLATE utf8mb4_unicode_520_ci,
  `headers` longtext COLLATE utf8mb4_unicode_520_ci,
  `attachments` longtext COLLATE utf8mb4_unicode_520_ci,
  `status` varchar(20) COLLATE utf8mb4_unicode_520_ci DEFAULT 'pending',
  `response` text COLLATE utf8mb4_unicode_520_ci,
  `extra` text COLLATE utf8mb4_unicode_520_ci,
  `retries` int unsigned DEFAULT '0',
  `resent_count` int unsigned DEFAULT '0',
  `source` varchar(255) COLLATE utf8mb4_unicode_520_ci DEFAULT NULL,
  `created_at` timestamp NULL DEFAULT NULL,
  `updated_at` timestamp NULL DEFAULT NULL,
  PRIMARY KEY (`id`),
  KEY `status` (`status`)
) ENGINE=InnoDB DEFAULT CHARSET=utf8mb4 COLLATE=utf8mb4_unicode_520_ci;

--
-- Dumping data for table `wp_8_fsmpt_email_logs`
--


--
-- Table structure for table `wp_blogmeta`
--

CREATE TABLE `wp_blogmeta` (
  `meta_id` bigint unsigned NOT NULL AUTO_INCREMENT,
  `blog_id` bigint unsigned NOT NULL DEFAULT '0',
  `meta_key` varchar(255) CHARACTER SET utf8mb4 COLLATE utf8mb4_unicode_520_ci DEFAULT NULL,
  `meta_value` longtext CHARACTER SET utf8mb4 COLLATE utf8mb4_unicode_520_ci,
  PRIMARY KEY (`meta_id`),
  KEY `meta_key` (`meta_key`(191)),
  KEY `blog_id` (`blog_id`)
) ENGINE=InnoDB DEFAULT CHARSET=utf8mb4 COLLATE=utf8mb4_unicode_520_ci;

--
-- Dumping data for table `wp_blogmeta`
--


--
-- Table structure for table `wp_blogs`
--

CREATE TABLE `wp_blogs` (
  `blog_id` bigint unsigned NOT NULL AUTO_INCREMENT,
  `site_id` bigint unsigned NOT NULL DEFAULT '0',
  `domain` varchar(200) CHARACTER SET utf8mb4 COLLATE utf8mb4_unicode_520_ci NOT NULL DEFAULT '',
  `path` varchar(100) CHARACTER SET utf8mb4 COLLATE utf8mb4_unicode_520_ci NOT NULL DEFAULT '',
  `registered` datetime NOT NULL DEFAULT '0000-00-00 00:00:00',
  `last_updated` datetime NOT NULL DEFAULT '0000-00-00 00:00:00',
  `public` tinyint NOT NULL DEFAULT '1',
  `archived` tinyint NOT NULL DEFAULT '0',
  `mature` tinyint NOT NULL DEFAULT '0',
  `spam` tinyint NOT NULL DEFAULT '0',
  `deleted` tinyint NOT NULL DEFAULT '0',
  `lang_id` int NOT NULL DEFAULT '0',
  PRIMARY KEY (`blog_id`),
  KEY `domain` (`domain`(50),`path`(5)),
  KEY `lang_id` (`lang_id`)
) ENGINE=InnoDB AUTO_INCREMENT=9 DEFAULT CHARSET=utf8mb4 COLLATE=utf8mb4_unicode_520_ci;

--
-- Dumping data for table `wp_blogs`
--

INSERT INTO `wp_blogs` VALUES (1,1,'easywp.site','/','2026-02-25 15:10:17','2026-02-25 15:33:02',1,0,0,0,0,0),(2,1,'easywp.site','/easycommerce/','2026-02-25 15:14:30','2026-02-25 15:28:40',1,0,0,0,0,0),(3,1,'easywp.site','/wcaffiliate/','2026-02-25 15:14:47','2026-03-02 03:45:57',1,0,0,0,0,0);

--
-- Table structure for table `wp_commentmeta`
--

CREATE TABLE `wp_commentmeta` (
  `meta_id` bigint unsigned NOT NULL AUTO_INCREMENT,
  `comment_id` bigint unsigned NOT NULL DEFAULT '0',
  `meta_key` varchar(255) CHARACTER SET utf8mb4 COLLATE utf8mb4_unicode_520_ci DEFAULT NULL,
  `meta_value` longtext CHARACTER SET utf8mb4 COLLATE utf8mb4_unicode_520_ci,
  PRIMARY KEY (`meta_id`),
  KEY `comment_id` (`comment_id`),
  KEY `meta_key` (`meta_key`(191))
) ENGINE=InnoDB DEFAULT CHARSET=utf8mb4 COLLATE=utf8mb4_unicode_520_ci;

--
-- Dumping data for table `wp_commentmeta`
--


--
-- Table structure for table `wp_comments`
--

CREATE TABLE `wp_comments` (
  `comment_ID` bigint unsigned NOT NULL AUTO_INCREMENT,
  `comment_post_ID` bigint unsigned NOT NULL DEFAULT '0',
  `comment_author` tinytext CHARACTER SET utf8mb4 COLLATE utf8mb4_unicode_520_ci NOT NULL,
  `comment_author_email` varchar(100) CHARACTER SET utf8mb4 COLLATE utf8mb4_unicode_520_ci NOT NULL DEFAULT '',
  `comment_author_url` varchar(200) CHARACTER SET utf8mb4 COLLATE utf8mb4_unicode_520_ci NOT NULL DEFAULT '',
  `comment_author_IP` varchar(100) CHARACTER SET utf8mb4 COLLATE utf8mb4_unicode_520_ci NOT NULL DEFAULT '',
  `comment_date` datetime NOT NULL DEFAULT '0000-00-00 00:00:00',
  `comment_date_gmt` datetime NOT NULL DEFAULT '0000-00-00 00:00:00',
  `comment_content` text CHARACTER SET utf8mb4 COLLATE utf8mb4_unicode_520_ci NOT NULL,
  `comment_karma` int NOT NULL DEFAULT '0',
  `comment_approved` varchar(20) CHARACTER SET utf8mb4 COLLATE utf8mb4_unicode_520_ci NOT NULL DEFAULT '1',
  `comment_agent` varchar(255) CHARACTER SET utf8mb4 COLLATE utf8mb4_unicode_520_ci NOT NULL DEFAULT '',
  `comment_type` varchar(20) CHARACTER SET utf8mb4 COLLATE utf8mb4_unicode_520_ci NOT NULL DEFAULT 'comment',
  `comment_parent` bigint unsigned NOT NULL DEFAULT '0',
  `user_id` bigint unsigned NOT NULL DEFAULT '0',
  PRIMARY KEY (`comment_ID`),
  KEY `comment_post_ID` (`comment_post_ID`),
  KEY `comment_approved_date_gmt` (`comment_approved`,`comment_date_gmt`),
  KEY `comment_date_gmt` (`comment_date_gmt`),
  KEY `comment_parent` (`comment_parent`),
  KEY `comment_author_email` (`comment_author_email`(10))
) ENGINE=InnoDB AUTO_INCREMENT=2 DEFAULT CHARSET=utf8mb4 COLLATE=utf8mb4_unicode_520_ci;

--
-- Dumping data for table `wp_comments`
--

INSERT INTO `wp_comments` VALUES (1,1,'A WordPress Commenter','wapuu@wordpress.example','https://wordpress.org/','','2026-02-25 15:09:43','2026-02-25 15:09:43','Hi, this is a comment.\nTo get started with moderating, editing, and deleting comments, please visit the Comments screen in the dashboard.\nCommenter avatars come from <a href=\"https://gravatar.com/\">Gravatar</a>.',0,'1','','comment',0,0);

--
-- Table structure for table `wp_fsmpt_email_logs`
--

CREATE TABLE `wp_fsmpt_email_logs` (
  `id` int unsigned NOT NULL AUTO_INCREMENT,
  `site_id` int unsigned DEFAULT NULL,
  `to` varchar(255) CHARACTER SET utf8mb4 COLLATE utf8mb4_unicode_520_ci DEFAULT NULL,
  `from` varchar(255) CHARACTER SET utf8mb4 COLLATE utf8mb4_unicode_520_ci DEFAULT NULL,
  `subject` varchar(255) CHARACTER SET utf8mb4 COLLATE utf8mb4_unicode_520_ci DEFAULT NULL,
  `body` longtext CHARACTER SET utf8mb4 COLLATE utf8mb4_unicode_520_ci,
  `headers` longtext CHARACTER SET utf8mb4 COLLATE utf8mb4_unicode_520_ci,
  `attachments` longtext CHARACTER SET utf8mb4 COLLATE utf8mb4_unicode_520_ci,
  `status` varchar(20) CHARACTER SET utf8mb4 COLLATE utf8mb4_unicode_520_ci DEFAULT 'pending',
  `response` text CHARACTER SET utf8mb4 COLLATE utf8mb4_unicode_520_ci,
  `extra` text CHARACTER SET utf8mb4 COLLATE utf8mb4_unicode_520_ci,
  `retries` int unsigned DEFAULT '0',
  `resent_count` int unsigned DEFAULT '0',
  `source` varchar(255) CHARACTER SET utf8mb4 COLLATE utf8mb4_unicode_520_ci DEFAULT NULL,
  `created_at` timestamp NULL DEFAULT NULL,
  `updated_at` timestamp NULL DEFAULT NULL,
  PRIMARY KEY (`id`),
  KEY `status` (`status`)
) ENGINE=InnoDB AUTO_INCREMENT=2 DEFAULT CHARSET=utf8mb4 COLLATE=utf8mb4_unicode_520_ci;

--
-- Dumping data for table `wp_fsmpt_email_logs`
--

INSERT INTO `wp_fsmpt_email_logs` VALUES (1,NULL,'a:1:{i:0;a:1:{s:5:\"email\";s:17:\"n.mukto@gmail.com\";}}','Easy WP Site <site@easywp.site>','Fluent SMTP: Test Email - Easy WP Site - HTML Version','<!doctype html>\n<html lang=\"en\">\n<head>\n    <meta http-equiv=\"Content-Type\" content=\"text/html; charset=UTF-8\">\n    <meta http-equiv=\"X-UA-Compatible\" content=\"IE=edge\">\n    <meta name=\"viewport\" content=\"width=device-width\">\n    <title>FluentSMTP Test Email</title>\n    <style type=\"text/css\">@media only screen and (max-width: 599px) {table.body .container {width: 95% !important;}.header {padding: 15px 15px 12px 15px !important;}.header img {width: 200px !important;height: auto !important;}.content, .aside {padding: 30px 40px 20px 40px !important;}}</style>\n</head>\n<body style=\"height: 100% !important; width: 100% !important; min-width: 100%; -moz-box-sizing: border-box; -webkit-box-sizing: border-box; box-sizing: border-box; -webkit-font-smoothing: antialiased !important; -moz-osx-font-smoothing: grayscale !important; -ms-text-size-adjust: 100%; -webkit-text-size-adjust: 100%; color: #444; font-family: \'Helvetica Neue\',Helvetica,Arial,sans-serif; font-weight: normal; padding: 0; margin: 0; Margin: 0; font-size: 14px; mso-line-height-rule: exactly; line-height: 140%; background-color: #f1f1f1; text-align: center;\">\n<table border=\"0\" cellpadding=\"0\" cellspacing=\"0\" width=\"100%\" height=\"100%\" class=\"body\" style=\"border-collapse: collapse; border-spacing: 0; vertical-align: top; mso-table-lspace: 0pt; mso-table-rspace: 0pt; -ms-text-size-adjust: 100%; -webkit-text-size-adjust: 100%; height: 100% !important; width: 100% !important; min-width: 100%; -moz-box-sizing: border-box; -webkit-box-sizing: border-box; box-sizing: border-box; -webkit-font-smoothing: antialiased !important; -moz-osx-font-smoothing: grayscale !important; background-color: #f1f1f1; color: #444; font-family: \'Helvetica Neue\',Helvetica,Arial,sans-serif; font-weight: normal; padding: 0; margin: 0; Margin: 0; text-align: left; font-size: 14px; mso-line-height-rule: exactly; line-height: 140%;\">\n    <tr style=\"padding: 0; vertical-align: top; text-align: left;\">\n        <td align=\"center\" valign=\"top\" class=\"body-inner fluent-smtp\" style=\"word-wrap: break-word; -webkit-hyphens: auto; -moz-hyphens: auto; hyphens: auto; border-collapse: collapse !important; vertical-align: top; mso-table-lspace: 0pt; mso-table-rspace: 0pt; -ms-text-size-adjust: 100%; -webkit-text-size-adjust: 100%; color: #444; font-family: \'Helvetica Neue\',Helvetica,Arial,sans-serif; font-weight: normal; padding: 0; margin: 0; Margin: 0; font-size: 14px; mso-line-height-rule: exactly; line-height: 140%; text-align: center;\">\n            <!-- Container -->\n            <table border=\"0\" cellpadding=\"0\" cellspacing=\"0\" class=\"container\" style=\"border-collapse: collapse; border-spacing: 0; padding: 0; vertical-align: top; mso-table-lspace: 0pt; mso-table-rspace: 0pt; -ms-text-size-adjust: 100%; -webkit-text-size-adjust: 100%; width: 600px; margin: 0 auto 30px auto; Margin: 0 auto 30px auto; text-align: inherit;\">\n                <!-- Header -->\n                <tr style=\"padding: 0; vertical-align: top; text-align: left;\">\n                    <td align=\"center\" valign=\"middle\" class=\"header\" style=\"word-wrap: break-word; -webkit-hyphens: auto; -moz-hyphens: auto; hyphens: auto; border-collapse: collapse !important; vertical-align: top; mso-table-lspace: 0pt; mso-table-rspace: 0pt; -ms-text-size-adjust: 100%; -webkit-text-size-adjust: 100%; color: #444; font-family: \'Helvetica Neue\',Helvetica,Arial,sans-serif; font-weight: normal; margin: 0; Margin: 0; font-size: 14px; mso-line-height-rule: exactly; line-height: 140%; text-align: center; padding: 30px 30px 22px 30px;\">\n                        <img src=\"https://easywp.site/wp-content/plugins/fluent-smtp/assets/images/fluentsmtp.png\" width=\"164px\" alt=\"Fluent SMTP Logo\" style=\"outline: none; text-decoration: none; max-width: 100%; clear: both; -ms-interpolation-mode: bicubic; display: inline-block !important; width: 164px;\">\n                    </td>\n                </tr>\n                <!-- Content -->\n                <tr style=\"padding: 0; vertical-align: top; text-align: left;\">\n                    <td align=\"left\" valign=\"top\" class=\"content\" style=\"word-wrap: break-word; -webkit-hyphens: auto; -moz-hyphens: auto; hyphens: auto; border-collapse: collapse !important; vertical-align: top; mso-table-lspace: 0pt; mso-table-rspace: 0pt; -ms-text-size-adjust: 100%; -webkit-text-size-adjust: 100%; color: #444; font-family: \'Helvetica Neue\',Helvetica,Arial,sans-serif; font-weight: normal; margin: 0; Margin: 0; text-align: left; font-size: 14px; mso-line-height-rule: exactly; line-height: 140%; background-color: #ffffff; padding: 60px 75px 45px 75px; border-right: 1px solid #ddd; border-bottom: 1px solid #ddd; border-left: 1px solid #ddd; border-top: 4px solid #c716c1;\">\n                        <div class=\"success\" style=\"text-align: center;\">\n                            <p class=\"text-extra-large text-center congrats\" style=\"-ms-text-size-adjust: 100%; -webkit-text-size-adjust: 100%; color: #444; font-family: \'Helvetica Neue\',Helvetica,Arial,sans-serif; font-weight: normal; padding: 0; mso-line-height-rule: exactly; line-height: 140%; font-size: 20px; text-align: center; margin: 0 0 20px 0; Margin: 0 0 20px 0;\">\n                                Congrats, test email was sent successfully!                            </p>\n                            <p class=\"text-large\" style=\"-ms-text-size-adjust: 100%; -webkit-text-size-adjust: 100%; color: #444; font-family: \'Helvetica Neue\',Helvetica,Arial,sans-serif; font-weight: normal; padding: 0; text-align: left; mso-line-height-rule: exactly; line-height: 140%; margin: 0 0 15px 0; Margin: 0 0 15px 0; font-size: 16px;\">\n                                Thank you for using Fluent SMTP Plugin. The ultimate SMTP plugin you need for making sure your emails are delivered.<br /><br />FluentSMTP is a free opensource plugin and it will be always free (<a href=\"https://fluentsmtp.com/why-we-built-fluentsmtp-plugin/\">Learn why it&#039;s free</a>).\n                            </p>\n\n                            <p class=\"signature\" style=\"-ms-text-size-adjust: 100%; -webkit-text-size-adjust: 100%; color: #444; font-family: \'Helvetica Neue\',Helvetica,Arial,sans-serif; font-weight: normal; padding: 0; font-size: 14px; mso-line-height-rule: exactly; line-height: 140%; text-align: left; margin: 20px 0 0 0; Margin: 20px 0 0 0;\">\n                                <img src=\"https://easywp.site/wp-content/plugins/fluent-smtp/assets/images/mail_signature.png\" width=\"250\" alt=\"Fluent SMTP Logo\" style=\"outline: none; text-decoration: none; max-width: 100%; clear: both; -ms-interpolation-mode: bicubic; display: inline-block !important; width: 150px;\">\n                            </p>\n                            <p style=\"-ms-text-size-adjust: 100%; -webkit-text-size-adjust: 100%; color: #444; font-family: \'Helvetica Neue\',Helvetica,Arial,sans-serif; font-weight: normal; padding: 0; text-align: left; font-size: 14px; mso-line-height-rule: exactly; line-height: 140%; margin: 0 0 15px 0; Margin: 0 0 15px 0;\">\n                                Shahjahan Jewel<br>\n                                CEO, WPManageNinja LLC\n                            </p>\n\n                            <p style=\"-ms-text-size-adjust: 100%; -webkit-text-size-adjust: 100%; color: #444; font-family: \'Helvetica Neue\',Helvetica,Arial,sans-serif; font-weight: normal; padding: 0; text-align: left; font-size: 14px; mso-line-height-rule: exactly; line-height: 140%; margin: 20px 0 15px 0; Margin: 20px 0 15px 0;\">\n                                This email was sent from <b>Easy WP Site at 2026-02-25 15:48:01</b>\n                            </p>\n                        </div>\n                    </td>\n                </tr>\n            </table>\n        </td>\n    </tr>\n    <tr>\n        <td>\n            <p style=\"-ms-text-size-adjust: 100%; -webkit-text-size-adjust: 100%; color: #444; font-family: \'Helvetica Neue\',Helvetica,Arial,sans-serif; font-weight: normal; padding: 0; text-align: center; font-size: 14px; mso-line-height-rule: exactly; line-height: 140%; margin: 0 0 15px 0; margin: 0 0 15px 0;\">\n                PS: if you have a minute please <a href=\"https://wordpress.org/support/plugin/fluent-smtp/reviews/?filter=5\">write a review for FluentSMTP</a>\n            </p>\n        </td>\n    </tr>\n</table>\n</body>\n</html>\n','a:4:{s:8:\"reply-to\";a:0:{}s:2:\"cc\";a:0:{}s:3:\"bcc\";a:0:{}s:12:\"content-type\";s:9:\"text/html\";}','a:0:{}','sent','a:2:{s:9:\"MessageId\";s:60:\"0100019c957c5d45-6869a9be-deba-4a95-86e5-fcf6bd607a88-000000\";s:9:\"RequestId\";s:36:\"4b1f9e18-4e44-4281-aaf5-048a6e61ce9c\";}','a:1:{s:8:\"provider\";s:3:\"ses\";}',0,0,NULL,'2026-02-25 15:48:01',NULL);

--
-- Table structure for table `wp_links`
--

CREATE TABLE `wp_links` (
  `link_id` bigint unsigned NOT NULL AUTO_INCREMENT,
  `link_url` varchar(255) CHARACTER SET utf8mb4 COLLATE utf8mb4_unicode_520_ci NOT NULL DEFAULT '',
  `link_name` varchar(255) CHARACTER SET utf8mb4 COLLATE utf8mb4_unicode_520_ci NOT NULL DEFAULT '',
  `link_image` varchar(255) CHARACTER SET utf8mb4 COLLATE utf8mb4_unicode_520_ci NOT NULL DEFAULT '',
  `link_target` varchar(25) CHARACTER SET utf8mb4 COLLATE utf8mb4_unicode_520_ci NOT NULL DEFAULT '',
  `link_description` varchar(255) CHARACTER SET utf8mb4 COLLATE utf8mb4_unicode_520_ci NOT NULL DEFAULT '',
  `link_visible` varchar(20) CHARACTER SET utf8mb4 COLLATE utf8mb4_unicode_520_ci NOT NULL DEFAULT 'Y',
  `link_owner` bigint unsigned NOT NULL DEFAULT '1',
  `link_rating` int NOT NULL DEFAULT '0',
  `link_updated` datetime NOT NULL DEFAULT '0000-00-00 00:00:00',
  `link_rel` varchar(255) CHARACTER SET utf8mb4 COLLATE utf8mb4_unicode_520_ci NOT NULL DEFAULT '',
  `link_notes` mediumtext CHARACTER SET utf8mb4 COLLATE utf8mb4_unicode_520_ci NOT NULL,
  `link_rss` varchar(255) CHARACTER SET utf8mb4 COLLATE utf8mb4_unicode_520_ci NOT NULL DEFAULT '',
  PRIMARY KEY (`link_id`),
  KEY `link_visible` (`link_visible`)
) ENGINE=InnoDB DEFAULT CHARSET=utf8mb4 COLLATE=utf8mb4_unicode_520_ci;

--
-- Dumping data for table `wp_links`
--


--
-- Table structure for table `wp_ns_cloner_logs`
--

CREATE TABLE `wp_ns_cloner_logs` (
  `id` bigint unsigned NOT NULL AUTO_INCREMENT,
  `version` varchar(50) CHARACTER SET utf8mb4 COLLATE utf8mb4_unicode_520_ci NOT NULL,
  `is_success` int NOT NULL,
  `clone_mode` varchar(100) CHARACTER SET utf8mb4 COLLATE utf8mb4_unicode_520_ci NOT NULL,
  `date` datetime NOT NULL,
  `time_spent_sec` int NOT NULL,
  `tables_count` int DEFAULT NULL,
  `rows_count` int DEFAULT NULL,
  `files_count` int DEFAULT NULL,
  `users_count` int DEFAULT NULL,
  `replacements_count` int DEFAULT NULL,
  `wp_data` text CHARACTER SET utf8mb4 COLLATE utf8mb4_unicode_520_ci,
  `is_synced` int NOT NULL,
  PRIMARY KEY (`id`)
) ENGINE=InnoDB AUTO_INCREMENT=6 DEFAULT CHARSET=utf8mb4 COLLATE=utf8mb4_unicode_520_ci;

--
-- Dumping data for table `wp_ns_cloner_logs`
--

INSERT INTO `wp_ns_cloner_logs` VALUES (1,'free',1,'core','2026-03-02 12:48:35',83,52,1994,104,NULL,244,'{\"is_multisite\":true,\"is_subdomain\":false}',0),(2,'free',0,'core','2026-03-02 12:51:10',0,NULL,NULL,NULL,NULL,244,'{\"is_multisite\":true,\"is_subdomain\":false}',0),(3,'free',1,'core','2026-03-02 13:10:03',1772457003,52,2003,107,NULL,0,'{\"is_multisite\":true,\"is_subdomain\":false}',0),(4,'free',1,'core','2026-03-02 13:10:52',11,52,2004,107,NULL,246,'{\"is_multisite\":true,\"is_subdomain\":false}',0),(5,'free',1,'core','2026-03-02 13:16:12',13,52,2004,107,NULL,246,'{\"is_multisite\":true,\"is_subdomain\":false}',0);

--
-- Table structure for table `wp_options`
--

CREATE TABLE `wp_options` (
  `option_id` bigint unsigned NOT NULL AUTO_INCREMENT,
  `option_name` varchar(191) CHARACTER SET utf8mb4 COLLATE utf8mb4_unicode_520_ci NOT NULL DEFAULT '',
  `option_value` longtext CHARACTER SET utf8mb4 COLLATE utf8mb4_unicode_520_ci NOT NULL,
  `autoload` varchar(20) CHARACTER SET utf8mb4 COLLATE utf8mb4_unicode_520_ci NOT NULL DEFAULT 'yes',
  PRIMARY KEY (`option_id`),
  UNIQUE KEY `option_name` (`option_name`),
  KEY `autoload` (`autoload`)
) ENGINE=InnoDB AUTO_INCREMENT=698 DEFAULT CHARSET=utf8mb4 COLLATE=utf8mb4_unicode_520_ci;

--
-- Dumping data for table `wp_options`
--

INSERT INTO `wp_options` VALUES (1,'cron','a:13:{i:1772522786;a:1:{s:14:\"ns_cloner_cron\";a:1:{s:32:\"40cd750bba9870f18aada2478b24840a\";a:3:{s:8:\"schedule\";s:23:\"ns_cloner_cron_interval\";s:4:\"args\";a:0:{}s:8:\"interval\";i:120;}}}i:1772525383;a:1:{s:34:\"wp_privacy_delete_old_export_files\";a:1:{s:32:\"40cd750bba9870f18aada2478b24840a\";a:3:{s:8:\"schedule\";s:6:\"hourly\";s:4:\"args\";a:0:{}s:8:\"interval\";i:3600;}}}i:1772550589;a:3:{s:19:\"wp_scheduled_delete\";a:1:{s:32:\"40cd750bba9870f18aada2478b24840a\";a:3:{s:8:\"schedule\";s:5:\"daily\";s:4:\"args\";a:0:{}s:8:\"interval\";i:86400;}}s:25:\"delete_expired_transients\";a:1:{s:32:\"40cd750bba9870f18aada2478b24840a\";a:3:{s:8:\"schedule\";s:5:\"daily\";s:4:\"args\";a:0:{}s:8:\"interval\";i:86400;}}s:21:\"wp_update_user_counts\";a:1:{s:32:\"40cd750bba9870f18aada2478b24840a\";a:3:{s:8:\"schedule\";s:10:\"twicedaily\";s:4:\"args\";a:0:{}s:8:\"interval\";i:43200;}}}i:1772550590;a:1:{s:30:\"wp_scheduled_auto_draft_delete\";a:1:{s:32:\"40cd750bba9870f18aada2478b24840a\";a:3:{s:8:\"schedule\";s:5:\"daily\";s:4:\"args\";a:0:{}s:8:\"interval\";i:86400;}}}i:1772550618;a:1:{s:32:\"recovery_mode_clean_expired_keys\";a:1:{s:32:\"40cd750bba9870f18aada2478b24840a\";a:3:{s:8:\"schedule\";s:5:\"daily\";s:4:\"args\";a:0:{}s:8:\"interval\";i:86400;}}}i:1772550767;a:1:{s:21:\"update_network_counts\";a:1:{s:32:\"40cd750bba9870f18aada2478b24840a\";a:3:{s:8:\"schedule\";s:10:\"twicedaily\";s:4:\"args\";a:0:{}s:8:\"interval\";i:43200;}}}i:1772552135;a:1:{s:35:\"fluentmail_do_daily_scheduled_tasks\";a:1:{s:32:\"40cd750bba9870f18aada2478b24840a\";a:3:{s:8:\"schedule\";s:5:\"daily\";s:4:\"args\";a:0:{}s:8:\"interval\";i:86400;}}}i:1772554182;a:1:{s:16:\"wp_version_check\";a:1:{s:32:\"40cd750bba9870f18aada2478b24840a\";a:3:{s:8:\"schedule\";s:10:\"twicedaily\";s:4:\"args\";a:0:{}s:8:\"interval\";i:43200;}}}i:1772555982;a:1:{s:17:\"wp_update_plugins\";a:1:{s:32:\"40cd750bba9870f18aada2478b24840a\";a:3:{s:8:\"schedule\";s:10:\"twicedaily\";s:4:\"args\";a:0:{}s:8:\"interval\";i:43200;}}}i:1772557782;a:1:{s:16:\"wp_update_themes\";a:1:{s:32:\"40cd750bba9870f18aada2478b24840a\";a:3:{s:8:\"schedule\";s:10:\"twicedaily\";s:4:\"args\";a:0:{}s:8:\"interval\";i:43200;}}}i:1772637262;a:1:{s:30:\"wp_delete_temp_updater_backups\";a:1:{s:32:\"40cd750bba9870f18aada2478b24840a\";a:3:{s:8:\"schedule\";s:6:\"weekly\";s:4:\"args\";a:0:{}s:8:\"interval\";i:604800;}}}i:1772723383;a:1:{s:30:\"wp_site_health_scheduled_check\";a:1:{s:32:\"40cd750bba9870f18aada2478b24840a\";a:3:{s:8:\"schedule\";s:6:\"weekly\";s:4:\"args\";a:0:{}s:8:\"interval\";i:604800;}}}s:7:\"version\";i:2;}','on'),(2,'siteurl','https://easywp.site','on'),(3,'home','https://easywp.site','on'),(4,'blogname','Easy WP Site','on'),(5,'blogdescription','','on'),(6,'users_can_register','0','on'),(7,'admin_email','n.mukto@gmail.com','on'),(8,'start_of_week','1','on'),(9,'use_balanceTags','0','on'),(10,'use_smilies','1','on'),(11,'require_name_email','1','on'),(12,'comments_notify','1','on'),(13,'posts_per_rss','10','on'),(14,'rss_use_excerpt','0','on'),(15,'mailserver_url','mail.example.com','on'),(16,'mailserver_login','login@example.com','on'),(17,'mailserver_pass','','on'),(18,'mailserver_port','110','on'),(19,'default_category','1','on'),(20,'default_comment_status','open','on'),(21,'default_ping_status','open','on'),(22,'default_pingback_flag','1','on'),(23,'posts_per_page','10','on'),(24,'date_format','F j, Y','on'),(25,'time_format','g:i a','on'),(26,'links_updated_date_format','F j, Y g:i a','on'),(27,'comment_moderation','0','on'),(28,'moderation_notify','1','on'),(29,'permalink_structure','/blog/%postname%/','on'),(30,'rewrite_rules','a:97:{s:11:\"^wp-json/?$\";s:22:\"index.php?rest_route=/\";s:14:\"^wp-json/(.*)?\";s:33:\"index.php?rest_route=/$matches[1]\";s:21:\"^index.php/wp-json/?$\";s:22:\"index.php?rest_route=/\";s:24:\"^index.php/wp-json/(.*)?\";s:33:\"index.php?rest_route=/$matches[1]\";s:17:\"^wp-sitemap\\.xml$\";s:23:\"index.php?sitemap=index\";s:17:\"^wp-sitemap\\.xsl$\";s:36:\"index.php?sitemap-stylesheet=sitemap\";s:23:\"^wp-sitemap-index\\.xsl$\";s:34:\"index.php?sitemap-stylesheet=index\";s:48:\"^wp-sitemap-([a-z]+?)-([a-z\\d_-]+?)-(\\d+?)\\.xml$\";s:75:\"index.php?sitemap=$matches[1]&sitemap-subtype=$matches[2]&paged=$matches[3]\";s:34:\"^wp-sitemap-([a-z]+?)-(\\d+?)\\.xml$\";s:47:\"index.php?sitemap=$matches[1]&paged=$matches[2]\";s:52:\"blog/category/(.+?)/feed/(feed|rdf|rss|rss2|atom)/?$\";s:52:\"index.php?category_name=$matches[1]&feed=$matches[2]\";s:47:\"blog/category/(.+?)/(feed|rdf|rss|rss2|atom)/?$\";s:52:\"index.php?category_name=$matches[1]&feed=$matches[2]\";s:28:\"blog/category/(.+?)/embed/?$\";s:46:\"index.php?category_name=$matches[1]&embed=true\";s:40:\"blog/category/(.+?)/page/?([0-9]{1,})/?$\";s:53:\"index.php?category_name=$matches[1]&paged=$matches[2]\";s:22:\"blog/category/(.+?)/?$\";s:35:\"index.php?category_name=$matches[1]\";s:49:\"blog/tag/([^/]+)/feed/(feed|rdf|rss|rss2|atom)/?$\";s:42:\"index.php?tag=$matches[1]&feed=$matches[2]\";s:44:\"blog/tag/([^/]+)/(feed|rdf|rss|rss2|atom)/?$\";s:42:\"index.php?tag=$matches[1]&feed=$matches[2]\";s:25:\"blog/tag/([^/]+)/embed/?$\";s:36:\"index.php?tag=$matches[1]&embed=true\";s:37:\"blog/tag/([^/]+)/page/?([0-9]{1,})/?$\";s:43:\"index.php?tag=$matches[1]&paged=$matches[2]\";s:19:\"blog/tag/([^/]+)/?$\";s:25:\"index.php?tag=$matches[1]\";s:50:\"blog/type/([^/]+)/feed/(feed|rdf|rss|rss2|atom)/?$\";s:50:\"index.php?post_format=$matches[1]&feed=$matches[2]\";s:45:\"blog/type/([^/]+)/(feed|rdf|rss|rss2|atom)/?$\";s:50:\"index.php?post_format=$matches[1]&feed=$matches[2]\";s:26:\"blog/type/([^/]+)/embed/?$\";s:44:\"index.php?post_format=$matches[1]&embed=true\";s:38:\"blog/type/([^/]+)/page/?([0-9]{1,})/?$\";s:51:\"index.php?post_format=$matches[1]&paged=$matches[2]\";s:20:\"blog/type/([^/]+)/?$\";s:33:\"index.php?post_format=$matches[1]\";s:12:\"robots\\.txt$\";s:18:\"index.php?robots=1\";s:13:\"favicon\\.ico$\";s:19:\"index.php?favicon=1\";s:12:\"sitemap\\.xml\";s:23:\"index.php?sitemap=index\";s:48:\".*wp-(atom|rdf|rss|rss2|feed|commentsrss2)\\.php$\";s:18:\"index.php?feed=old\";s:20:\".*wp-app\\.php(/.*)?$\";s:19:\"index.php?error=403\";s:16:\".*wp-signup.php$\";s:21:\"index.php?signup=true\";s:18:\".*wp-activate.php$\";s:23:\"index.php?activate=true\";s:18:\".*wp-register.php$\";s:23:\"index.php?register=true\";s:32:\"feed/(feed|rdf|rss|rss2|atom)/?$\";s:27:\"index.php?&feed=$matches[1]\";s:27:\"(feed|rdf|rss|rss2|atom)/?$\";s:27:\"index.php?&feed=$matches[1]\";s:8:\"embed/?$\";s:21:\"index.php?&embed=true\";s:20:\"page/?([0-9]{1,})/?$\";s:28:\"index.php?&paged=$matches[1]\";s:27:\"comment-page-([0-9]{1,})/?$\";s:38:\"index.php?&page_id=2&cpage=$matches[1]\";s:41:\"comments/feed/(feed|rdf|rss|rss2|atom)/?$\";s:42:\"index.php?&feed=$matches[1]&withcomments=1\";s:36:\"comments/(feed|rdf|rss|rss2|atom)/?$\";s:42:\"index.php?&feed=$matches[1]&withcomments=1\";s:17:\"comments/embed/?$\";s:21:\"index.php?&embed=true\";s:44:\"search/(.+)/feed/(feed|rdf|rss|rss2|atom)/?$\";s:40:\"index.php?s=$matches[1]&feed=$matches[2]\";s:39:\"search/(.+)/(feed|rdf|rss|rss2|atom)/?$\";s:40:\"index.php?s=$matches[1]&feed=$matches[2]\";s:20:\"search/(.+)/embed/?$\";s:34:\"index.php?s=$matches[1]&embed=true\";s:32:\"search/(.+)/page/?([0-9]{1,})/?$\";s:41:\"index.php?s=$matches[1]&paged=$matches[2]\";s:14:\"search/(.+)/?$\";s:23:\"index.php?s=$matches[1]\";s:52:\"blog/author/([^/]+)/feed/(feed|rdf|rss|rss2|atom)/?$\";s:50:\"index.php?author_name=$matches[1]&feed=$matches[2]\";s:47:\"blog/author/([^/]+)/(feed|rdf|rss|rss2|atom)/?$\";s:50:\"index.php?author_name=$matches[1]&feed=$matches[2]\";s:28:\"blog/author/([^/]+)/embed/?$\";s:44:\"index.php?author_name=$matches[1]&embed=true\";s:40:\"blog/author/([^/]+)/page/?([0-9]{1,})/?$\";s:51:\"index.php?author_name=$matches[1]&paged=$matches[2]\";s:22:\"blog/author/([^/]+)/?$\";s:33:\"index.php?author_name=$matches[1]\";s:74:\"blog/([0-9]{4})/([0-9]{1,2})/([0-9]{1,2})/feed/(feed|rdf|rss|rss2|atom)/?$\";s:80:\"index.php?year=$matches[1]&monthnum=$matches[2]&day=$matches[3]&feed=$matches[4]\";s:69:\"blog/([0-9]{4})/([0-9]{1,2})/([0-9]{1,2})/(feed|rdf|rss|rss2|atom)/?$\";s:80:\"index.php?year=$matches[1]&monthnum=$matches[2]&day=$matches[3]&feed=$matches[4]\";s:50:\"blog/([0-9]{4})/([0-9]{1,2})/([0-9]{1,2})/embed/?$\";s:74:\"index.php?year=$matches[1]&monthnum=$matches[2]&day=$matches[3]&embed=true\";s:62:\"blog/([0-9]{4})/([0-9]{1,2})/([0-9]{1,2})/page/?([0-9]{1,})/?$\";s:81:\"index.php?year=$matches[1]&monthnum=$matches[2]&day=$matches[3]&paged=$matches[4]\";s:44:\"blog/([0-9]{4})/([0-9]{1,2})/([0-9]{1,2})/?$\";s:63:\"index.php?year=$matches[1]&monthnum=$matches[2]&day=$matches[3]\";s:61:\"blog/([0-9]{4})/([0-9]{1,2})/feed/(feed|rdf|rss|rss2|atom)/?$\";s:64:\"index.php?year=$matches[1]&monthnum=$matches[2]&feed=$matches[3]\";s:56:\"blog/([0-9]{4})/([0-9]{1,2})/(feed|rdf|rss|rss2|atom)/?$\";s:64:\"index.php?year=$matches[1]&monthnum=$matches[2]&feed=$matches[3]\";s:37:\"blog/([0-9]{4})/([0-9]{1,2})/embed/?$\";s:58:\"index.php?year=$matches[1]&monthnum=$matches[2]&embed=true\";s:49:\"blog/([0-9]{4})/([0-9]{1,2})/page/?([0-9]{1,})/?$\";s:65:\"index.php?year=$matches[1]&monthnum=$matches[2]&paged=$matches[3]\";s:31:\"blog/([0-9]{4})/([0-9]{1,2})/?$\";s:47:\"index.php?year=$matches[1]&monthnum=$matches[2]\";s:48:\"blog/([0-9]{4})/feed/(feed|rdf|rss|rss2|atom)/?$\";s:43:\"index.php?year=$matches[1]&feed=$matches[2]\";s:43:\"blog/([0-9]{4})/(feed|rdf|rss|rss2|atom)/?$\";s:43:\"index.php?year=$matches[1]&feed=$matches[2]\";s:24:\"blog/([0-9]{4})/embed/?$\";s:37:\"index.php?year=$matches[1]&embed=true\";s:36:\"blog/([0-9]{4})/page/?([0-9]{1,})/?$\";s:44:\"index.php?year=$matches[1]&paged=$matches[2]\";s:18:\"blog/([0-9]{4})/?$\";s:26:\"index.php?year=$matches[1]\";s:27:\".?.+?/attachment/([^/]+)/?$\";s:32:\"index.php?attachment=$matches[1]\";s:37:\".?.+?/attachment/([^/]+)/trackback/?$\";s:37:\"index.php?attachment=$matches[1]&tb=1\";s:57:\".?.+?/attachment/([^/]+)/feed/(feed|rdf|rss|rss2|atom)/?$\";s:49:\"index.php?attachment=$matches[1]&feed=$matches[2]\";s:52:\".?.+?/attachment/([^/]+)/(feed|rdf|rss|rss2|atom)/?$\";s:49:\"index.php?attachment=$matches[1]&feed=$matches[2]\";s:52:\".?.+?/attachment/([^/]+)/comment-page-([0-9]{1,})/?$\";s:50:\"index.php?attachment=$matches[1]&cpage=$matches[2]\";s:33:\".?.+?/attachment/([^/]+)/embed/?$\";s:43:\"index.php?attachment=$matches[1]&embed=true\";s:16:\"(.?.+?)/embed/?$\";s:41:\"index.php?pagename=$matches[1]&embed=true\";s:20:\"(.?.+?)/trackback/?$\";s:35:\"index.php?pagename=$matches[1]&tb=1\";s:40:\"(.?.+?)/feed/(feed|rdf|rss|rss2|atom)/?$\";s:47:\"index.php?pagename=$matches[1]&feed=$matches[2]\";s:35:\"(.?.+?)/(feed|rdf|rss|rss2|atom)/?$\";s:47:\"index.php?pagename=$matches[1]&feed=$matches[2]\";s:28:\"(.?.+?)/page/?([0-9]{1,})/?$\";s:48:\"index.php?pagename=$matches[1]&paged=$matches[2]\";s:35:\"(.?.+?)/comment-page-([0-9]{1,})/?$\";s:48:\"index.php?pagename=$matches[1]&cpage=$matches[2]\";s:24:\"(.?.+?)(?:/([0-9]+))?/?$\";s:47:\"index.php?pagename=$matches[1]&page=$matches[2]\";s:32:\"blog/[^/]+/attachment/([^/]+)/?$\";s:32:\"index.php?attachment=$matches[1]\";s:42:\"blog/[^/]+/attachment/([^/]+)/trackback/?$\";s:37:\"index.php?attachment=$matches[1]&tb=1\";s:62:\"blog/[^/]+/attachment/([^/]+)/feed/(feed|rdf|rss|rss2|atom)/?$\";s:49:\"index.php?attachment=$matches[1]&feed=$matches[2]\";s:57:\"blog/[^/]+/attachment/([^/]+)/(feed|rdf|rss|rss2|atom)/?$\";s:49:\"index.php?attachment=$matches[1]&feed=$matches[2]\";s:57:\"blog/[^/]+/attachment/([^/]+)/comment-page-([0-9]{1,})/?$\";s:50:\"index.php?attachment=$matches[1]&cpage=$matches[2]\";s:38:\"blog/[^/]+/attachment/([^/]+)/embed/?$\";s:43:\"index.php?attachment=$matches[1]&embed=true\";s:21:\"blog/([^/]+)/embed/?$\";s:37:\"index.php?name=$matches[1]&embed=true\";s:25:\"blog/([^/]+)/trackback/?$\";s:31:\"index.php?name=$matches[1]&tb=1\";s:45:\"blog/([^/]+)/feed/(feed|rdf|rss|rss2|atom)/?$\";s:43:\"index.php?name=$matches[1]&feed=$matches[2]\";s:40:\"blog/([^/]+)/(feed|rdf|rss|rss2|atom)/?$\";s:43:\"index.php?name=$matches[1]&feed=$matches[2]\";s:33:\"blog/([^/]+)/page/?([0-9]{1,})/?$\";s:44:\"index.php?name=$matches[1]&paged=$matches[2]\";s:40:\"blog/([^/]+)/comment-page-([0-9]{1,})/?$\";s:44:\"index.php?name=$matches[1]&cpage=$matches[2]\";s:29:\"blog/([^/]+)(?:/([0-9]+))?/?$\";s:43:\"index.php?name=$matches[1]&page=$matches[2]\";s:21:\"blog/[^/]+/([^/]+)/?$\";s:32:\"index.php?attachment=$matches[1]\";s:31:\"blog/[^/]+/([^/]+)/trackback/?$\";s:37:\"index.php?attachment=$matches[1]&tb=1\";s:51:\"blog/[^/]+/([^/]+)/feed/(feed|rdf|rss|rss2|atom)/?$\";s:49:\"index.php?attachment=$matches[1]&feed=$matches[2]\";s:46:\"blog/[^/]+/([^/]+)/(feed|rdf|rss|rss2|atom)/?$\";s:49:\"index.php?attachment=$matches[1]&feed=$matches[2]\";s:46:\"blog/[^/]+/([^/]+)/comment-page-([0-9]{1,})/?$\";s:50:\"index.php?attachment=$matches[1]&cpage=$matches[2]\";s:27:\"blog/[^/]+/([^/]+)/embed/?$\";s:43:\"index.php?attachment=$matches[1]&embed=true\";}','on'),(31,'hack_file','0','on'),(32,'blog_charset','UTF-8','on'),(33,'moderation_keys','','off'),(34,'active_plugins','a:2:{i:0;s:27:\"fluent-smtp/fluent-smtp.php\";i:1;s:25:\"easywp-crm/easywp-crm.php\";}','on'),(35,'category_base','','on'),(36,'ping_sites','https://rpc.pingomatic.com/','on'),(37,'comment_max_links','2','on'),(38,'gmt_offset','0','on'),(39,'default_email_category','1','on'),(40,'recently_edited','','off'),(41,'template','easywp-theme','on'),(42,'stylesheet','easywp-theme','on'),(43,'comment_registration','0','on'),(44,'html_type','text/html','on'),(45,'use_trackback','0','on'),(46,'default_role','subscriber','on'),(47,'db_version','60717','on'),(48,'uploads_use_yearmonth_folders','1','on'),(49,'upload_path','','on'),(50,'blog_public','1','on'),(51,'default_link_category','2','on'),(52,'show_on_front','page','on'),(53,'tag_base','','on'),(54,'show_avatars','1','on'),(55,'avatar_rating','G','on'),(56,'upload_url_path','','on'),(57,'thumbnail_size_w','150','on'),(58,'thumbnail_size_h','150','on'),(59,'thumbnail_crop','1','on'),(60,'medium_size_w','300','on'),(61,'medium_size_h','300','on'),(62,'avatar_default','mystery','on'),(63,'large_size_w','1024','on'),(64,'large_size_h','1024','on'),(65,'image_default_link_type','none','on'),(66,'image_default_size','','on'),(67,'image_default_align','','on'),(68,'close_comments_for_old_posts','0','on'),(69,'close_comments_days_old','14','on'),(70,'thread_comments','1','on'),(71,'thread_comments_depth','5','on'),(72,'page_comments','0','on'),(73,'comments_per_page','50','on'),(74,'default_comments_page','newest','on'),(75,'comment_order','asc','on'),(76,'sticky_posts','a:0:{}','on'),(77,'widget_categories','a:0:{}','on'),(78,'widget_text','a:0:{}','on'),(79,'widget_rss','a:0:{}','on'),(80,'uninstall_plugins','a:0:{}','off'),(81,'timezone_string','','on'),(82,'page_for_posts','0','on'),(83,'page_on_front','2','on'),(84,'default_post_format','0','on'),(85,'link_manager_enabled','0','on'),(86,'finished_splitting_shared_terms','1','on'),(87,'site_icon','0','on'),(88,'medium_large_size_w','768','on'),(89,'medium_large_size_h','0','on'),(90,'wp_page_for_privacy_policy','3','on'),(91,'show_comments_cookies_opt_in','1','on'),(92,'admin_email_lifespan','1787584182','on'),(93,'disallowed_keys','','off'),(94,'comment_previously_approved','1','on'),(95,'auto_plugin_theme_update_emails','a:0:{}','off'),(96,'auto_update_core_dev','enabled','on'),(97,'auto_update_core_minor','enabled','on'),(98,'auto_update_core_major','enabled','on'),(99,'wp_force_deactivated_plugins','a:0:{}','on'),(100,'wp_attachment_pages_enabled','0','on'),(101,'wp_notes_notify','1','on'),(102,'initial_db_version','60717','on'),(103,'wp_user_roles','a:5:{s:13:\"administrator\";a:2:{s:4:\"name\";s:13:\"Administrator\";s:12:\"capabilities\";a:61:{s:13:\"switch_themes\";b:1;s:11:\"edit_themes\";b:1;s:16:\"activate_plugins\";b:1;s:12:\"edit_plugins\";b:1;s:10:\"edit_users\";b:1;s:10:\"edit_files\";b:1;s:14:\"manage_options\";b:1;s:17:\"moderate_comments\";b:1;s:17:\"manage_categories\";b:1;s:12:\"manage_links\";b:1;s:12:\"upload_files\";b:1;s:6:\"import\";b:1;s:15:\"unfiltered_html\";b:1;s:10:\"edit_posts\";b:1;s:17:\"edit_others_posts\";b:1;s:20:\"edit_published_posts\";b:1;s:13:\"publish_posts\";b:1;s:10:\"edit_pages\";b:1;s:4:\"read\";b:1;s:8:\"level_10\";b:1;s:7:\"level_9\";b:1;s:7:\"level_8\";b:1;s:7:\"level_7\";b:1;s:7:\"level_6\";b:1;s:7:\"level_5\";b:1;s:7:\"level_4\";b:1;s:7:\"level_3\";b:1;s:7:\"level_2\";b:1;s:7:\"level_1\";b:1;s:7:\"level_0\";b:1;s:17:\"edit_others_pages\";b:1;s:20:\"edit_published_pages\";b:1;s:13:\"publish_pages\";b:1;s:12:\"delete_pages\";b:1;s:19:\"delete_others_pages\";b:1;s:22:\"delete_published_pages\";b:1;s:12:\"delete_posts\";b:1;s:19:\"delete_others_posts\";b:1;s:22:\"delete_published_posts\";b:1;s:20:\"delete_private_posts\";b:1;s:18:\"edit_private_posts\";b:1;s:18:\"read_private_posts\";b:1;s:20:\"delete_private_pages\";b:1;s:18:\"edit_private_pages\";b:1;s:18:\"read_private_pages\";b:1;s:12:\"delete_users\";b:1;s:12:\"create_users\";b:1;s:17:\"unfiltered_upload\";b:1;s:14:\"edit_dashboard\";b:1;s:14:\"update_plugins\";b:1;s:14:\"delete_plugins\";b:1;s:15:\"install_plugins\";b:1;s:13:\"update_themes\";b:1;s:14:\"install_themes\";b:1;s:11:\"update_core\";b:1;s:10:\"list_users\";b:1;s:12:\"remove_users\";b:1;s:13:\"promote_users\";b:1;s:18:\"edit_theme_options\";b:1;s:13:\"delete_themes\";b:1;s:6:\"export\";b:1;}}s:6:\"editor\";a:2:{s:4:\"name\";s:6:\"Editor\";s:12:\"capabilities\";a:34:{s:17:\"moderate_comments\";b:1;s:17:\"manage_categories\";b:1;s:12:\"manage_links\";b:1;s:12:\"upload_files\";b:1;s:15:\"unfiltered_html\";b:1;s:10:\"edit_posts\";b:1;s:17:\"edit_others_posts\";b:1;s:20:\"edit_published_posts\";b:1;s:13:\"publish_posts\";b:1;s:10:\"edit_pages\";b:1;s:4:\"read\";b:1;s:7:\"level_7\";b:1;s:7:\"level_6\";b:1;s:7:\"level_5\";b:1;s:7:\"level_4\";b:1;s:7:\"level_3\";b:1;s:7:\"level_2\";b:1;s:7:\"level_1\";b:1;s:7:\"level_0\";b:1;s:17:\"edit_others_pages\";b:1;s:20:\"edit_published_pages\";b:1;s:13:\"publish_pages\";b:1;s:12:\"delete_pages\";b:1;s:19:\"delete_others_pages\";b:1;s:22:\"delete_published_pages\";b:1;s:12:\"delete_posts\";b:1;s:19:\"delete_others_posts\";b:1;s:22:\"delete_published_posts\";b:1;s:20:\"delete_private_posts\";b:1;s:18:\"edit_private_posts\";b:1;s:18:\"read_private_posts\";b:1;s:20:\"delete_private_pages\";b:1;s:18:\"edit_private_pages\";b:1;s:18:\"read_private_pages\";b:1;}}s:6:\"author\";a:2:{s:4:\"name\";s:6:\"Author\";s:12:\"capabilities\";a:10:{s:12:\"upload_files\";b:1;s:10:\"edit_posts\";b:1;s:20:\"edit_published_posts\";b:1;s:13:\"publish_posts\";b:1;s:4:\"read\";b:1;s:7:\"level_2\";b:1;s:7:\"level_1\";b:1;s:7:\"level_0\";b:1;s:12:\"delete_posts\";b:1;s:22:\"delete_published_posts\";b:1;}}s:11:\"contributor\";a:2:{s:4:\"name\";s:11:\"Contributor\";s:12:\"capabilities\";a:5:{s:10:\"edit_posts\";b:1;s:4:\"read\";b:1;s:7:\"level_1\";b:1;s:7:\"level_0\";b:1;s:12:\"delete_posts\";b:1;}}s:10:\"subscriber\";a:2:{s:4:\"name\";s:10:\"Subscriber\";s:12:\"capabilities\";a:2:{s:4:\"read\";b:1;s:7:\"level_0\";b:1;}}}','on'),(104,'fresh_site','0','off'),(105,'user_count','1','off'),(106,'widget_block','a:6:{i:2;a:1:{s:7:\"content\";s:19:\"<!-- wp:search /-->\";}i:3;a:1:{s:7:\"content\";s:154:\"<!-- wp:group --><div class=\"wp-block-group\"><!-- wp:heading --><h2>Recent Posts</h2><!-- /wp:heading --><!-- wp:latest-posts /--></div><!-- /wp:group -->\";}i:4;a:1:{s:7:\"content\";s:227:\"<!-- wp:group --><div class=\"wp-block-group\"><!-- wp:heading --><h2>Recent Comments</h2><!-- /wp:heading --><!-- wp:latest-comments {\"displayAvatar\":false,\"displayDate\":false,\"displayExcerpt\":false} /--></div><!-- /wp:group -->\";}i:5;a:1:{s:7:\"content\";s:146:\"<!-- wp:group --><div class=\"wp-block-group\"><!-- wp:heading --><h2>Archives</h2><!-- /wp:heading --><!-- wp:archives /--></div><!-- /wp:group -->\";}i:6;a:1:{s:7:\"content\";s:150:\"<!-- wp:group --><div class=\"wp-block-group\"><!-- wp:heading --><h2>Categories</h2><!-- /wp:heading --><!-- wp:categories /--></div><!-- /wp:group -->\";}s:12:\"_multiwidget\";i:1;}','auto'),(107,'sidebars_widgets','a:2:{s:19:\"wp_inactive_widgets\";a:5:{i:0;s:7:\"block-2\";i:1;s:7:\"block-3\";i:2;s:7:\"block-4\";i:3;s:7:\"block-5\";i:4;s:7:\"block-6\";}s:13:\"array_version\";i:3;}','auto'),(108,'widget_pages','a:1:{s:12:\"_multiwidget\";i:1;}','auto'),(109,'widget_calendar','a:1:{s:12:\"_multiwidget\";i:1;}','auto'),(110,'widget_archives','a:1:{s:12:\"_multiwidget\";i:1;}','auto'),(111,'widget_media_audio','a:1:{s:12:\"_multiwidget\";i:1;}','auto'),(112,'widget_media_image','a:1:{s:12:\"_multiwidget\";i:1;}','auto'),(113,'widget_media_gallery','a:1:{s:12:\"_multiwidget\";i:1;}','auto'),(114,'widget_media_video','a:1:{s:12:\"_multiwidget\";i:1;}','auto'),(115,'widget_meta','a:1:{s:12:\"_multiwidget\";i:1;}','auto'),(116,'widget_search','a:1:{s:12:\"_multiwidget\";i:1;}','auto'),(117,'widget_recent-posts','a:1:{s:12:\"_multiwidget\";i:1;}','auto'),(118,'widget_recent-comments','a:1:{s:12:\"_multiwidget\";i:1;}','auto'),(119,'widget_tag_cloud','a:1:{s:12:\"_multiwidget\";i:1;}','auto'),(120,'widget_nav_menu','a:1:{s:12:\"_multiwidget\";i:1;}','auto'),(121,'widget_custom_html','a:1:{s:12:\"_multiwidget\";i:1;}','auto'),(122,'_transient_wp_core_block_css_files','a:2:{s:7:\"version\";s:5:\"6.9.1\";s:5:\"files\";a:584:{i:0;s:31:\"accordion-heading/style-rtl.css\";i:1;s:35:\"accordion-heading/style-rtl.min.css\";i:2;s:27:\"accordion-heading/style.css\";i:3;s:31:\"accordion-heading/style.min.css\";i:4;s:28:\"accordion-item/style-rtl.css\";i:5;s:32:\"accordion-item/style-rtl.min.css\";i:6;s:24:\"accordion-item/style.css\";i:7;s:28:\"accordion-item/style.min.css\";i:8;s:29:\"accordion-panel/style-rtl.css\";i:9;s:33:\"accordion-panel/style-rtl.min.css\";i:10;s:25:\"accordion-panel/style.css\";i:11;s:29:\"accordion-panel/style.min.css\";i:12;s:23:\"accordion/style-rtl.css\";i:13;s:27:\"accordion/style-rtl.min.css\";i:14;s:19:\"accordion/style.css\";i:15;s:23:\"accordion/style.min.css\";i:16;s:23:\"archives/editor-rtl.css\";i:17;s:27:\"archives/editor-rtl.min.css\";i:18;s:19:\"archives/editor.css\";i:19;s:23:\"archives/editor.min.css\";i:20;s:22:\"archives/style-rtl.css\";i:21;s:26:\"archives/style-rtl.min.css\";i:22;s:18:\"archives/style.css\";i:23;s:22:\"archives/style.min.css\";i:24;s:20:\"audio/editor-rtl.css\";i:25;s:24:\"audio/editor-rtl.min.css\";i:26;s:16:\"audio/editor.css\";i:27;s:20:\"audio/editor.min.css\";i:28;s:19:\"audio/style-rtl.css\";i:29;s:23:\"audio/style-rtl.min.css\";i:30;s:15:\"audio/style.css\";i:31;s:19:\"audio/style.min.css\";i:32;s:19:\"audio/theme-rtl.css\";i:33;s:23:\"audio/theme-rtl.min.css\";i:34;s:15:\"audio/theme.css\";i:35;s:19:\"audio/theme.min.css\";i:36;s:21:\"avatar/editor-rtl.css\";i:37;s:25:\"avatar/editor-rtl.min.css\";i:38;s:17:\"avatar/editor.css\";i:39;s:21:\"avatar/editor.min.css\";i:40;s:20:\"avatar/style-rtl.css\";i:41;s:24:\"avatar/style-rtl.min.css\";i:42;s:16:\"avatar/style.css\";i:43;s:20:\"avatar/style.min.css\";i:44;s:21:\"button/editor-rtl.css\";i:45;s:25:\"button/editor-rtl.min.css\";i:46;s:17:\"button/editor.css\";i:47;s:21:\"button/editor.min.css\";i:48;s:20:\"button/style-rtl.css\";i:49;s:24:\"button/style-rtl.min.css\";i:50;s:16:\"button/style.css\";i:51;s:20:\"button/style.min.css\";i:52;s:22:\"buttons/editor-rtl.css\";i:53;s:26:\"buttons/editor-rtl.min.css\";i:54;s:18:\"buttons/editor.css\";i:55;s:22:\"buttons/editor.min.css\";i:56;s:21:\"buttons/style-rtl.css\";i:57;s:25:\"buttons/style-rtl.min.css\";i:58;s:17:\"buttons/style.css\";i:59;s:21:\"buttons/style.min.css\";i:60;s:22:\"calendar/style-rtl.css\";i:61;s:26:\"calendar/style-rtl.min.css\";i:62;s:18:\"calendar/style.css\";i:63;s:22:\"calendar/style.min.css\";i:64;s:25:\"categories/editor-rtl.css\";i:65;s:29:\"categories/editor-rtl.min.css\";i:66;s:21:\"categories/editor.css\";i:67;s:25:\"categories/editor.min.css\";i:68;s:24:\"categories/style-rtl.css\";i:69;s:28:\"categories/style-rtl.min.css\";i:70;s:20:\"categories/style.css\";i:71;s:24:\"categories/style.min.css\";i:72;s:19:\"code/editor-rtl.css\";i:73;s:23:\"code/editor-rtl.min.css\";i:74;s:15:\"code/editor.css\";i:75;s:19:\"code/editor.min.css\";i:76;s:18:\"code/style-rtl.css\";i:77;s:22:\"code/style-rtl.min.css\";i:78;s:14:\"code/style.css\";i:79;s:18:\"code/style.min.css\";i:80;s:18:\"code/theme-rtl.css\";i:81;s:22:\"code/theme-rtl.min.css\";i:82;s:14:\"code/theme.css\";i:83;s:18:\"code/theme.min.css\";i:84;s:22:\"columns/editor-rtl.css\";i:85;s:26:\"columns/editor-rtl.min.css\";i:86;s:18:\"columns/editor.css\";i:87;s:22:\"columns/editor.min.css\";i:88;s:21:\"columns/style-rtl.css\";i:89;s:25:\"columns/style-rtl.min.css\";i:90;s:17:\"columns/style.css\";i:91;s:21:\"columns/style.min.css\";i:92;s:33:\"comment-author-name/style-rtl.css\";i:93;s:37:\"comment-author-name/style-rtl.min.css\";i:94;s:29:\"comment-author-name/style.css\";i:95;s:33:\"comment-author-name/style.min.css\";i:96;s:29:\"comment-content/style-rtl.css\";i:97;s:33:\"comment-content/style-rtl.min.css\";i:98;s:25:\"comment-content/style.css\";i:99;s:29:\"comment-content/style.min.css\";i:100;s:26:\"comment-date/style-rtl.css\";i:101;s:30:\"comment-date/style-rtl.min.css\";i:102;s:22:\"comment-date/style.css\";i:103;s:26:\"comment-date/style.min.css\";i:104;s:31:\"comment-edit-link/style-rtl.css\";i:105;s:35:\"comment-edit-link/style-rtl.min.css\";i:106;s:27:\"comment-edit-link/style.css\";i:107;s:31:\"comment-edit-link/style.min.css\";i:108;s:32:\"comment-reply-link/style-rtl.css\";i:109;s:36:\"comment-reply-link/style-rtl.min.css\";i:110;s:28:\"comment-reply-link/style.css\";i:111;s:32:\"comment-reply-link/style.min.css\";i:112;s:30:\"comment-template/style-rtl.css\";i:113;s:34:\"comment-template/style-rtl.min.css\";i:114;s:26:\"comment-template/style.css\";i:115;s:30:\"comment-template/style.min.css\";i:116;s:42:\"comments-pagination-numbers/editor-rtl.css\";i:117;s:46:\"comments-pagination-numbers/editor-rtl.min.css\";i:118;s:38:\"comments-pagination-numbers/editor.css\";i:119;s:42:\"comments-pagination-numbers/editor.min.css\";i:120;s:34:\"comments-pagination/editor-rtl.css\";i:121;s:38:\"comments-pagination/editor-rtl.min.css\";i:122;s:30:\"comments-pagination/editor.css\";i:123;s:34:\"comments-pagination/editor.min.css\";i:124;s:33:\"comments-pagination/style-rtl.css\";i:125;s:37:\"comments-pagination/style-rtl.min.css\";i:126;s:29:\"comments-pagination/style.css\";i:127;s:33:\"comments-pagination/style.min.css\";i:128;s:29:\"comments-title/editor-rtl.css\";i:129;s:33:\"comments-title/editor-rtl.min.css\";i:130;s:25:\"comments-title/editor.css\";i:131;s:29:\"comments-title/editor.min.css\";i:132;s:23:\"comments/editor-rtl.css\";i:133;s:27:\"comments/editor-rtl.min.css\";i:134;s:19:\"comments/editor.css\";i:135;s:23:\"comments/editor.min.css\";i:136;s:22:\"comments/style-rtl.css\";i:137;s:26:\"comments/style-rtl.min.css\";i:138;s:18:\"comments/style.css\";i:139;s:22:\"comments/style.min.css\";i:140;s:20:\"cover/editor-rtl.css\";i:141;s:24:\"cover/editor-rtl.min.css\";i:142;s:16:\"cover/editor.css\";i:143;s:20:\"cover/editor.min.css\";i:144;s:19:\"cover/style-rtl.css\";i:145;s:23:\"cover/style-rtl.min.css\";i:146;s:15:\"cover/style.css\";i:147;s:19:\"cover/style.min.css\";i:148;s:22:\"details/editor-rtl.css\";i:149;s:26:\"details/editor-rtl.min.css\";i:150;s:18:\"details/editor.css\";i:151;s:22:\"details/editor.min.css\";i:152;s:21:\"details/style-rtl.css\";i:153;s:25:\"details/style-rtl.min.css\";i:154;s:17:\"details/style.css\";i:155;s:21:\"details/style.min.css\";i:156;s:20:\"embed/editor-rtl.css\";i:157;s:24:\"embed/editor-rtl.min.css\";i:158;s:16:\"embed/editor.css\";i:159;s:20:\"embed/editor.min.css\";i:160;s:19:\"embed/style-rtl.css\";i:161;s:23:\"embed/style-rtl.min.css\";i:162;s:15:\"embed/style.css\";i:163;s:19:\"embed/style.min.css\";i:164;s:19:\"embed/theme-rtl.css\";i:165;s:23:\"embed/theme-rtl.min.css\";i:166;s:15:\"embed/theme.css\";i:167;s:19:\"embed/theme.min.css\";i:168;s:19:\"file/editor-rtl.css\";i:169;s:23:\"file/editor-rtl.min.css\";i:170;s:15:\"file/editor.css\";i:171;s:19:\"file/editor.min.css\";i:172;s:18:\"file/style-rtl.css\";i:173;s:22:\"file/style-rtl.min.css\";i:174;s:14:\"file/style.css\";i:175;s:18:\"file/style.min.css\";i:176;s:23:\"footnotes/style-rtl.css\";i:177;s:27:\"footnotes/style-rtl.min.css\";i:178;s:19:\"footnotes/style.css\";i:179;s:23:\"footnotes/style.min.css\";i:180;s:23:\"freeform/editor-rtl.css\";i:181;s:27:\"freeform/editor-rtl.min.css\";i:182;s:19:\"freeform/editor.css\";i:183;s:23:\"freeform/editor.min.css\";i:184;s:22:\"gallery/editor-rtl.css\";i:185;s:26:\"gallery/editor-rtl.min.css\";i:186;s:18:\"gallery/editor.css\";i:187;s:22:\"gallery/editor.min.css\";i:188;s:21:\"gallery/style-rtl.css\";i:189;s:25:\"gallery/style-rtl.min.css\";i:190;s:17:\"gallery/style.css\";i:191;s:21:\"gallery/style.min.css\";i:192;s:21:\"gallery/theme-rtl.css\";i:193;s:25:\"gallery/theme-rtl.min.css\";i:194;s:17:\"gallery/theme.css\";i:195;s:21:\"gallery/theme.min.css\";i:196;s:20:\"group/editor-rtl.css\";i:197;s:24:\"group/editor-rtl.min.css\";i:198;s:16:\"group/editor.css\";i:199;s:20:\"group/editor.min.css\";i:200;s:19:\"group/style-rtl.css\";i:201;s:23:\"group/style-rtl.min.css\";i:202;s:15:\"group/style.css\";i:203;s:19:\"group/style.min.css\";i:204;s:19:\"group/theme-rtl.css\";i:205;s:23:\"group/theme-rtl.min.css\";i:206;s:15:\"group/theme.css\";i:207;s:19:\"group/theme.min.css\";i:208;s:21:\"heading/style-rtl.css\";i:209;s:25:\"heading/style-rtl.min.css\";i:210;s:17:\"heading/style.css\";i:211;s:21:\"heading/style.min.css\";i:212;s:19:\"html/editor-rtl.css\";i:213;s:23:\"html/editor-rtl.min.css\";i:214;s:15:\"html/editor.css\";i:215;s:19:\"html/editor.min.css\";i:216;s:20:\"image/editor-rtl.css\";i:217;s:24:\"image/editor-rtl.min.css\";i:218;s:16:\"image/editor.css\";i:219;s:20:\"image/editor.min.css\";i:220;s:19:\"image/style-rtl.css\";i:221;s:23:\"image/style-rtl.min.css\";i:222;s:15:\"image/style.css\";i:223;s:19:\"image/style.min.css\";i:224;s:19:\"image/theme-rtl.css\";i:225;s:23:\"image/theme-rtl.min.css\";i:226;s:15:\"image/theme.css\";i:227;s:19:\"image/theme.min.css\";i:228;s:29:\"latest-comments/style-rtl.css\";i:229;s:33:\"latest-comments/style-rtl.min.css\";i:230;s:25:\"latest-comments/style.css\";i:231;s:29:\"latest-comments/style.min.css\";i:232;s:27:\"latest-posts/editor-rtl.css\";i:233;s:31:\"latest-posts/editor-rtl.min.css\";i:234;s:23:\"latest-posts/editor.css\";i:235;s:27:\"latest-posts/editor.min.css\";i:236;s:26:\"latest-posts/style-rtl.css\";i:237;s:30:\"latest-posts/style-rtl.min.css\";i:238;s:22:\"latest-posts/style.css\";i:239;s:26:\"latest-posts/style.min.css\";i:240;s:18:\"list/style-rtl.css\";i:241;s:22:\"list/style-rtl.min.css\";i:242;s:14:\"list/style.css\";i:243;s:18:\"list/style.min.css\";i:244;s:22:\"loginout/style-rtl.css\";i:245;s:26:\"loginout/style-rtl.min.css\";i:246;s:18:\"loginout/style.css\";i:247;s:22:\"loginout/style.min.css\";i:248;s:19:\"math/editor-rtl.css\";i:249;s:23:\"math/editor-rtl.min.css\";i:250;s:15:\"math/editor.css\";i:251;s:19:\"math/editor.min.css\";i:252;s:18:\"math/style-rtl.css\";i:253;s:22:\"math/style-rtl.min.css\";i:254;s:14:\"math/style.css\";i:255;s:18:\"math/style.min.css\";i:256;s:25:\"media-text/editor-rtl.css\";i:257;s:29:\"media-text/editor-rtl.min.css\";i:258;s:21:\"media-text/editor.css\";i:259;s:25:\"media-text/editor.min.css\";i:260;s:24:\"media-text/style-rtl.css\";i:261;s:28:\"media-text/style-rtl.min.css\";i:262;s:20:\"media-text/style.css\";i:263;s:24:\"media-text/style.min.css\";i:264;s:19:\"more/editor-rtl.css\";i:265;s:23:\"more/editor-rtl.min.css\";i:266;s:15:\"more/editor.css\";i:267;s:19:\"more/editor.min.css\";i:268;s:30:\"navigation-link/editor-rtl.css\";i:269;s:34:\"navigation-link/editor-rtl.min.css\";i:270;s:26:\"navigation-link/editor.css\";i:271;s:30:\"navigation-link/editor.min.css\";i:272;s:29:\"navigation-link/style-rtl.css\";i:273;s:33:\"navigation-link/style-rtl.min.css\";i:274;s:25:\"navigation-link/style.css\";i:275;s:29:\"navigation-link/style.min.css\";i:276;s:33:\"navigation-submenu/editor-rtl.css\";i:277;s:37:\"navigation-submenu/editor-rtl.min.css\";i:278;s:29:\"navigation-submenu/editor.css\";i:279;s:33:\"navigation-submenu/editor.min.css\";i:280;s:25:\"navigation/editor-rtl.css\";i:281;s:29:\"navigation/editor-rtl.min.css\";i:282;s:21:\"navigation/editor.css\";i:283;s:25:\"navigation/editor.min.css\";i:284;s:24:\"navigation/style-rtl.css\";i:285;s:28:\"navigation/style-rtl.min.css\";i:286;s:20:\"navigation/style.css\";i:287;s:24:\"navigation/style.min.css\";i:288;s:23:\"nextpage/editor-rtl.css\";i:289;s:27:\"nextpage/editor-rtl.min.css\";i:290;s:19:\"nextpage/editor.css\";i:291;s:23:\"nextpage/editor.min.css\";i:292;s:24:\"page-list/editor-rtl.css\";i:293;s:28:\"page-list/editor-rtl.min.css\";i:294;s:20:\"page-list/editor.css\";i:295;s:24:\"page-list/editor.min.css\";i:296;s:23:\"page-list/style-rtl.css\";i:297;s:27:\"page-list/style-rtl.min.css\";i:298;s:19:\"page-list/style.css\";i:299;s:23:\"page-list/style.min.css\";i:300;s:24:\"paragraph/editor-rtl.css\";i:301;s:28:\"paragraph/editor-rtl.min.css\";i:302;s:20:\"paragraph/editor.css\";i:303;s:24:\"paragraph/editor.min.css\";i:304;s:23:\"paragraph/style-rtl.css\";i:305;s:27:\"paragraph/style-rtl.min.css\";i:306;s:19:\"paragraph/style.css\";i:307;s:23:\"paragraph/style.min.css\";i:308;s:35:\"post-author-biography/style-rtl.css\";i:309;s:39:\"post-author-biography/style-rtl.min.css\";i:310;s:31:\"post-author-biography/style.css\";i:311;s:35:\"post-author-biography/style.min.css\";i:312;s:30:\"post-author-name/style-rtl.css\";i:313;s:34:\"post-author-name/style-rtl.min.css\";i:314;s:26:\"post-author-name/style.css\";i:315;s:30:\"post-author-name/style.min.css\";i:316;s:25:\"post-author/style-rtl.css\";i:317;s:29:\"post-author/style-rtl.min.css\";i:318;s:21:\"post-author/style.css\";i:319;s:25:\"post-author/style.min.css\";i:320;s:33:\"post-comments-count/style-rtl.css\";i:321;s:37:\"post-comments-count/style-rtl.min.css\";i:322;s:29:\"post-comments-count/style.css\";i:323;s:33:\"post-comments-count/style.min.css\";i:324;s:33:\"post-comments-form/editor-rtl.css\";i:325;s:37:\"post-comments-form/editor-rtl.min.css\";i:326;s:29:\"post-comments-form/editor.css\";i:327;s:33:\"post-comments-form/editor.min.css\";i:328;s:32:\"post-comments-form/style-rtl.css\";i:329;s:36:\"post-comments-form/style-rtl.min.css\";i:330;s:28:\"post-comments-form/style.css\";i:331;s:32:\"post-comments-form/style.min.css\";i:332;s:32:\"post-comments-link/style-rtl.css\";i:333;s:36:\"post-comments-link/style-rtl.min.css\";i:334;s:28:\"post-comments-link/style.css\";i:335;s:32:\"post-comments-link/style.min.css\";i:336;s:26:\"post-content/style-rtl.css\";i:337;s:30:\"post-content/style-rtl.min.css\";i:338;s:22:\"post-content/style.css\";i:339;s:26:\"post-content/style.min.css\";i:340;s:23:\"post-date/style-rtl.css\";i:341;s:27:\"post-date/style-rtl.min.css\";i:342;s:19:\"post-date/style.css\";i:343;s:23:\"post-date/style.min.css\";i:344;s:27:\"post-excerpt/editor-rtl.css\";i:345;s:31:\"post-excerpt/editor-rtl.min.css\";i:346;s:23:\"post-excerpt/editor.css\";i:347;s:27:\"post-excerpt/editor.min.css\";i:348;s:26:\"post-excerpt/style-rtl.css\";i:349;s:30:\"post-excerpt/style-rtl.min.css\";i:350;s:22:\"post-excerpt/style.css\";i:351;s:26:\"post-excerpt/style.min.css\";i:352;s:34:\"post-featured-image/editor-rtl.css\";i:353;s:38:\"post-featured-image/editor-rtl.min.css\";i:354;s:30:\"post-featured-image/editor.css\";i:355;s:34:\"post-featured-image/editor.min.css\";i:356;s:33:\"post-featured-image/style-rtl.css\";i:357;s:37:\"post-featured-image/style-rtl.min.css\";i:358;s:29:\"post-featured-image/style.css\";i:359;s:33:\"post-featured-image/style.min.css\";i:360;s:34:\"post-navigation-link/style-rtl.css\";i:361;s:38:\"post-navigation-link/style-rtl.min.css\";i:362;s:30:\"post-navigation-link/style.css\";i:363;s:34:\"post-navigation-link/style.min.css\";i:364;s:27:\"post-template/style-rtl.css\";i:365;s:31:\"post-template/style-rtl.min.css\";i:366;s:23:\"post-template/style.css\";i:367;s:27:\"post-template/style.min.css\";i:368;s:24:\"post-terms/style-rtl.css\";i:369;s:28:\"post-terms/style-rtl.min.css\";i:370;s:20:\"post-terms/style.css\";i:371;s:24:\"post-terms/style.min.css\";i:372;s:31:\"post-time-to-read/style-rtl.css\";i:373;s:35:\"post-time-to-read/style-rtl.min.css\";i:374;s:27:\"post-time-to-read/style.css\";i:375;s:31:\"post-time-to-read/style.min.css\";i:376;s:24:\"post-title/style-rtl.css\";i:377;s:28:\"post-title/style-rtl.min.css\";i:378;s:20:\"post-title/style.css\";i:379;s:24:\"post-title/style.min.css\";i:380;s:26:\"preformatted/style-rtl.css\";i:381;s:30:\"preformatted/style-rtl.min.css\";i:382;s:22:\"preformatted/style.css\";i:383;s:26:\"preformatted/style.min.css\";i:384;s:24:\"pullquote/editor-rtl.css\";i:385;s:28:\"pullquote/editor-rtl.min.css\";i:386;s:20:\"pullquote/editor.css\";i:387;s:24:\"pullquote/editor.min.css\";i:388;s:23:\"pullquote/style-rtl.css\";i:389;s:27:\"pullquote/style-rtl.min.css\";i:390;s:19:\"pullquote/style.css\";i:391;s:23:\"pullquote/style.min.css\";i:392;s:23:\"pullquote/theme-rtl.css\";i:393;s:27:\"pullquote/theme-rtl.min.css\";i:394;s:19:\"pullquote/theme.css\";i:395;s:23:\"pullquote/theme.min.css\";i:396;s:39:\"query-pagination-numbers/editor-rtl.css\";i:397;s:43:\"query-pagination-numbers/editor-rtl.min.css\";i:398;s:35:\"query-pagination-numbers/editor.css\";i:399;s:39:\"query-pagination-numbers/editor.min.css\";i:400;s:31:\"query-pagination/editor-rtl.css\";i:401;s:35:\"query-pagination/editor-rtl.min.css\";i:402;s:27:\"query-pagination/editor.css\";i:403;s:31:\"query-pagination/editor.min.css\";i:404;s:30:\"query-pagination/style-rtl.css\";i:405;s:34:\"query-pagination/style-rtl.min.css\";i:406;s:26:\"query-pagination/style.css\";i:407;s:30:\"query-pagination/style.min.css\";i:408;s:25:\"query-title/style-rtl.css\";i:409;s:29:\"query-title/style-rtl.min.css\";i:410;s:21:\"query-title/style.css\";i:411;s:25:\"query-title/style.min.css\";i:412;s:25:\"query-total/style-rtl.css\";i:413;s:29:\"query-total/style-rtl.min.css\";i:414;s:21:\"query-total/style.css\";i:415;s:25:\"query-total/style.min.css\";i:416;s:20:\"query/editor-rtl.css\";i:417;s:24:\"query/editor-rtl.min.css\";i:418;s:16:\"query/editor.css\";i:419;s:20:\"query/editor.min.css\";i:420;s:19:\"quote/style-rtl.css\";i:421;s:23:\"quote/style-rtl.min.css\";i:422;s:15:\"quote/style.css\";i:423;s:19:\"quote/style.min.css\";i:424;s:19:\"quote/theme-rtl.css\";i:425;s:23:\"quote/theme-rtl.min.css\";i:426;s:15:\"quote/theme.css\";i:427;s:19:\"quote/theme.min.css\";i:428;s:23:\"read-more/style-rtl.css\";i:429;s:27:\"read-more/style-rtl.min.css\";i:430;s:19:\"read-more/style.css\";i:431;s:23:\"read-more/style.min.css\";i:432;s:18:\"rss/editor-rtl.css\";i:433;s:22:\"rss/editor-rtl.min.css\";i:434;s:14:\"rss/editor.css\";i:435;s:18:\"rss/editor.min.css\";i:436;s:17:\"rss/style-rtl.css\";i:437;s:21:\"rss/style-rtl.min.css\";i:438;s:13:\"rss/style.css\";i:439;s:17:\"rss/style.min.css\";i:440;s:21:\"search/editor-rtl.css\";i:441;s:25:\"search/editor-rtl.min.css\";i:442;s:17:\"search/editor.css\";i:443;s:21:\"search/editor.min.css\";i:444;s:20:\"search/style-rtl.css\";i:445;s:24:\"search/style-rtl.min.css\";i:446;s:16:\"search/style.css\";i:447;s:20:\"search/style.min.css\";i:448;s:20:\"search/theme-rtl.css\";i:449;s:24:\"search/theme-rtl.min.css\";i:450;s:16:\"search/theme.css\";i:451;s:20:\"search/theme.min.css\";i:452;s:24:\"separator/editor-rtl.css\";i:453;s:28:\"separator/editor-rtl.min.css\";i:454;s:20:\"separator/editor.css\";i:455;s:24:\"separator/editor.min.css\";i:456;s:23:\"separator/style-rtl.css\";i:457;s:27:\"separator/style-rtl.min.css\";i:458;s:19:\"separator/style.css\";i:459;s:23:\"separator/style.min.css\";i:460;s:23:\"separator/theme-rtl.css\";i:461;s:27:\"separator/theme-rtl.min.css\";i:462;s:19:\"separator/theme.css\";i:463;s:23:\"separator/theme.min.css\";i:464;s:24:\"shortcode/editor-rtl.css\";i:465;s:28:\"shortcode/editor-rtl.min.css\";i:466;s:20:\"shortcode/editor.css\";i:467;s:24:\"shortcode/editor.min.css\";i:468;s:24:\"site-logo/editor-rtl.css\";i:469;s:28:\"site-logo/editor-rtl.min.css\";i:470;s:20:\"site-logo/editor.css\";i:471;s:24:\"site-logo/editor.min.css\";i:472;s:23:\"site-logo/style-rtl.css\";i:473;s:27:\"site-logo/style-rtl.min.css\";i:474;s:19:\"site-logo/style.css\";i:475;s:23:\"site-logo/style.min.css\";i:476;s:27:\"site-tagline/editor-rtl.css\";i:477;s:31:\"site-tagline/editor-rtl.min.css\";i:478;s:23:\"site-tagline/editor.css\";i:479;s:27:\"site-tagline/editor.min.css\";i:480;s:26:\"site-tagline/style-rtl.css\";i:481;s:30:\"site-tagline/style-rtl.min.css\";i:482;s:22:\"site-tagline/style.css\";i:483;s:26:\"site-tagline/style.min.css\";i:484;s:25:\"site-title/editor-rtl.css\";i:485;s:29:\"site-title/editor-rtl.min.css\";i:486;s:21:\"site-title/editor.css\";i:487;s:25:\"site-title/editor.min.css\";i:488;s:24:\"site-title/style-rtl.css\";i:489;s:28:\"site-title/style-rtl.min.css\";i:490;s:20:\"site-title/style.css\";i:491;s:24:\"site-title/style.min.css\";i:492;s:26:\"social-link/editor-rtl.css\";i:493;s:30:\"social-link/editor-rtl.min.css\";i:494;s:22:\"social-link/editor.css\";i:495;s:26:\"social-link/editor.min.css\";i:496;s:27:\"social-links/editor-rtl.css\";i:497;s:31:\"social-links/editor-rtl.min.css\";i:498;s:23:\"social-links/editor.css\";i:499;s:27:\"social-links/editor.min.css\";i:500;s:26:\"social-links/style-rtl.css\";i:501;s:30:\"social-links/style-rtl.min.css\";i:502;s:22:\"social-links/style.css\";i:503;s:26:\"social-links/style.min.css\";i:504;s:21:\"spacer/editor-rtl.css\";i:505;s:25:\"spacer/editor-rtl.min.css\";i:506;s:17:\"spacer/editor.css\";i:507;s:21:\"spacer/editor.min.css\";i:508;s:20:\"spacer/style-rtl.css\";i:509;s:24:\"spacer/style-rtl.min.css\";i:510;s:16:\"spacer/style.css\";i:511;s:20:\"spacer/style.min.css\";i:512;s:20:\"table/editor-rtl.css\";i:513;s:24:\"table/editor-rtl.min.css\";i:514;s:16:\"table/editor.css\";i:515;s:20:\"table/editor.min.css\";i:516;s:19:\"table/style-rtl.css\";i:517;s:23:\"table/style-rtl.min.css\";i:518;s:15:\"table/style.css\";i:519;s:19:\"table/style.min.css\";i:520;s:19:\"table/theme-rtl.css\";i:521;s:23:\"table/theme-rtl.min.css\";i:522;s:15:\"table/theme.css\";i:523;s:19:\"table/theme.min.css\";i:524;s:24:\"tag-cloud/editor-rtl.css\";i:525;s:28:\"tag-cloud/editor-rtl.min.css\";i:526;s:20:\"tag-cloud/editor.css\";i:527;s:24:\"tag-cloud/editor.min.css\";i:528;s:23:\"tag-cloud/style-rtl.css\";i:529;s:27:\"tag-cloud/style-rtl.min.css\";i:530;s:19:\"tag-cloud/style.css\";i:531;s:23:\"tag-cloud/style.min.css\";i:532;s:28:\"template-part/editor-rtl.css\";i:533;s:32:\"template-part/editor-rtl.min.css\";i:534;s:24:\"template-part/editor.css\";i:535;s:28:\"template-part/editor.min.css\";i:536;s:27:\"template-part/theme-rtl.css\";i:537;s:31:\"template-part/theme-rtl.min.css\";i:538;s:23:\"template-part/theme.css\";i:539;s:27:\"template-part/theme.min.css\";i:540;s:24:\"term-count/style-rtl.css\";i:541;s:28:\"term-count/style-rtl.min.css\";i:542;s:20:\"term-count/style.css\";i:543;s:24:\"term-count/style.min.css\";i:544;s:30:\"term-description/style-rtl.css\";i:545;s:34:\"term-description/style-rtl.min.css\";i:546;s:26:\"term-description/style.css\";i:547;s:30:\"term-description/style.min.css\";i:548;s:23:\"term-name/style-rtl.css\";i:549;s:27:\"term-name/style-rtl.min.css\";i:550;s:19:\"term-name/style.css\";i:551;s:23:\"term-name/style.min.css\";i:552;s:28:\"term-template/editor-rtl.css\";i:553;s:32:\"term-template/editor-rtl.min.css\";i:554;s:24:\"term-template/editor.css\";i:555;s:28:\"term-template/editor.min.css\";i:556;s:27:\"term-template/style-rtl.css\";i:557;s:31:\"term-template/style-rtl.min.css\";i:558;s:23:\"term-template/style.css\";i:559;s:27:\"term-template/style.min.css\";i:560;s:27:\"text-columns/editor-rtl.css\";i:561;s:31:\"text-columns/editor-rtl.min.css\";i:562;s:23:\"text-columns/editor.css\";i:563;s:27:\"text-columns/editor.min.css\";i:564;s:26:\"text-columns/style-rtl.css\";i:565;s:30:\"text-columns/style-rtl.min.css\";i:566;s:22:\"text-columns/style.css\";i:567;s:26:\"text-columns/style.min.css\";i:568;s:19:\"verse/style-rtl.css\";i:569;s:23:\"verse/style-rtl.min.css\";i:570;s:15:\"verse/style.css\";i:571;s:19:\"verse/style.min.css\";i:572;s:20:\"video/editor-rtl.css\";i:573;s:24:\"video/editor-rtl.min.css\";i:574;s:16:\"video/editor.css\";i:575;s:20:\"video/editor.min.css\";i:576;s:19:\"video/style-rtl.css\";i:577;s:23:\"video/style-rtl.min.css\";i:578;s:15:\"video/style.css\";i:579;s:19:\"video/style.min.css\";i:580;s:19:\"video/theme-rtl.css\";i:581;s:23:\"video/theme-rtl.min.css\";i:582;s:15:\"video/theme.css\";i:583;s:19:\"video/theme.min.css\";}}','on'),(123,'_site_transient_timeout_wp_theme_files_patterns-d8acdad7644a2e06d0ea4287481b6b04','1772033983','off'),(124,'_site_transient_wp_theme_files_patterns-d8acdad7644a2e06d0ea4287481b6b04','a:2:{s:7:\"version\";s:3:\"1.4\";s:8:\"patterns\";a:97:{s:21:\"banner-about-book.php\";a:4:{s:5:\"title\";s:28:\"Banner with book description\";s:4:\"slug\";s:34:\"twentytwentyfive/banner-about-book\";s:11:\"description\";s:66:\"Banner with book description and accompanying image for promotion.\";s:10:\"categories\";a:1:{i:0;s:6:\"banner\";}}s:28:\"banner-cover-big-heading.php\";a:4:{s:5:\"title\";s:22:\"Cover with big heading\";s:4:\"slug\";s:41:\"twentytwentyfive/banner-cover-big-heading\";s:11:\"description\";s:82:\"A full-width cover section with a large background image and an oversized heading.\";s:10:\"categories\";a:3:{i:0;s:6:\"banner\";i:1;s:5:\"about\";i:2;s:8:\"featured\";}}s:22:\"banner-intro-image.php\";a:4:{s:5:\"title\";s:49:\"Short heading and paragraph and image on the left\";s:4:\"slug\";s:35:\"twentytwentyfive/banner-intro-image\";s:11:\"description\";s:68:\"A Intro pattern with Short heading, paragraph and image on the left.\";s:10:\"categories\";a:2:{i:0;s:6:\"banner\";i:1;s:8:\"featured\";}}s:16:\"banner-intro.php\";a:4:{s:5:\"title\";s:35:\"Intro with left-aligned description\";s:4:\"slug\";s:29:\"twentytwentyfive/banner-intro\";s:11:\"description\";s:66:\"A large left-aligned heading with a brand name emphasized in bold.\";s:10:\"categories\";a:1:{i:0;s:6:\"banner\";}}s:17:\"banner-poster.php\";a:4:{s:5:\"title\";s:19:\"Poster-like section\";s:4:\"slug\";s:30:\"twentytwentyfive/banner-poster\";s:11:\"description\";s:78:\"A section that can be used as a banner or a landing page to announce an event.\";s:10:\"categories\";a:2:{i:0;s:6:\"banner\";i:1;s:5:\"media\";}}s:43:\"banner-with-description-and-images-grid.php\";a:4:{s:5:\"title\";s:39:\"Banner with description and images grid\";s:4:\"slug\";s:47:\"twentytwentyfive/banner-description-images-grid\";s:11:\"description\";s:75:\"A banner with a short paragraph, and two images displayed in a grid layout.\";s:10:\"categories\";a:2:{i:0;s:6:\"banner\";i:1;s:8:\"featured\";}}s:18:\"binding-format.php\";a:4:{s:5:\"title\";s:16:\"Post format name\";s:4:\"slug\";s:31:\"twentytwentyfive/binding-format\";s:11:\"description\";s:75:\"Prints the name of the post format with the help of the Block Bindings API.\";s:10:\"categories\";a:1:{i:0;s:28:\"twentytwentyfive_post-format\";}}s:12:\"comments.php\";a:5:{s:5:\"title\";s:8:\"Comments\";s:4:\"slug\";s:25:\"twentytwentyfive/comments\";s:11:\"description\";s:63:\"Comments area with comments list, pagination, and comment form.\";s:10:\"categories\";a:1:{i:0;s:4:\"text\";}s:10:\"blockTypes\";a:1:{i:0;s:13:\"core/comments\";}}s:32:\"contact-centered-social-link.php\";a:5:{s:5:\"title\";s:30:\"Centered link and social links\";s:4:\"slug\";s:45:\"twentytwentyfive/contact-centered-social-link\";s:11:\"description\";s:73:\"Centered contact section with a prominent message and social media links.\";s:10:\"categories\";a:1:{i:0;s:7:\"contact\";}s:8:\"keywords\";a:3:{i:0;s:7:\"contact\";i:1;s:3:\"faq\";i:2;s:9:\"questions\";}}s:26:\"contact-info-locations.php\";a:6:{s:5:\"title\";s:27:\"Contact, info and locations\";s:4:\"slug\";s:39:\"twentytwentyfive/contact-info-locations\";s:11:\"description\";s:78:\"Contact section with social media links, email, and multiple location details.\";s:13:\"viewportWidth\";i:1400;s:10:\"categories\";a:1:{i:0;s:7:\"contact\";}s:8:\"keywords\";a:2:{i:0;s:7:\"contact\";i:1;s:8:\"location\";}}s:29:\"contact-location-and-link.php\";a:4:{s:5:\"title\";s:25:\"Contact location and link\";s:4:\"slug\";s:42:\"twentytwentyfive/contact-location-and-link\";s:11:\"description\";s:89:\"Contact section with a location address, a directions link, and an image of the location.\";s:10:\"categories\";a:2:{i:0;s:7:\"contact\";i:1;s:8:\"featured\";}}s:18:\"cta-book-links.php\";a:4:{s:5:\"title\";s:30:\"Call to action with book links\";s:4:\"slug\";s:31:\"twentytwentyfive/cta-book-links\";s:11:\"description\";s:74:\"A call to action section with links to get the book in different websites.\";s:10:\"categories\";a:1:{i:0;s:14:\"call-to-action\";}}s:22:\"cta-book-locations.php\";a:4:{s:5:\"title\";s:29:\"Call to action with locations\";s:4:\"slug\";s:35:\"twentytwentyfive/cta-book-locations\";s:11:\"description\";s:82:\"A call to action section with links to get the book in the most popular locations.\";s:10:\"categories\";a:1:{i:0;s:14:\"call-to-action\";}}s:24:\"cta-centered-heading.php\";a:4:{s:5:\"title\";s:16:\"Centered heading\";s:4:\"slug\";s:37:\"twentytwentyfive/cta-centered-heading\";s:11:\"description\";s:53:\"A hero with a centered heading, paragraph and button.\";s:10:\"categories\";a:1:{i:0;s:14:\"call-to-action\";}}s:19:\"cta-events-list.php\";a:4:{s:5:\"title\";s:11:\"Events list\";s:4:\"slug\";s:32:\"twentytwentyfive/cta-events-list\";s:11:\"description\";s:37:\"A list of events with call to action.\";s:10:\"categories\";a:1:{i:0;s:14:\"call-to-action\";}}s:26:\"cta-grid-products-link.php\";a:5:{s:5:\"title\";s:54:\"Call to action with grid layout with products and link\";s:4:\"slug\";s:39:\"twentytwentyfive/cta-grid-products-link\";s:11:\"description\";s:42:\"A call to action featuring product images.\";s:13:\"viewportWidth\";i:1400;s:10:\"categories\";a:2:{i:0;s:14:\"call-to-action\";i:1;s:8:\"featured\";}}s:22:\"cta-heading-search.php\";a:4:{s:5:\"title\";s:23:\"Heading and search form\";s:4:\"slug\";s:35:\"twentytwentyfive/cta-heading-search\";s:11:\"description\";s:54:\"Large heading with a search form for quick navigation.\";s:10:\"categories\";a:1:{i:0;s:14:\"call-to-action\";}}s:18:\"cta-newsletter.php\";a:5:{s:5:\"title\";s:18:\"Newsletter sign-up\";s:4:\"slug\";s:31:\"twentytwentyfive/cta-newsletter\";s:11:\"description\";s:0:\"\";s:10:\"categories\";a:1:{i:0;s:14:\"call-to-action\";}s:8:\"keywords\";a:2:{i:0;s:14:\"call-to-action\";i:1;s:10:\"newsletter\";}}s:15:\"event-3-col.php\";a:5:{s:5:\"title\";s:46:\"Events, 3 columns with event images and titles\";s:4:\"slug\";s:28:\"twentytwentyfive/event-3-col\";s:11:\"description\";s:95:\"A header with title and text and three columns that show 3 events with their images and titles.\";s:10:\"categories\";a:1:{i:0;s:6:\"banner\";}s:8:\"keywords\";a:3:{i:0;s:6:\"events\";i:1;s:7:\"columns\";i:2;s:6:\"images\";}}s:14:\"event-rsvp.php\";a:7:{s:5:\"title\";s:10:\"Event RSVP\";s:4:\"slug\";s:27:\"twentytwentyfive/event-rsvp\";s:11:\"description\";s:64:\"RSVP for an upcoming event with a cover image and event details.\";s:13:\"viewportWidth\";i:1400;s:10:\"categories\";a:1:{i:0;s:14:\"call-to-action\";}s:8:\"keywords\";a:3:{i:0;s:14:\"call-to-action\";i:1;s:4:\"rsvp\";i:2;s:5:\"event\";}s:10:\"blockTypes\";a:1:{i:0;s:17:\"core/post-content\";}}s:18:\"event-schedule.php\";a:5:{s:5:\"title\";s:14:\"Event schedule\";s:4:\"slug\";s:31:\"twentytwentyfive/event-schedule\";s:11:\"description\";s:54:\"A section with specified dates and times for an event.\";s:10:\"categories\";a:1:{i:0;s:5:\"about\";}s:8:\"keywords\";a:4:{i:0;s:6:\"events\";i:1;s:6:\"agenda\";i:2;s:8:\"schedule\";i:3;s:8:\"lectures\";}}s:19:\"footer-centered.php\";a:5:{s:5:\"title\";s:15:\"Centered footer\";s:4:\"slug\";s:32:\"twentytwentyfive/footer-centered\";s:11:\"description\";s:44:\"Footer with centered site title and tagline.\";s:10:\"categories\";a:1:{i:0;s:6:\"footer\";}s:10:\"blockTypes\";a:1:{i:0;s:25:\"core/template-part/footer\";}}s:18:\"footer-columns.php\";a:5:{s:5:\"title\";s:19:\"Footer with columns\";s:4:\"slug\";s:31:\"twentytwentyfive/footer-columns\";s:11:\"description\";s:45:\"Footer columns with title, tagline and links.\";s:10:\"categories\";a:1:{i:0;s:6:\"footer\";}s:10:\"blockTypes\";a:1:{i:0;s:25:\"core/template-part/footer\";}}s:21:\"footer-newsletter.php\";a:5:{s:5:\"title\";s:29:\"Footer with newsletter signup\";s:4:\"slug\";s:34:\"twentytwentyfive/footer-newsletter\";s:11:\"description\";s:51:\"Footer with large site title and newsletter signup.\";s:10:\"categories\";a:1:{i:0;s:6:\"footer\";}s:10:\"blockTypes\";a:1:{i:0;s:25:\"core/template-part/footer\";}}s:17:\"footer-social.php\";a:5:{s:5:\"title\";s:33:\"Centered footer with social links\";s:4:\"slug\";s:30:\"twentytwentyfive/footer-social\";s:11:\"description\";s:49:\"Footer with centered site title and social links.\";s:10:\"categories\";a:1:{i:0;s:6:\"footer\";}s:10:\"blockTypes\";a:1:{i:0;s:25:\"core/template-part/footer\";}}s:10:\"footer.php\";a:5:{s:5:\"title\";s:6:\"Footer\";s:4:\"slug\";s:23:\"twentytwentyfive/footer\";s:11:\"description\";s:51:\"Footer columns with logo, title, tagline and links.\";s:10:\"categories\";a:1:{i:0;s:6:\"footer\";}s:10:\"blockTypes\";a:1:{i:0;s:25:\"core/template-part/footer\";}}s:16:\"format-audio.php\";a:4:{s:5:\"title\";s:12:\"Audio format\";s:4:\"slug\";s:29:\"twentytwentyfive/format-audio\";s:11:\"description\";s:73:\"An audio post format with an image, title, audio player, and description.\";s:10:\"categories\";a:1:{i:0;s:28:\"twentytwentyfive_post-format\";}}s:15:\"format-link.php\";a:4:{s:5:\"title\";s:11:\"Link format\";s:4:\"slug\";s:28:\"twentytwentyfive/format-link\";s:11:\"description\";s:77:\"A link post format with a description and an emphasized link for key content.\";s:10:\"categories\";a:1:{i:0;s:28:\"twentytwentyfive_post-format\";}}s:15:\"grid-videos.php\";a:4:{s:5:\"title\";s:16:\"Grid with videos\";s:4:\"slug\";s:28:\"twentytwentyfive/grid-videos\";s:11:\"description\";s:19:\"A grid with videos.\";s:10:\"categories\";a:1:{i:0;s:5:\"about\";}}s:24:\"grid-with-categories.php\";a:5:{s:5:\"title\";s:20:\"Grid with categories\";s:4:\"slug\";s:37:\"twentytwentyfive/grid-with-categories\";s:11:\"description\";s:41:\"A grid section with different categories.\";s:13:\"viewportWidth\";i:1400;s:10:\"categories\";a:1:{i:0;s:6:\"banner\";}}s:19:\"header-centered.php\";a:5:{s:5:\"title\";s:20:\"Centered site header\";s:4:\"slug\";s:32:\"twentytwentyfive/header-centered\";s:11:\"description\";s:52:\"Site header with centered site title and navigation.\";s:10:\"categories\";a:1:{i:0;s:6:\"header\";}s:10:\"blockTypes\";a:1:{i:0;s:25:\"core/template-part/header\";}}s:18:\"header-columns.php\";a:5:{s:5:\"title\";s:19:\"Header with columns\";s:4:\"slug\";s:31:\"twentytwentyfive/header-columns\";s:11:\"description\";s:54:\"Site header with site title and navigation in columns.\";s:10:\"categories\";a:1:{i:0;s:6:\"header\";}s:10:\"blockTypes\";a:1:{i:0;s:25:\"core/template-part/header\";}}s:22:\"header-large-title.php\";a:5:{s:5:\"title\";s:23:\"Header with large title\";s:4:\"slug\";s:35:\"twentytwentyfive/header-large-title\";s:11:\"description\";s:63:\"Site header with large site title and right-aligned navigation.\";s:10:\"categories\";a:1:{i:0;s:6:\"header\";}s:10:\"blockTypes\";a:1:{i:0;s:25:\"core/template-part/header\";}}s:10:\"header.php\";a:5:{s:5:\"title\";s:6:\"Header\";s:4:\"slug\";s:23:\"twentytwentyfive/header\";s:11:\"description\";s:43:\"Site header with site title and navigation.\";s:10:\"categories\";a:1:{i:0;s:6:\"header\";}s:10:\"blockTypes\";a:1:{i:0;s:25:\"core/template-part/header\";}}s:36:\"heading-and-paragraph-with-image.php\";a:4:{s:5:\"title\";s:45:\"Heading and paragraph with image on the right\";s:4:\"slug\";s:49:\"twentytwentyfive/heading-and-paragraph-with-image\";s:11:\"description\";s:89:\"A two-column section with a heading and paragraph on the left, and an image on the right.\";s:10:\"categories\";a:1:{i:0;s:5:\"about\";}}s:13:\"hero-book.php\";a:5:{s:5:\"title\";s:9:\"Hero book\";s:4:\"slug\";s:26:\"twentytwentyfive/hero-book\";s:11:\"description\";s:66:\"A hero section for the book with a description and pre-order link.\";s:10:\"categories\";a:1:{i:0;s:6:\"banner\";}s:8:\"keywords\";a:3:{i:0;s:7:\"podcast\";i:1;s:4:\"hero\";i:2;s:7:\"stories\";}}s:25:\"hero-full-width-image.php\";a:4:{s:5:\"title\";s:22:\"Hero, full width image\";s:4:\"slug\";s:38:\"twentytwentyfive/hero-full-width-image\";s:11:\"description\";s:68:\"A hero with a full width image, heading, short paragraph and button.\";s:10:\"categories\";a:1:{i:0;s:6:\"banner\";}}s:41:\"hero-overlapped-book-cover-with-links.php\";a:4:{s:5:\"title\";s:38:\"Hero, overlapped book cover with links\";s:4:\"slug\";s:54:\"twentytwentyfive/hero-overlapped-book-cover-with-links\";s:11:\"description\";s:47:\"A hero with an overlapped book cover and links.\";s:10:\"categories\";a:1:{i:0;s:6:\"banner\";}}s:16:\"hero-podcast.php\";a:5:{s:5:\"title\";s:12:\"Hero podcast\";s:4:\"slug\";s:29:\"twentytwentyfive/hero-podcast\";s:11:\"description\";s:0:\"\";s:10:\"categories\";a:1:{i:0;s:6:\"banner\";}s:8:\"keywords\";a:3:{i:0;s:7:\"podcast\";i:1;s:4:\"hero\";i:2;s:7:\"stories\";}}s:14:\"hidden-404.php\";a:4:{s:5:\"title\";s:3:\"404\";s:4:\"slug\";s:27:\"twentytwentyfive/hidden-404\";s:11:\"description\";s:0:\"\";s:8:\"inserter\";b:0;}s:23:\"hidden-blog-heading.php\";a:4:{s:5:\"title\";s:19:\"Hidden blog heading\";s:4:\"slug\";s:36:\"twentytwentyfive/hidden-blog-heading\";s:11:\"description\";s:52:\"Hidden heading for the home page and index template.\";s:8:\"inserter\";b:0;}s:17:\"hidden-search.php\";a:4:{s:5:\"title\";s:6:\"Search\";s:4:\"slug\";s:30:\"twentytwentyfive/hidden-search\";s:11:\"description\";s:0:\"\";s:8:\"inserter\";b:0;}s:18:\"hidden-sidebar.php\";a:4:{s:5:\"title\";s:7:\"Sidebar\";s:4:\"slug\";s:31:\"twentytwentyfive/hidden-sidebar\";s:11:\"description\";s:0:\"\";s:8:\"inserter\";b:0;}s:21:\"hidden-written-by.php\";a:4:{s:5:\"title\";s:10:\"Written by\";s:4:\"slug\";s:34:\"twentytwentyfive/hidden-written-by\";s:11:\"description\";s:0:\"\";s:8:\"inserter\";b:0;}s:9:\"logos.php\";a:4:{s:5:\"title\";s:5:\"Logos\";s:4:\"slug\";s:22:\"twentytwentyfive/logos\";s:11:\"description\";s:77:\"Showcasing the podcast\'s clients with a heading and a series of client logos.\";s:10:\"categories\";a:1:{i:0;s:6:\"banner\";}}s:24:\"media-instagram-grid.php\";a:5:{s:5:\"title\";s:14:\"Instagram grid\";s:4:\"slug\";s:37:\"twentytwentyfive/media-instagram-grid\";s:11:\"description\";s:62:\"A grid section with photos and a link to an Instagram profile.\";s:13:\"viewportWidth\";i:1440;s:10:\"categories\";a:3:{i:0;s:5:\"media\";i:1;s:7:\"gallery\";i:2;s:8:\"featured\";}}s:14:\"more-posts.php\";a:5:{s:5:\"title\";s:10:\"More posts\";s:4:\"slug\";s:27:\"twentytwentyfive/more-posts\";s:11:\"description\";s:45:\"Displays a list of posts with title and date.\";s:10:\"categories\";a:1:{i:0;s:5:\"query\";}s:10:\"blockTypes\";a:1:{i:0;s:10:\"core/query\";}}s:21:\"overlapped-images.php\";a:4:{s:5:\"title\";s:41:\"Overlapping images and paragraph on right\";s:4:\"slug\";s:34:\"twentytwentyfive/overlapped-images\";s:11:\"description\";s:53:\"A section with overlapping images, and a description.\";s:10:\"categories\";a:2:{i:0;s:5:\"about\";i:1;s:8:\"featured\";}}s:22:\"page-business-home.php\";a:8:{s:5:\"title\";s:17:\"Business homepage\";s:4:\"slug\";s:35:\"twentytwentyfive/page-business-home\";s:11:\"description\";s:28:\"A business homepage pattern.\";s:13:\"viewportWidth\";i:1400;s:10:\"categories\";a:2:{i:0;s:21:\"twentytwentyfive_page\";i:1;s:8:\"featured\";}s:8:\"keywords\";a:1:{i:0;s:7:\"starter\";}s:10:\"blockTypes\";a:1:{i:0;s:17:\"core/post-content\";}s:9:\"postTypes\";a:2:{i:0;s:4:\"page\";i:1;s:11:\"wp_template\";}}s:20:\"page-coming-soon.php\";a:8:{s:5:\"title\";s:11:\"Coming soon\";s:4:\"slug\";s:33:\"twentytwentyfive/page-coming-soon\";s:11:\"description\";s:96:\"A full-width cover banner that can be applied to a page or it can work as a single landing page.\";s:13:\"viewportWidth\";i:1400;s:10:\"categories\";a:2:{i:0;s:21:\"twentytwentyfive_page\";i:1;s:8:\"featured\";}s:8:\"keywords\";a:1:{i:0;s:7:\"starter\";}s:10:\"blockTypes\";a:1:{i:0;s:17:\"core/post-content\";}s:9:\"postTypes\";a:2:{i:0;s:4:\"page\";i:1;s:11:\"wp_template\";}}s:15:\"page-cv-bio.php\";a:7:{s:5:\"title\";s:6:\"CV/bio\";s:4:\"slug\";s:28:\"twentytwentyfive/page-cv-bio\";s:11:\"description\";s:36:\"A pattern for a CV/Bio landing page.\";s:13:\"viewportWidth\";i:1400;s:10:\"categories\";a:3:{i:0;s:21:\"twentytwentyfive_page\";i:1;s:5:\"about\";i:2;s:8:\"featured\";}s:8:\"keywords\";a:1:{i:0;s:7:\"starter\";}s:10:\"blockTypes\";a:1:{i:0;s:17:\"core/post-content\";}}s:21:\"page-landing-book.php\";a:8:{s:5:\"title\";s:21:\"Landing page for book\";s:4:\"slug\";s:34:\"twentytwentyfive/page-landing-book\";s:11:\"description\";s:104:\"A landing page for the book with a hero section, pre-order links, locations, FAQs and newsletter signup.\";s:13:\"viewportWidth\";i:1400;s:10:\"categories\";a:2:{i:0;s:21:\"twentytwentyfive_page\";i:1;s:8:\"featured\";}s:8:\"keywords\";a:1:{i:0;s:7:\"starter\";}s:10:\"blockTypes\";a:1:{i:0;s:17:\"core/post-content\";}s:9:\"postTypes\";a:2:{i:0;s:4:\"page\";i:1;s:11:\"wp_template\";}}s:22:\"page-landing-event.php\";a:8:{s:5:\"title\";s:22:\"Landing page for event\";s:4:\"slug\";s:35:\"twentytwentyfive/page-landing-event\";s:11:\"description\";s:87:\"A landing page for the event with a hero section, description, FAQs and call to action.\";s:13:\"viewportWidth\";i:1400;s:10:\"categories\";a:2:{i:0;s:21:\"twentytwentyfive_page\";i:1;s:8:\"featured\";}s:8:\"keywords\";a:1:{i:0;s:7:\"starter\";}s:10:\"blockTypes\";a:1:{i:0;s:17:\"core/post-content\";}s:9:\"postTypes\";a:2:{i:0;s:4:\"page\";i:1;s:11:\"wp_template\";}}s:24:\"page-landing-podcast.php\";a:8:{s:5:\"title\";s:24:\"Landing page for podcast\";s:4:\"slug\";s:37:\"twentytwentyfive/page-landing-podcast\";s:11:\"description\";s:111:\"A landing page for the podcast with a hero section, description, logos, grid with videos and newsletter signup.\";s:13:\"viewportWidth\";i:1400;s:10:\"categories\";a:2:{i:0;s:21:\"twentytwentyfive_page\";i:1;s:8:\"featured\";}s:8:\"keywords\";a:1:{i:0;s:7:\"starter\";}s:10:\"blockTypes\";a:1:{i:0;s:17:\"core/post-content\";}s:9:\"postTypes\";a:2:{i:0;s:4:\"page\";i:1;s:11:\"wp_template\";}}s:33:\"page-link-in-bio-wide-margins.php\";a:7:{s:5:\"title\";s:48:\"Link in bio with profile, links and wide margins\";s:4:\"slug\";s:46:\"twentytwentyfive/page-link-in-bio-wide-margins\";s:11:\"description\";s:86:\"A link in bio landing page with social links, a profile photo and a brief description.\";s:13:\"viewportWidth\";i:1400;s:10:\"categories\";a:3:{i:0;s:21:\"twentytwentyfive_page\";i:1;s:6:\"banner\";i:2;s:8:\"featured\";}s:8:\"keywords\";a:1:{i:0;s:7:\"starter\";}s:10:\"blockTypes\";a:1:{i:0;s:17:\"core/post-content\";}}s:39:\"page-link-in-bio-with-tight-margins.php\";a:8:{s:5:\"title\";s:30:\"Link in bio with tight margins\";s:4:\"slug\";s:52:\"twentytwentyfive/page-link-in-bio-with-tight-margins\";s:11:\"description\";s:90:\"A full-width, full-height link in bio section with an image, a paragraph and social links.\";s:13:\"viewportWidth\";i:1400;s:10:\"categories\";a:2:{i:0;s:21:\"twentytwentyfive_page\";i:1;s:6:\"banner\";}s:8:\"keywords\";a:1:{i:0;s:7:\"starter\";}s:10:\"blockTypes\";a:1:{i:0;s:17:\"core/post-content\";}s:9:\"postTypes\";a:2:{i:0;s:4:\"page\";i:1;s:11:\"wp_template\";}}s:23:\"page-portfolio-home.php\";a:8:{s:5:\"title\";s:18:\"Portfolio homepage\";s:4:\"slug\";s:36:\"twentytwentyfive/page-portfolio-home\";s:11:\"description\";s:29:\"A portfolio homepage pattern.\";s:13:\"viewportWidth\";i:1400;s:10:\"categories\";a:2:{i:0;s:21:\"twentytwentyfive_page\";i:1;s:5:\"posts\";}s:8:\"keywords\";a:1:{i:0;s:7:\"starter\";}s:10:\"blockTypes\";a:1:{i:0;s:17:\"core/post-content\";}s:9:\"postTypes\";a:2:{i:0;s:4:\"page\";i:1;s:11:\"wp_template\";}}s:18:\"page-shop-home.php\";a:8:{s:5:\"title\";s:13:\"Shop homepage\";s:4:\"slug\";s:31:\"twentytwentyfive/page-shop-home\";s:11:\"description\";s:24:\"A shop homepage pattern.\";s:13:\"viewportWidth\";i:1400;s:10:\"categories\";a:1:{i:0;s:21:\"twentytwentyfive_page\";}s:8:\"keywords\";a:1:{i:0;s:7:\"starter\";}s:10:\"blockTypes\";a:1:{i:0;s:17:\"core/post-content\";}s:9:\"postTypes\";a:2:{i:0;s:4:\"page\";i:1;s:11:\"wp_template\";}}s:19:\"post-navigation.php\";a:5:{s:5:\"title\";s:15:\"Post navigation\";s:4:\"slug\";s:32:\"twentytwentyfive/post-navigation\";s:11:\"description\";s:29:\"Next and previous post links.\";s:10:\"categories\";a:1:{i:0;s:4:\"text\";}s:10:\"blockTypes\";a:1:{i:0;s:25:\"core/post-navigation-link\";}}s:17:\"pricing-2-col.php\";a:5:{s:5:\"title\";s:18:\"Pricing, 2 columns\";s:4:\"slug\";s:30:\"twentytwentyfive/pricing-2-col\";s:11:\"description\";s:88:\"Pricing section with two columns, pricing plan, description, and call-to-action buttons.\";s:13:\"viewportWidth\";i:1400;s:10:\"categories\";a:1:{i:0;s:14:\"call-to-action\";}}s:17:\"pricing-3-col.php\";a:4:{s:5:\"title\";s:18:\"Pricing, 3 columns\";s:4:\"slug\";s:30:\"twentytwentyfive/pricing-3-col\";s:11:\"description\";s:100:\"A three-column boxed pricing table designed to showcase services, descriptions, and pricing options.\";s:10:\"categories\";a:3:{i:0;s:14:\"call-to-action\";i:1;s:6:\"banner\";i:2;s:8:\"services\";}}s:18:\"services-3-col.php\";a:4:{s:5:\"title\";s:19:\"Services, 3 columns\";s:4:\"slug\";s:31:\"twentytwentyfive/services-3-col\";s:11:\"description\";s:56:\"Three columns with images and text to showcase services.\";s:10:\"categories\";a:3:{i:0;s:14:\"call-to-action\";i:1;s:6:\"banner\";i:2;s:8:\"services\";}}s:36:\"services-subscriber-only-section.php\";a:4:{s:5:\"title\";s:33:\"Services, subscriber only section\";s:4:\"slug\";s:49:\"twentytwentyfive/services-subscriber-only-section\";s:11:\"description\";s:72:\"A subscriber-only section highlighting exclusive services and offerings.\";s:10:\"categories\";a:2:{i:0;s:14:\"call-to-action\";i:1;s:8:\"services\";}}s:24:\"services-team-photos.php\";a:4:{s:5:\"title\";s:21:\"Services, team photos\";s:4:\"slug\";s:37:\"twentytwentyfive/services-team-photos\";s:11:\"description\";s:59:\"Display team photos in a services section with grid layout.\";s:10:\"categories\";a:3:{i:0;s:6:\"banner\";i:1;s:14:\"call-to-action\";i:2;s:8:\"featured\";}}s:37:\"template-404-vertical-header-blog.php\";a:5:{s:5:\"title\";s:17:\"Right-aligned 404\";s:4:\"slug\";s:50:\"twentytwentyfive/template-404-vertical-header-blog\";s:11:\"description\";s:0:\"\";s:13:\"viewportWidth\";i:1400;s:13:\"templateTypes\";a:1:{i:0;s:3:\"404\";}}s:30:\"template-archive-news-blog.php\";a:6:{s:5:\"title\";s:17:\"News blog archive\";s:4:\"slug\";s:43:\"twentytwentyfive/template-archive-news-blog\";s:11:\"description\";s:0:\"\";s:13:\"viewportWidth\";i:1400;s:8:\"inserter\";b:0;s:13:\"templateTypes\";a:1:{i:0;s:7:\"archive\";}}s:31:\"template-archive-photo-blog.php\";a:6:{s:5:\"title\";s:18:\"Photo blog archive\";s:4:\"slug\";s:44:\"twentytwentyfive/template-archive-photo-blog\";s:11:\"description\";s:0:\"\";s:13:\"viewportWidth\";i:1400;s:8:\"inserter\";b:0;s:13:\"templateTypes\";a:1:{i:0;s:7:\"archive\";}}s:30:\"template-archive-text-blog.php\";a:6:{s:5:\"title\";s:17:\"Text blog archive\";s:4:\"slug\";s:43:\"twentytwentyfive/template-archive-text-blog\";s:11:\"description\";s:0:\"\";s:13:\"viewportWidth\";i:1400;s:8:\"inserter\";b:0;s:13:\"templateTypes\";a:1:{i:0;s:7:\"archive\";}}s:41:\"template-archive-vertical-header-blog.php\";a:6:{s:5:\"title\";s:21:\"Right-aligned archive\";s:4:\"slug\";s:54:\"twentytwentyfive/template-archive-vertical-header-blog\";s:11:\"description\";s:0:\"\";s:13:\"viewportWidth\";i:1400;s:8:\"inserter\";b:0;s:13:\"templateTypes\";a:1:{i:0;s:7:\"archive\";}}s:27:\"template-home-news-blog.php\";a:6:{s:5:\"title\";s:14:\"News blog home\";s:4:\"slug\";s:40:\"twentytwentyfive/template-home-news-blog\";s:11:\"description\";s:0:\"\";s:13:\"viewportWidth\";i:1400;s:8:\"inserter\";b:0;s:13:\"templateTypes\";a:3:{i:0;s:10:\"front-page\";i:1;s:5:\"index\";i:2;s:4:\"home\";}}s:28:\"template-home-photo-blog.php\";a:6:{s:5:\"title\";s:15:\"Photo blog home\";s:4:\"slug\";s:41:\"twentytwentyfive/template-home-photo-blog\";s:11:\"description\";s:0:\"\";s:13:\"viewportWidth\";i:1400;s:8:\"inserter\";b:0;s:13:\"templateTypes\";a:3:{i:0;s:10:\"front-page\";i:1;s:5:\"index\";i:2;s:4:\"home\";}}s:38:\"template-home-posts-grid-news-blog.php\";a:5:{s:5:\"title\";s:34:\"News blog with featured posts grid\";s:4:\"slug\";s:51:\"twentytwentyfive/template-home-posts-grid-news-blog\";s:11:\"description\";s:0:\"\";s:8:\"inserter\";b:0;s:13:\"templateTypes\";a:3:{i:0;s:10:\"front-page\";i:1;s:5:\"index\";i:2;s:4:\"home\";}}s:27:\"template-home-text-blog.php\";a:6:{s:5:\"title\";s:14:\"Text blog home\";s:4:\"slug\";s:40:\"twentytwentyfive/template-home-text-blog\";s:11:\"description\";s:0:\"\";s:13:\"viewportWidth\";i:1400;s:8:\"inserter\";b:0;s:13:\"templateTypes\";a:2:{i:0;s:10:\"front-page\";i:1;s:4:\"home\";}}s:38:\"template-home-vertical-header-blog.php\";a:6:{s:5:\"title\";s:18:\"Right-aligned home\";s:4:\"slug\";s:51:\"twentytwentyfive/template-home-vertical-header-blog\";s:11:\"description\";s:0:\"\";s:13:\"viewportWidth\";i:1400;s:8:\"inserter\";b:0;s:13:\"templateTypes\";a:3:{i:0;s:10:\"front-page\";i:1;s:5:\"index\";i:2;s:4:\"home\";}}s:40:\"template-home-with-sidebar-news-blog.php\";a:6:{s:5:\"title\";s:22:\"News blog with sidebar\";s:4:\"slug\";s:53:\"twentytwentyfive/template-home-with-sidebar-news-blog\";s:11:\"description\";s:0:\"\";s:13:\"viewportWidth\";i:1400;s:8:\"inserter\";b:0;s:13:\"templateTypes\";a:3:{i:0;s:10:\"front-page\";i:1;s:5:\"index\";i:2;s:4:\"home\";}}s:28:\"template-page-photo-blog.php\";a:5:{s:5:\"title\";s:15:\"Photo blog page\";s:4:\"slug\";s:41:\"twentytwentyfive/template-page-photo-blog\";s:11:\"description\";s:0:\"\";s:13:\"viewportWidth\";i:1400;s:13:\"templateTypes\";a:1:{i:0;s:4:\"page\";}}s:38:\"template-page-vertical-header-blog.php\";a:5:{s:5:\"title\";s:18:\"Right-aligned page\";s:4:\"slug\";s:51:\"twentytwentyfive/template-page-vertical-header-blog\";s:11:\"description\";s:0:\"\";s:13:\"viewportWidth\";i:1400;s:13:\"templateTypes\";a:1:{i:0;s:4:\"page\";}}s:33:\"template-query-loop-news-blog.php\";a:4:{s:5:\"title\";s:20:\"News blog query loop\";s:4:\"slug\";s:46:\"twentytwentyfive/template-query-loop-news-blog\";s:11:\"description\";s:0:\"\";s:8:\"inserter\";b:0;}s:34:\"template-query-loop-photo-blog.php\";a:6:{s:5:\"title\";s:16:\"Photo blog posts\";s:4:\"slug\";s:47:\"twentytwentyfive/template-query-loop-photo-blog\";s:11:\"description\";s:54:\"A list of posts, 3 columns, with only featured images.\";s:13:\"viewportWidth\";i:1400;s:10:\"categories\";a:1:{i:0;s:5:\"query\";}s:10:\"blockTypes\";a:1:{i:0;s:10:\"core/query\";}}s:33:\"template-query-loop-text-blog.php\";a:4:{s:5:\"title\";s:20:\"Text blog query loop\";s:4:\"slug\";s:46:\"twentytwentyfive/template-query-loop-text-blog\";s:11:\"description\";s:0:\"\";s:8:\"inserter\";b:0;}s:44:\"template-query-loop-vertical-header-blog.php\";a:4:{s:5:\"title\";s:24:\"Right-aligned query loop\";s:4:\"slug\";s:57:\"twentytwentyfive/template-query-loop-vertical-header-blog\";s:11:\"description\";s:0:\"\";s:8:\"inserter\";b:0;}s:23:\"template-query-loop.php\";a:5:{s:5:\"title\";s:23:\"List of posts, 1 column\";s:4:\"slug\";s:36:\"twentytwentyfive/template-query-loop\";s:11:\"description\";s:61:\"A list of posts, 1 column, with featured image and post date.\";s:10:\"categories\";a:1:{i:0;s:5:\"query\";}s:10:\"blockTypes\";a:1:{i:0;s:10:\"core/query\";}}s:29:\"template-search-news-blog.php\";a:6:{s:5:\"title\";s:24:\"News blog search results\";s:4:\"slug\";s:42:\"twentytwentyfive/template-search-news-blog\";s:11:\"description\";s:0:\"\";s:13:\"viewportWidth\";i:1400;s:8:\"inserter\";b:0;s:13:\"templateTypes\";a:1:{i:0;s:6:\"search\";}}s:30:\"template-search-photo-blog.php\";a:6:{s:5:\"title\";s:25:\"Photo blog search results\";s:4:\"slug\";s:43:\"twentytwentyfive/template-search-photo-blog\";s:11:\"description\";s:0:\"\";s:13:\"viewportWidth\";i:1400;s:8:\"inserter\";b:0;s:13:\"templateTypes\";a:1:{i:0;s:6:\"search\";}}s:29:\"template-search-text-blog.php\";a:6:{s:5:\"title\";s:24:\"Text blog search results\";s:4:\"slug\";s:42:\"twentytwentyfive/template-search-text-blog\";s:11:\"description\";s:0:\"\";s:13:\"viewportWidth\";i:1400;s:8:\"inserter\";b:0;s:13:\"templateTypes\";a:1:{i:0;s:6:\"search\";}}s:40:\"template-search-vertical-header-blog.php\";a:6:{s:5:\"title\";s:26:\"Right-aligned blog, search\";s:4:\"slug\";s:53:\"twentytwentyfive/template-search-vertical-header-blog\";s:11:\"description\";s:0:\"\";s:13:\"viewportWidth\";i:1400;s:8:\"inserter\";b:0;s:13:\"templateTypes\";a:1:{i:0;s:6:\"search\";}}s:40:\"template-single-left-aligned-content.php\";a:6:{s:5:\"title\";s:30:\"Post with left-aligned content\";s:4:\"slug\";s:47:\"twentytwentyfive/post-with-left-aligned-content\";s:11:\"description\";s:0:\"\";s:13:\"viewportWidth\";i:1400;s:8:\"inserter\";b:0;s:13:\"templateTypes\";a:2:{i:0;s:5:\"posts\";i:1;s:6:\"single\";}}s:29:\"template-single-news-blog.php\";a:6:{s:5:\"title\";s:34:\"News blog single post with sidebar\";s:4:\"slug\";s:42:\"twentytwentyfive/template-single-news-blog\";s:11:\"description\";s:0:\"\";s:13:\"viewportWidth\";i:1400;s:8:\"inserter\";b:0;s:13:\"templateTypes\";a:2:{i:0;s:5:\"posts\";i:1;s:6:\"single\";}}s:26:\"template-single-offset.php\";a:6:{s:5:\"title\";s:34:\"Offset post without featured image\";s:4:\"slug\";s:39:\"twentytwentyfive/template-single-offset\";s:11:\"description\";s:0:\"\";s:13:\"viewportWidth\";i:1400;s:8:\"inserter\";b:0;s:13:\"templateTypes\";a:2:{i:0;s:5:\"posts\";i:1;s:6:\"single\";}}s:30:\"template-single-photo-blog.php\";a:6:{s:5:\"title\";s:22:\"Photo blog single post\";s:4:\"slug\";s:43:\"twentytwentyfive/template-single-photo-blog\";s:11:\"description\";s:0:\"\";s:13:\"viewportWidth\";i:1400;s:8:\"inserter\";b:0;s:13:\"templateTypes\";a:2:{i:0;s:5:\"posts\";i:1;s:6:\"single\";}}s:29:\"template-single-text-blog.php\";a:6:{s:5:\"title\";s:21:\"Text blog single post\";s:4:\"slug\";s:42:\"twentytwentyfive/template-single-text-blog\";s:11:\"description\";s:0:\"\";s:13:\"viewportWidth\";i:1400;s:8:\"inserter\";b:0;s:13:\"templateTypes\";a:2:{i:0;s:5:\"posts\";i:1;s:6:\"single\";}}s:40:\"template-single-vertical-header-blog.php\";a:6:{s:5:\"title\";s:25:\"Right-aligned single post\";s:4:\"slug\";s:53:\"twentytwentyfive/template-single-vertical-header-blog\";s:11:\"description\";s:0:\"\";s:13:\"viewportWidth\";i:1400;s:8:\"inserter\";b:0;s:13:\"templateTypes\";a:2:{i:0;s:5:\"posts\";i:1;s:6:\"single\";}}s:22:\"testimonials-2-col.php\";a:5:{s:5:\"title\";s:21:\"2 columns with avatar\";s:4:\"slug\";s:35:\"twentytwentyfive/testimonials-2-col\";s:11:\"description\";s:42:\"Two columns with testimonials and avatars.\";s:10:\"categories\";a:1:{i:0;s:12:\"testimonials\";}s:8:\"keywords\";a:1:{i:0;s:11:\"testimonial\";}}s:22:\"testimonials-6-col.php\";a:5:{s:5:\"title\";s:35:\"3 column layout with 6 testimonials\";s:4:\"slug\";s:35:\"twentytwentyfive/testimonials-6-col\";s:11:\"description\";s:86:\"A section with three columns and two rows, each containing a testimonial and citation.\";s:10:\"categories\";a:1:{i:0;s:12:\"testimonials\";}s:8:\"keywords\";a:1:{i:0;s:11:\"testimonial\";}}s:22:\"testimonials-large.php\";a:5:{s:5:\"title\";s:32:\"Review with large image on right\";s:4:\"slug\";s:35:\"twentytwentyfive/testimonials-large\";s:11:\"description\";s:46:\"A testimonial with a large image on the right.\";s:10:\"categories\";a:1:{i:0;s:12:\"testimonials\";}s:8:\"keywords\";a:1:{i:0;s:11:\"testimonial\";}}s:13:\"text-faqs.php\";a:6:{s:5:\"title\";s:4:\"FAQs\";s:4:\"slug\";s:26:\"twentytwentyfive/text-faqs\";s:11:\"description\";s:68:\"A FAQs section with a FAQ heading and list of questions and answers.\";s:13:\"viewportWidth\";i:1400;s:10:\"categories\";a:2:{i:0;s:4:\"text\";i:1;s:5:\"about\";}s:8:\"keywords\";a:5:{i:0;s:3:\"faq\";i:1;s:5:\"about\";i:2;s:10:\"frequently\";i:3;s:5:\"asked\";i:4;s:9:\"questions\";}}s:19:\"vertical-header.php\";a:6:{s:5:\"title\";s:20:\"Vertical site header\";s:4:\"slug\";s:32:\"twentytwentyfive/vertical-header\";s:11:\"description\";s:52:\"Vertical site header with site title and navigation.\";s:13:\"viewportWidth\";i:300;s:10:\"categories\";a:1:{i:0;s:6:\"header\";}s:10:\"blockTypes\";a:1:{i:0;s:34:\"core/template-part/vertical-header\";}}}}','off'),(125,'theme_mods_twentytwentyfive','a:4:{s:18:\"custom_css_post_id\";i:-1;s:16:\"sidebars_widgets\";a:2:{s:4:\"time\";i:1772076162;s:4:\"data\";a:3:{s:19:\"wp_inactive_widgets\";a:0:{}s:9:\"sidebar-1\";a:3:{i:0;s:7:\"block-2\";i:1;s:7:\"block-3\";i:2;s:7:\"block-4\";}s:9:\"sidebar-2\";a:2:{i:0;s:7:\"block-5\";i:1;s:7:\"block-6\";}}}s:19:\"wp_classic_sidebars\";a:0:{}s:18:\"nav_menu_locations\";a:0:{}}','off'),(126,'_transient_wp_styles_for_blocks','a:2:{s:4:\"hash\";s:32:\"4ad6ed4956ef7f814db220c22a123393\";s:6:\"blocks\";a:6:{s:11:\"core/button\";s:0:\"\";s:14:\"core/site-logo\";s:0:\"\";s:18:\"core/post-template\";s:120:\":where(.wp-block-post-template.is-layout-flex){gap: 1.25em;}:where(.wp-block-post-template.is-layout-grid){gap: 1.25em;}\";s:18:\"core/term-template\";s:120:\":where(.wp-block-term-template.is-layout-flex){gap: 1.25em;}:where(.wp-block-term-template.is-layout-grid){gap: 1.25em;}\";s:12:\"core/columns\";s:102:\":where(.wp-block-columns.is-layout-flex){gap: 2em;}:where(.wp-block-columns.is-layout-grid){gap: 2em;}\";s:14:\"core/pullquote\";s:69:\":root :where(.wp-block-pullquote){font-size: 1.5em;line-height: 1.6;}\";}}','on'),(128,'recovery_keys','a:0:{}','off'),(129,'_site_transient_update_core','O:8:\"stdClass\":4:{s:7:\"updates\";a:1:{i:0;O:8:\"stdClass\":10:{s:8:\"response\";s:6:\"latest\";s:8:\"download\";s:59:\"https://downloads.wordpress.org/release/wordpress-6.9.1.zip\";s:6:\"locale\";s:5:\"en_US\";s:8:\"packages\";O:8:\"stdClass\":5:{s:4:\"full\";s:59:\"https://downloads.wordpress.org/release/wordpress-6.9.1.zip\";s:10:\"no_content\";s:70:\"https://downloads.wordpress.org/release/wordpress-6.9.1-no-content.zip\";s:11:\"new_bundled\";s:71:\"https://downloads.wordpress.org/release/wordpress-6.9.1-new-bundled.zip\";s:7:\"partial\";s:0:\"\";s:8:\"rollback\";s:0:\"\";}s:7:\"current\";s:5:\"6.9.1\";s:7:\"version\";s:5:\"6.9.1\";s:11:\"php_version\";s:6:\"7.2.24\";s:13:\"mysql_version\";s:5:\"5.5.5\";s:11:\"new_bundled\";s:3:\"6.7\";s:15:\"partial_version\";s:0:\"\";}}s:12:\"last_checked\";i:1772032189;s:15:\"version_checked\";s:5:\"6.9.1\";s:12:\"translations\";a:0:{}}','off'),(130,'_site_transient_update_plugins','O:8:\"stdClass\":5:{s:12:\"last_checked\";i:1772032189;s:8:\"response\";a:0:{}s:12:\"translations\";a:0:{}s:9:\"no_update\";a:2:{s:19:\"akismet/akismet.php\";O:8:\"stdClass\":10:{s:2:\"id\";s:21:\"w.org/plugins/akismet\";s:4:\"slug\";s:7:\"akismet\";s:6:\"plugin\";s:19:\"akismet/akismet.php\";s:11:\"new_version\";s:3:\"5.6\";s:3:\"url\";s:38:\"https://wordpress.org/plugins/akismet/\";s:7:\"package\";s:54:\"https://downloads.wordpress.org/plugin/akismet.5.6.zip\";s:5:\"icons\";a:2:{s:2:\"2x\";s:60:\"https://ps.w.org/akismet/assets/icon-256x256.png?rev=2818463\";s:2:\"1x\";s:60:\"https://ps.w.org/akismet/assets/icon-128x128.png?rev=2818463\";}s:7:\"banners\";a:2:{s:2:\"2x\";s:63:\"https://ps.w.org/akismet/assets/banner-1544x500.png?rev=2900731\";s:2:\"1x\";s:62:\"https://ps.w.org/akismet/assets/banner-772x250.png?rev=2900731\";}s:11:\"banners_rtl\";a:0:{}s:8:\"requires\";s:3:\"5.8\";}s:9:\"hello.php\";O:8:\"stdClass\":10:{s:2:\"id\";s:25:\"w.org/plugins/hello-dolly\";s:4:\"slug\";s:11:\"hello-dolly\";s:6:\"plugin\";s:9:\"hello.php\";s:11:\"new_version\";s:5:\"1.7.2\";s:3:\"url\";s:42:\"https://wordpress.org/plugins/hello-dolly/\";s:7:\"package\";s:60:\"https://downloads.wordpress.org/plugin/hello-dolly.1.7.2.zip\";s:5:\"icons\";a:2:{s:2:\"2x\";s:64:\"https://ps.w.org/hello-dolly/assets/icon-256x256.jpg?rev=2052855\";s:2:\"1x\";s:64:\"https://ps.w.org/hello-dolly/assets/icon-128x128.jpg?rev=2052855\";}s:7:\"banners\";a:2:{s:2:\"2x\";s:67:\"https://ps.w.org/hello-dolly/assets/banner-1544x500.jpg?rev=2645582\";s:2:\"1x\";s:66:\"https://ps.w.org/hello-dolly/assets/banner-772x250.jpg?rev=2052855\";}s:11:\"banners_rtl\";a:0:{}s:8:\"requires\";s:3:\"4.6\";}}s:7:\"checked\";a:2:{s:19:\"akismet/akismet.php\";s:3:\"5.6\";s:9:\"hello.php\";s:5:\"1.7.2\";}}','off'),(131,'_site_transient_timeout_theme_roots','1772033989','off'),(132,'_site_transient_theme_roots','a:4:{s:6:\"easywp\";s:7:\"/themes\";s:16:\"twentytwentyfive\";s:7:\"/themes\";s:16:\"twentytwentyfour\";s:7:\"/themes\";s:17:\"twentytwentythree\";s:7:\"/themes\";}','off'),(133,'_site_transient_update_themes','O:8:\"stdClass\":5:{s:12:\"last_checked\";i:1772032189;s:7:\"checked\";a:4:{s:6:\"easywp\";s:5:\"1.0.0\";s:16:\"twentytwentyfive\";s:3:\"1.4\";s:16:\"twentytwentyfour\";s:3:\"1.4\";s:17:\"twentytwentythree\";s:3:\"1.6\";}s:8:\"response\";a:1:{s:6:\"easywp\";a:6:{s:5:\"theme\";s:6:\"easywp\";s:11:\"new_version\";s:5:\"1.1.3\";s:3:\"url\";s:36:\"https://wordpress.org/themes/easywp/\";s:7:\"package\";s:54:\"https://downloads.wordpress.org/theme/easywp.1.1.3.zip\";s:8:\"requires\";s:3:\"5.0\";s:12:\"requires_php\";s:3:\"7.2\";}}s:9:\"no_update\";a:3:{s:16:\"twentytwentyfive\";a:6:{s:5:\"theme\";s:16:\"twentytwentyfive\";s:11:\"new_version\";s:3:\"1.4\";s:3:\"url\";s:46:\"https://wordpress.org/themes/twentytwentyfive/\";s:7:\"package\";s:62:\"https://downloads.wordpress.org/theme/twentytwentyfive.1.4.zip\";s:8:\"requires\";s:3:\"6.7\";s:12:\"requires_php\";s:3:\"7.2\";}s:16:\"twentytwentyfour\";a:6:{s:5:\"theme\";s:16:\"twentytwentyfour\";s:11:\"new_version\";s:3:\"1.4\";s:3:\"url\";s:46:\"https://wordpress.org/themes/twentytwentyfour/\";s:7:\"package\";s:62:\"https://downloads.wordpress.org/theme/twentytwentyfour.1.4.zip\";s:8:\"requires\";s:3:\"6.4\";s:12:\"requires_php\";s:3:\"7.0\";}s:17:\"twentytwentythree\";a:6:{s:5:\"theme\";s:17:\"twentytwentythree\";s:11:\"new_version\";s:3:\"1.6\";s:3:\"url\";s:47:\"https://wordpress.org/themes/twentytwentythree/\";s:7:\"package\";s:63:\"https://downloads.wordpress.org/theme/twentytwentythree.1.6.zip\";s:8:\"requires\";s:3:\"6.1\";s:12:\"requires_php\";s:3:\"5.6\";}}s:12:\"translations\";a:0:{}}','off'),(134,'_site_transient_timeout_browser_7a804c056f2d36c3c44be5f3d648e096','1772636990','off'),(135,'_site_transient_browser_7a804c056f2d36c3c44be5f3d648e096','a:10:{s:4:\"name\";s:6:\"Chrome\";s:7:\"version\";s:9:\"145.0.0.0\";s:8:\"platform\";s:5:\"Linux\";s:10:\"update_url\";s:29:\"https://www.google.com/chrome\";s:7:\"img_src\";s:43:\"http://s.w.org/images/browsers/chrome.png?1\";s:11:\"img_src_ssl\";s:44:\"https://s.w.org/images/browsers/chrome.png?1\";s:15:\"current_version\";s:2:\"18\";s:7:\"upgrade\";b:0;s:8:\"insecure\";b:0;s:6:\"mobile\";b:0;}','off'),(136,'_site_transient_timeout_php_check_fbf742cb9f69ff3369907d80b95a1545','1772636990','off'),(137,'_site_transient_php_check_fbf742cb9f69ff3369907d80b95a1545','a:5:{s:19:\"recommended_version\";s:3:\"8.3\";s:15:\"minimum_version\";s:6:\"7.2.24\";s:12:\"is_supported\";b:0;s:9:\"is_secure\";b:1;s:13:\"is_acceptable\";b:1;}','off'),(139,'_site_transient_timeout_community-events-1b9cc9a2cbfbe94bf048fa6a26ded0f0','1772075392','off'),(140,'_site_transient_community-events-1b9cc9a2cbfbe94bf048fa6a26ded0f0','a:4:{s:9:\"sandboxed\";b:0;s:5:\"error\";N;s:8:\"location\";a:1:{s:2:\"ip\";s:13:\"103.248.207.0\";}s:6:\"events\";a:0:{}}','off'),(141,'_site_transient_timeout_feed_9bbd59226dc36b9b26cd43f15694c5c3','1772075392','off'),(142,'_site_transient_feed_9bbd59226dc36b9b26cd43f15694c5c3','a:6:{s:5:\"child\";a:1:{s:0:\"\";a:1:{s:3:\"rss\";a:1:{i:0;a:6:{s:4:\"data\";s:3:\"\n\n\n\";s:7:\"attribs\";a:1:{s:0:\"\";a:1:{s:7:\"version\";s:3:\"2.0\";}}s:8:\"xml_base\";s:0:\"\";s:17:\"xml_base_explicit\";b:0;s:8:\"xml_lang\";s:0:\"\";s:5:\"child\";a:1:{s:0:\"\";a:1:{s:7:\"channel\";a:1:{i:0;a:6:{s:4:\"data\";s:52:\"\n	\n	\n	\n	\n	\n	\n	\n	\n	\n\n \n	\n		\n		\n		\n		\n		\n		\n		\n		\n		\n	\";s:7:\"attribs\";a:0:{}s:8:\"xml_base\";s:0:\"\";s:17:\"xml_base_explicit\";b:0;s:8:\"xml_lang\";s:0:\"\";s:5:\"child\";a:4:{s:0:\"\";a:8:{s:5:\"title\";a:1:{i:0;a:5:{s:4:\"data\";s:14:\"WordPress News\";s:7:\"attribs\";a:0:{}s:8:\"xml_base\";s:0:\"\";s:17:\"xml_base_explicit\";b:0;s:8:\"xml_lang\";s:0:\"\";}}s:4:\"link\";a:1:{i:0;a:5:{s:4:\"data\";s:26:\"https://wordpress.org/news\";s:7:\"attribs\";a:0:{}s:8:\"xml_base\";s:0:\"\";s:17:\"xml_base_explicit\";b:0;s:8:\"xml_lang\";s:0:\"\";}}s:11:\"description\";a:1:{i:0;a:5:{s:4:\"data\";s:59:\"The latest news about WordPress and the WordPress community\";s:7:\"attribs\";a:0:{}s:8:\"xml_base\";s:0:\"\";s:17:\"xml_base_explicit\";b:0;s:8:\"xml_lang\";s:0:\"\";}}s:13:\"lastBuildDate\";a:1:{i:0;a:5:{s:4:\"data\";s:31:\"Fri, 20 Feb 2026 18:16:23 +0000\";s:7:\"attribs\";a:0:{}s:8:\"xml_base\";s:0:\"\";s:17:\"xml_base_explicit\";b:0;s:8:\"xml_lang\";s:0:\"\";}}s:8:\"language\";a:1:{i:0;a:5:{s:4:\"data\";s:5:\"en-US\";s:7:\"attribs\";a:0:{}s:8:\"xml_base\";s:0:\"\";s:17:\"xml_base_explicit\";b:0;s:8:\"xml_lang\";s:0:\"\";}}s:9:\"generator\";a:1:{i:0;a:5:{s:4:\"data\";s:40:\"https://wordpress.org/?v=7.0-beta1-61730\";s:7:\"attribs\";a:0:{}s:8:\"xml_base\";s:0:\"\";s:17:\"xml_base_explicit\";b:0;s:8:\"xml_lang\";s:0:\"\";}}s:5:\"image\";a:1:{i:0;a:6:{s:4:\"data\";s:11:\"\n	\n	\n	\n	\n	\n\";s:7:\"attribs\";a:0:{}s:8:\"xml_base\";s:0:\"\";s:17:\"xml_base_explicit\";b:0;s:8:\"xml_lang\";s:0:\"\";s:5:\"child\";a:1:{s:0:\"\";a:5:{s:3:\"url\";a:1:{i:0;a:5:{s:4:\"data\";s:29:\"https://s.w.org/favicon.ico?2\";s:7:\"attribs\";a:0:{}s:8:\"xml_base\";s:0:\"\";s:17:\"xml_base_explicit\";b:0;s:8:\"xml_lang\";s:0:\"\";}}s:5:\"title\";a:1:{i:0;a:5:{s:4:\"data\";s:14:\"WordPress News\";s:7:\"attribs\";a:0:{}s:8:\"xml_base\";s:0:\"\";s:17:\"xml_base_explicit\";b:0;s:8:\"xml_lang\";s:0:\"\";}}s:4:\"link\";a:1:{i:0;a:5:{s:4:\"data\";s:26:\"https://wordpress.org/news\";s:7:\"attribs\";a:0:{}s:8:\"xml_base\";s:0:\"\";s:17:\"xml_base_explicit\";b:0;s:8:\"xml_lang\";s:0:\"\";}}s:5:\"width\";a:1:{i:0;a:5:{s:4:\"data\";s:2:\"32\";s:7:\"attribs\";a:0:{}s:8:\"xml_base\";s:0:\"\";s:17:\"xml_base_explicit\";b:0;s:8:\"xml_lang\";s:0:\"\";}}s:6:\"height\";a:1:{i:0;a:5:{s:4:\"data\";s:2:\"32\";s:7:\"attribs\";a:0:{}s:8:\"xml_base\";s:0:\"\";s:17:\"xml_base_explicit\";b:0;s:8:\"xml_lang\";s:0:\"\";}}}}}}s:4:\"item\";a:10:{i:0;a:6:{s:4:\"data\";s:75:\"\n		\n		\n		\n		\n		\n				\n		\n		\n		\n		\n		\n		\n		\n\n					\n										\n					\n		\n		\n			\";s:7:\"attribs\";a:0:{}s:8:\"xml_base\";s:0:\"\";s:17:\"xml_base_explicit\";b:0;s:8:\"xml_lang\";s:0:\"\";s:5:\"child\";a:4:{s:0:\"\";a:6:{s:5:\"title\";a:1:{i:0;a:5:{s:4:\"data\";s:20:\"WordPress 7.0 Beta 1\";s:7:\"attribs\";a:0:{}s:8:\"xml_base\";s:0:\"\";s:17:\"xml_base_explicit\";b:0;s:8:\"xml_lang\";s:0:\"\";}}s:4:\"link\";a:1:{i:0;a:5:{s:4:\"data\";s:56:\"https://wordpress.org/news/2026/02/wordpress-7-0-beta-1/\";s:7:\"attribs\";a:0:{}s:8:\"xml_base\";s:0:\"\";s:17:\"xml_base_explicit\";b:0;s:8:\"xml_lang\";s:0:\"\";}}s:7:\"pubDate\";a:1:{i:0;a:5:{s:4:\"data\";s:31:\"Fri, 20 Feb 2026 15:39:10 +0000\";s:7:\"attribs\";a:0:{}s:8:\"xml_base\";s:0:\"\";s:17:\"xml_base_explicit\";b:0;s:8:\"xml_lang\";s:0:\"\";}}s:8:\"category\";a:7:{i:0;a:5:{s:4:\"data\";s:7:\"General\";s:7:\"attribs\";a:0:{}s:8:\"xml_base\";s:0:\"\";s:17:\"xml_base_explicit\";b:0;s:8:\"xml_lang\";s:0:\"\";}i:1;a:5:{s:4:\"data\";s:8:\"Releases\";s:7:\"attribs\";a:0:{}s:8:\"xml_base\";s:0:\"\";s:17:\"xml_base_explicit\";b:0;s:8:\"xml_lang\";s:0:\"\";}i:2;a:5:{s:4:\"data\";s:3:\"7-0\";s:7:\"attribs\";a:0:{}s:8:\"xml_base\";s:0:\"\";s:17:\"xml_base_explicit\";b:0;s:8:\"xml_lang\";s:0:\"\";}i:3;a:5:{s:4:\"data\";s:3:\"7.0\";s:7:\"attribs\";a:0:{}s:8:\"xml_base\";s:0:\"\";s:17:\"xml_base_explicit\";b:0;s:8:\"xml_lang\";s:0:\"\";}i:4;a:5:{s:4:\"data\";s:4:\"beta\";s:7:\"attribs\";a:0:{}s:8:\"xml_base\";s:0:\"\";s:17:\"xml_base_explicit\";b:0;s:8:\"xml_lang\";s:0:\"\";}i:5;a:5:{s:4:\"data\";s:11:\"development\";s:7:\"attribs\";a:0:{}s:8:\"xml_base\";s:0:\"\";s:17:\"xml_base_explicit\";b:0;s:8:\"xml_lang\";s:0:\"\";}i:6;a:5:{s:4:\"data\";s:7:\"release\";s:7:\"attribs\";a:0:{}s:8:\"xml_base\";s:0:\"\";s:17:\"xml_base_explicit\";b:0;s:8:\"xml_lang\";s:0:\"\";}}s:4:\"guid\";a:1:{i:0;a:5:{s:4:\"data\";s:35:\"https://wordpress.org/news/?p=19908\";s:7:\"attribs\";a:1:{s:0:\"\";a:1:{s:11:\"isPermaLink\";s:5:\"false\";}}s:8:\"xml_base\";s:0:\"\";s:17:\"xml_base_explicit\";b:0;s:8:\"xml_lang\";s:0:\"\";}}s:11:\"description\";a:1:{i:0;a:5:{s:4:\"data\";s:341:\"WordPress 7.0 Beta 1 is ready for download and testing! This beta release is intended for testing and development only. Please do not install, run, or test this version of WordPress on production or mission-critical websites. Instead, use a test environment or local site to explore the new features. How to Test WordPress 7.0 Beta [&#8230;]\";s:7:\"attribs\";a:0:{}s:8:\"xml_base\";s:0:\"\";s:17:\"xml_base_explicit\";b:0;s:8:\"xml_lang\";s:0:\"\";}}}s:32:\"http://purl.org/dc/elements/1.1/\";a:1:{s:7:\"creator\";a:1:{i:0;a:5:{s:4:\"data\";s:10:\"Amy Kamala\";s:7:\"attribs\";a:0:{}s:8:\"xml_base\";s:0:\"\";s:17:\"xml_base_explicit\";b:0;s:8:\"xml_lang\";s:0:\"\";}}}s:40:\"http://purl.org/rss/1.0/modules/content/\";a:1:{s:7:\"encoded\";a:1:{i:0;a:5:{s:4:\"data\";s:15437:\"\n<p class=\"wp-block-paragraph\">WordPress 7.0 Beta 1 is ready for download and testing! <strong>This beta release is intended for testing and development</strong> only. Please do not install, run, or test this version of WordPress on production or mission-critical websites. Instead, use a test environment or local site to explore the new features.</p>\n\n\n\n<h2 class=\"wp-block-heading\">How to Test WordPress 7.0 Beta 1</h2>\n\n\n\n<p class=\"wp-block-paragraph\">You can test WordPress 7.0 Beta 1 in any of the following ways:</p>\n\n\n\n<figure class=\"wp-block-table\"><table class=\"has-fixed-layout\"><tbody><tr><td><strong>Plugin</strong></td><td>Install and activate the <a href=\"https://wordpress.org/plugins/wordpress-beta-tester/\">WordPress Beta Tester</a> plugin on a WordPress install. (Select the “Bleeding edge” channel and “Beta/RC Only” stream.)</td></tr><tr><td><strong>Direct Download</strong></td><td>Download the <a href=\"https://wordpress.org/wordpress-7.0-beta1.zip\">Beta 1 version (zip)</a> and install it on a WordPress website.</td></tr><tr><td><strong>Command Line</strong></td><td>Use this <a href=\"https://make.wordpress.org/cli/\">WP-CLI</a> command: <code>wp core update --version=7.0-beta1</code></td></tr><tr><td><strong>WordPress Playground</strong></td><td>Use a <a href=\"https://playground.wordpress.net/?php=8.3&amp;wp=beta&amp;networking=no&amp;language=&amp;multisite=no&amp;random=r8nny4q18x\">7.0 Beta 1 WordPress Playground instance</a> to test the software directly in your browser. No setup required &#8211; just click and go!</td></tr></tbody></table></figure>\n\n\n\n<p class=\"wp-block-paragraph\">The scheduled final release date for WordPress 7.0 is <strong>April 9, 2026</strong>. The full <a href=\"https://make.wordpress.org/core/2026/02/12/wordpress-7-0-release-party-schedule/\">release schedule can be found here</a>. Your help testing Beta and RC versions is vital to making this release as stable and powerful as possible. Thank you to everyone who contributes by testing!</p>\n\n\n\n<h2 class=\"wp-block-heading\">How important is your testing?</h2>\n\n\n\n<p class=\"wp-block-paragraph\">Testing for issues is a critical part of developing any software, and it’s a meaningful way for anyone to contribute &#8211; whether or not you have experience. <a href=\"https://make.wordpress.org/test/2026/02/20/help-test-wordpress-7-0/\">Details on what to test in WordPress 7.0 are available here</a>.</p>\n\n\n\n<p class=\"wp-block-paragraph\">If you encounter an issue, please share it in the <a href=\"https://wordpress.org/support/forum/alphabeta/\">Alpha/Beta area</a> of the support forums. If you are comfortable submitting a reproducible bug report, you can do so <a href=\"https://core.trac.wordpress.org/newticket\">via WordPress Trac</a>. You can also check your issue against this list of <a href=\"https://core.trac.wordpress.org/tickets/major\">known bugs</a>.</p>\n\n\n\n<p class=\"wp-block-paragraph\">Curious about testing releases in general and how to get started? Follow along with the <a href=\"https://make.wordpress.org/test/\">testing initiatives in Make Core</a> and join the <a href=\"https://wordpress.slack.com/messages/core-test/\">#core-test channel</a> on <a href=\"https://wordpress.slack.com/\">Making WordPress Slack</a>. WordPress 7.0 will include new features that were previously only available in the Gutenberg plugin. Learn more about Gutenberg updates since WordPress 6.9 in the <a href=\"https://make.wordpress.org/core/tag/gutenberg-new/\">What’s New in Gutenberg</a> posts for versions <a href=\"https://make.wordpress.org/core/2025/11/05/whats-new-in-gutenberg-22-0-05-november/\">22.0</a>, <a href=\"https://make.wordpress.org/core/2025/11/20/whats-new-in-gutenberg-22-1-18-november-2025/\">22.1</a>, <a href=\"https://make.wordpress.org/core/2025/12/03/whats-new-in-gutenberg-22-2-dec3/\">22.2</a>, <a href=\"https://make.wordpress.org/core/2025/12/17/gutenberg-22-3-december-17/\">22.3</a>, <a href=\"https://make.wordpress.org/core/2026/01/22/whats-new-in-gutenberg-22-4-20-january/\">22.4</a>, <a href=\"https://make.wordpress.org/core/2026/02/04/whats-new-in-gutenberg-22-5-04-february/\">22.5</a> &amp; 22.6.</p>\n\n\n\n<h2 class=\"wp-block-heading\">What’s new in WordPress 7.0?</h2>\n\n\n\n<p class=\"wp-block-paragraph\">WordPress 7.0 boasts numerous upgrades in the editing and admin experience, delivering enhanced real time collaboration, refined customizability, new dashboard styles, and an expanded developer toolbox for people who create, design, and build with WordPress every day.</p>\n\n\n\n<p class=\"wp-block-paragraph\">Working as a team just got easier with the ability for multiple users to edit together in real time, while visual revisions allow a visual comparison between page versions, adding agility to the creation and review process. Working with patterns has been simplified, making layout updates and content changes more intuitive, while view transitions smoothly move you from screen to screen as you click.</p>\n\n\n\n<p class=\"wp-block-paragraph\">New and improved blocks and design features in 7.0 make sites more customizable, with video embed backgrounds in the Cover block, a responsive-enabled Grid block, and new Icons, Breadcrumbs and Heading blocks. An updated Navigation block makes menu changes easier and more reliable in fewer steps. Responsive, mobile-friendly controls in 7.0 allow you to hide or reveal blocks based on screen size, while client-side media handling speeds up media processing. The Font Library screen for managing installed fonts is now enabled for all themes, so site editors are always able to browse, install, and organize fonts.&nbsp;</p>\n\n\n\n<p class=\"wp-block-paragraph\">For developers, it’s now easier to build modern experiences while staying aligned with Core principles. The new WP AI Client in WordPress 7.0 brings a layer into Core that allows leveraging of AI models from any provider within the WordPress framework. This means plugins and themes can tap into any AI model to expound on its endless options. 7.0 offers even more versatility with the Client Side Abilities API that introduces a standardized way to register and run “abilities” in the browser, supporting richer, more consistent workflows. Additionally, 7.0 introduces PHP-only block registration with auto-generated inspector controls, adding a new dimension to block creation, while Block Bindings updates for pattern overrides expands support to custom dynamic blocks, giving block creators more options.</p>\n\n\n\n<p class=\"wp-block-paragraph\">Needless to say, this release offers a wide range of flexibility to creators, teams and developers, while bringing a visual refresh to the admin experience you know and love with a fresh default style.</p>\n\n\n\n<h2 class=\"wp-block-heading\">Work together in real time</h2>\n\n\n\n<p class=\"wp-block-paragraph\">Building on the momentum started in WordPress 6.9, the ability for teams to create and edit together is more refined and robust in 7.0. With this version of WordPress multiple users can edit and collaborate on the same post or page in real time, with data syncing and stabilized notes for smoother teamwork and a more streamlined editing and review process.</p>\n\n\n\n<ul class=\"wp-block-list\">\n<li>Real Time Collaboration: Teams can now edit posts and pages together live from multiple locations, with offline editing and data syncing enabled, and a new default HTTP polling sync provider with options for plugins or hosts to include websocket support. With this collaborative content creation workflow, teams can brainstorm more effectively and boost productivity. For the beta period, real-time collaboration is opt-in in order to get broader feedback and testing.</li>\n\n\n\n<li>Notes: 7.0 introduces real time syncing of notes that helps facilitate collaboration, a keyboard shortcut for new notes, and a series of quality-focused fixes that bring more stability to the Notes feature.</li>\n</ul>\n\n\n\n<h2 class=\"wp-block-heading\">A Refined Admin Experience</h2>\n\n\n\n<p class=\"wp-block-paragraph\">WordPress 7.0 gives the wp-admin experience a boost with a fresh default color scheme, and a cleaner, more modern looking dashboard, while keeping the interface familiar. The upgraded dashboard enhances the editing experience with new visual revision comparisons, and smooth transitioning between screens.</p>\n\n\n\n<ul class=\"wp-block-list\">\n<li>Visual Revisions: Working with revisions is even better in 7.0 with the added ability to make visual comparisons to revision versions within the editor.</li>\n\n\n\n<li>View transitions: Cross-document view transitions in the dashboard offer visual continuity with seamless movement from screen to screen.</li>\n</ul>\n\n\n\n<h2 class=\"wp-block-heading\">Customizing content with ease</h2>\n\n\n\n<p class=\"wp-block-paragraph\">Creators have more flexibility in 7.0 with new tools for content and design, enhanced editing controls, and attention to mobile friendliness.&nbsp;</p>\n\n\n\n<ul class=\"wp-block-list\">\n<li>Responsive Editing Mode: Block visibility is now more responsive and mobile-friendly, with the ability for blocks to be displayed or hidden based on screen size.&nbsp;</li>\n\n\n\n<li>Pattern Editing and contentOnly interactivity: WordPress 7.0 introduces pattern-level editing modes, a tree view for buttons and list blocks, and the ability to opt out of the default content only mode. The new Spotlight mode helps you isolate content in patterns and notes, while the Isolated Editor mode can be used for editing symbols and reusable pieces like synced patterns, template parts, or navigation.&nbsp;</li>\n\n\n\n<li>Block supports and design tools: 7.0 includes text line indent support, text column support, aspect ratios for wide and full images, dimension width and height support, and dimension presets, tools and controls.</li>\n</ul>\n\n\n\n<h2 class=\"wp-block-heading\">New blocks and design options at your fingertips</h2>\n\n\n\n<p class=\"wp-block-paragraph\">7.0 delivers a series of new and improved blocks and block features, a streamlined navigation workflow, and more versatile design options like video embeds as section backgrounds.</p>\n\n\n\n<ul class=\"wp-block-list\">\n<li>Navigation Block: Navigation workflow is now more intuitive and clear, with improved editing and presentation. 7.0 introduces customizable navigation overlays as template parts, including mobile version overlays that can be hidden or revealed based on custom breakpoint settings.&nbsp;</li>\n\n\n\n<li>Heading Block: Heading levels are now available as block variations, giving more control over page hierarchy and design.</li>\n\n\n\n<li>New blocks: 7.0 makes building pages more diverse with new Breadcrumbs and Icons blocks.</li>\n\n\n\n<li>Cover block embedded videos: Video embeds can now be used as a background in the cover block, opening up opportunities for sleeker and more creative designs.</li>\n\n\n\n<li>The Grid block is now responsive-enabled allowing grid-based layouts to adapt more smoothly across screen sizes.</li>\n\n\n\n<li>The Gallery block now has lightbox support that lets the user click through and view each gallery image.</li>\n</ul>\n\n\n\n<h2 class=\"wp-block-heading\">Developer&#8217;s toolbox</h2>\n\n\n\n<p class=\"wp-block-paragraph\">Working with WordPress on the backend is now more robust for developers, with new and enhanced API features that support flexibility and lay a foundation for future advancements. The Client Side Abilities API provides a client-side registry for WordPress capabilities that allows you to tap into new and innovative website options. WordPress 7.0 offers even more by introducing the Web Client AI API to Core, enabling access to generative AI models in one central interface.</p>\n\n\n\n<ul class=\"wp-block-list\">\n<li>Web Client AI API: The new AI client and API acts as a command center for accessing and communicating with generative AI models, with providers remaining external to WordPress Core, and Abilities API integration.</li>\n\n\n\n<li>Abilities and Workflows API: With the new client side abilities package users have access to new and hybrid abilities, filter and search functionality for abilities, and an improved command palette and UI.</li>\n\n\n\n<li>Blocks and patterns created on the server: WordPress 7.0 boasts the ability for PHP-only blocks and patterns to be generated server-side and auto-registered with the Block API.</li>\n\n\n\n<li>DataForm: Introducing a new details layout, new controls (combobox, adaptiveSelect), and updated trigger for panel layout (dedicated edit button). Additionally, the initial iteration for validation is complete: all controls have support, and all layouts display error messages.</li>\n\n\n\n<li>DataViews: DataViews has a new activity layout, and a foundation has been laid to be able to register 3rd party types in future releases.</li>\n\n\n\n<li>CodeMirror update: CodeMirror has been updated to version 5.65.40, aiding more flexible extensibility and library options.</li>\n</ul>\n\n\n\n<h2 class=\"wp-block-heading\">Media processing in the browser</h2>\n\n\n\n<p class=\"wp-block-paragraph\">WordPress 7.0 introduces Client-side media processing, leveraging the browser&#8217;s capabilities to handle tasks, like image resizing and compression, for smoother image processing. This enables the use of more advanced image formats and compression techniques, and reduces demand on the web server; providing a more efficient media handling process for both new and existing content, and supporting smoother media workflows.</p>\n\n\n\n<p class=\"wp-block-paragraph\">With so many options and enhancements in WordPress 7.0 Beta 1, this is still only the beginning. You can expect future releases to be even better.</p>\n\n\n\n<h2 class=\"wp-block-heading\">Just for you: a Beta 1 haiku:</h2>\n\n\n\n<p class=\"wp-block-paragraph\"><em>As sun kisses moon</em>,</p>\n\n\n\n<p class=\"wp-block-paragraph\"><em>Beta 1 ignites in bloom</em>&#8230;</p>\n\n\n\n<p class=\"wp-block-paragraph\"><em>Seven-oh lands soon</em>.</p>\n\n\n\n<p class=\"has-text-align-right wp-block-paragraph\"><em>Props to <a href=\'https://profiles.wordpress.org/ellatrix/\' class=\'mention\'><span class=\'mentions-prefix\'>@</span>ellatrix</a>, <a href=\'https://profiles.wordpress.org/jeffpaul/\' class=\'mention\'><span class=\'mentions-prefix\'>@</span>jeffpaul</a>, <a href=\'https://profiles.wordpress.org/annezazu/\' class=\'mention\'><span class=\'mentions-prefix\'>@</span>annezazu</a>, <a href=\'https://profiles.wordpress.org/chaion07/\' class=\'mention\'><span class=\'mentions-prefix\'>@</span>chaion07</a>, <a href=\'https://profiles.wordpress.org/zunaid321/\' class=\'mention\'><span class=\'mentions-prefix\'>@</span>zunaid321</a>, <a href=\'https://profiles.wordpress.org/audrasjb/\' class=\'mention\'><span class=\'mentions-prefix\'>@</span>audrasjb</a>, <a href=\'https://profiles.wordpress.org/mukesh27/\' class=\'mention\'><span class=\'mentions-prefix\'>@</span>mukesh27</a>, <a href=\'https://profiles.wordpress.org/ankit-k-gupta/\' class=\'mention\'><span class=\'mentions-prefix\'>@</span>ankit-k-gupta</a></em>, <em><a href=\'https://profiles.wordpress.org/oandregal/\' class=\'mention\'><span class=\'mentions-prefix\'>@</span>oandregal</a>, <a href=\'https://profiles.wordpress.org/westonruter/\' class=\'mention\'><span class=\'mentions-prefix\'>@</span>westonruter</a>, <a href=\'https://profiles.wordpress.org/karmatosed/\' class=\'mention\'><span class=\'mentions-prefix\'>@</span>karmatosed</a>, <a href=\'https://profiles.wordpress.org/bph/\' class=\'mention\'><span class=\'mentions-prefix\'>@</span>bph</a> for reviewing and collaborating on this post!</em></p>\n\";s:7:\"attribs\";a:0:{}s:8:\"xml_base\";s:0:\"\";s:17:\"xml_base_explicit\";b:0;s:8:\"xml_lang\";s:0:\"\";}}}s:30:\"com-wordpress:feed-additions:1\";a:1:{s:7:\"post-id\";a:1:{i:0;a:5:{s:4:\"data\";s:5:\"19908\";s:7:\"attribs\";a:0:{}s:8:\"xml_base\";s:0:\"\";s:17:\"xml_base_explicit\";b:0;s:8:\"xml_lang\";s:0:\"\";}}}}}i:1;a:6:{s:4:\"data\";s:63:\"\n		\n		\n		\n		\n		\n				\n		\n		\n		\n\n					\n										\n					\n		\n		\n			\";s:7:\"attribs\";a:0:{}s:8:\"xml_base\";s:0:\"\";s:17:\"xml_base_explicit\";b:0;s:8:\"xml_lang\";s:0:\"\";s:5:\"child\";a:4:{s:0:\"\";a:6:{s:5:\"title\";a:1:{i:0;a:5:{s:4:\"data\";s:40:\"Piloting the AI Leaders Micro-Credential\";s:7:\"attribs\";a:0:{}s:8:\"xml_base\";s:0:\"\";s:17:\"xml_base_explicit\";b:0;s:8:\"xml_lang\";s:0:\"\";}}s:4:\"link\";a:1:{i:0;a:5:{s:4:\"data\";s:57:\"https://wordpress.org/news/2026/02/ai-leaders-credential/\";s:7:\"attribs\";a:0:{}s:8:\"xml_base\";s:0:\"\";s:17:\"xml_base_explicit\";b:0;s:8:\"xml_lang\";s:0:\"\";}}s:7:\"pubDate\";a:1:{i:0;a:5:{s:4:\"data\";s:31:\"Wed, 04 Feb 2026 19:03:18 +0000\";s:7:\"attribs\";a:0:{}s:8:\"xml_base\";s:0:\"\";s:17:\"xml_base_explicit\";b:0;s:8:\"xml_lang\";s:0:\"\";}}s:8:\"category\";a:3:{i:0;a:5:{s:4:\"data\";s:9:\"Education\";s:7:\"attribs\";a:0:{}s:8:\"xml_base\";s:0:\"\";s:17:\"xml_base_explicit\";b:0;s:8:\"xml_lang\";s:0:\"\";}i:1;a:5:{s:4:\"data\";s:7:\"Updates\";s:7:\"attribs\";a:0:{}s:8:\"xml_base\";s:0:\"\";s:17:\"xml_base_explicit\";b:0;s:8:\"xml_lang\";s:0:\"\";}i:2;a:5:{s:4:\"data\";s:2:\"AI\";s:7:\"attribs\";a:0:{}s:8:\"xml_base\";s:0:\"\";s:17:\"xml_base_explicit\";b:0;s:8:\"xml_lang\";s:0:\"\";}}s:4:\"guid\";a:1:{i:0;a:5:{s:4:\"data\";s:35:\"https://wordpress.org/news/?p=19874\";s:7:\"attribs\";a:1:{s:0:\"\";a:1:{s:11:\"isPermaLink\";s:5:\"false\";}}s:8:\"xml_base\";s:0:\"\";s:17:\"xml_base_explicit\";b:0;s:8:\"xml_lang\";s:0:\"\";}}s:11:\"description\";a:1:{i:0;a:5:{s:4:\"data\";s:396:\"Today, we are happy to announce our first WordPress-focused micro-credential, designed to help students build practical AI skills, earn a recognized credential, and connect more directly to job opportunities. The program, AI Leaders, is a workforce-oriented credential rooted in WordPress and open source contributions. Students are paid for their time, work on real WordPress projects, [&#8230;]\";s:7:\"attribs\";a:0:{}s:8:\"xml_base\";s:0:\"\";s:17:\"xml_base_explicit\";b:0;s:8:\"xml_lang\";s:0:\"\";}}}s:32:\"http://purl.org/dc/elements/1.1/\";a:1:{s:7:\"creator\";a:1:{i:0;a:5:{s:4:\"data\";s:12:\"Mary Hubbard\";s:7:\"attribs\";a:0:{}s:8:\"xml_base\";s:0:\"\";s:17:\"xml_base_explicit\";b:0;s:8:\"xml_lang\";s:0:\"\";}}}s:40:\"http://purl.org/rss/1.0/modules/content/\";a:1:{s:7:\"encoded\";a:1:{i:0;a:5:{s:4:\"data\";s:4145:\"\n<p class=\"wp-block-paragraph\">Today, we are happy to announce our first WordPress-focused micro-credential, designed to help students build practical AI skills, earn a recognized credential, and connect more directly to job opportunities.</p>\n\n\n\n<p class=\"wp-block-paragraph\">The program, <a href=\"https://ai-leaders.org/\">AI Leaders</a>, is a workforce-oriented credential rooted in WordPress and open source contributions. Students are paid for their time, work on real WordPress projects, and gain hands-on experience applying AI in ways that are directly relevant to the WordPress ecosystem. This pilot represents a meaningful step forward in how the project supports learning, contribution, and career pathways.</p>\n\n\n\n<p class=\"wp-block-paragraph\">Beginning in March 2026, AI Leaders launches its first cohort of 80 students from Illinois and Louisiana, with <a href=\"https://today.uic.edu/uic-and-wordpress-foundation-launch-workforce-focused-ai-literacy-course/\">University of Illinois Chicago</a> (UIC) students given priority to apply before enrollment expands to the public. Enrollees begin with an orientation covering generative AI tools and AI literacy. From there, 40 participants are selected for the full course experience. Ultimately, the program leads to the AI Leader WordPress Micro-Credential and an opportunity to pursue living-wage job pathways. Learners who complete the course also earn $1,000 (USD).</p>\n\n\n\n<p class=\"wp-block-paragraph\">This pilot is the result of collaboration across several organizations, each playing a distinct role. The program is funded through the UIC Tech Solutions Open Source Fund, with support from the University of Illinois Chicago and <a href=\"https://automattic.com/2026/02/03/uic-tech-solutions-open-source-fund/\">Automattic</a>. That funding supports program delivery, participant compensation, and the institutional infrastructure needed to run the pilot. Alongside that funding, the WordPress project and the WordPress Foundation will contribute to the development of the credential itself. This includes shaping the curriculum, grounding the work in real WordPress AI use cases, and ensuring alignment with open source values and public benefit.</p>\n\n\n\n<div class=\"wp-block-group has-off-white-2-background-color has-background is-layout-constrained wp-container-core-group-is-layout-2431c55b wp-block-group-is-layout-constrained\" style=\"padding-top:var(--wp--preset--spacing--edge-space);padding-right:var(--wp--preset--spacing--edge-space);padding-bottom:var(--wp--preset--spacing--edge-space);padding-left:var(--wp--preset--spacing--edge-space)\">\n<p class=\"has-text-align-center wp-block-paragraph\">Visit the AI Leaders site to learn more and apply.</p>\n\n\n\n<div class=\"wp-block-buttons is-content-justification-center is-layout-flex wp-container-core-buttons-is-layout-3e41869c wp-block-buttons-is-layout-flex\">\n<div class=\"wp-block-button\"><a class=\"wp-block-button__link wp-element-button\" href=\"https://ai-leaders.org/\">Start Your Application</a></div>\n</div>\n</div>\n\n\n\n<p class=\"wp-block-paragraph\">This is the first WordPress Foundation-backed micro-credential, and it is intentionally being run as a pilot. We are exploring how the Foundation could support additional credentials over time, across different skill areas and partners, while maintaining clear governance, openness, and alignment with the WordPress project. It represents a step toward a future where WordPress contributors can more easily translate their skills into credentials, careers, and long-term opportunities.</p>\n\n\n\n<hr class=\"wp-block-separator has-text-color has-dark-strokes-grey-color has-alpha-channel-opacity has-dark-strokes-grey-background-color has-background\" />\n\n\n\n<p class=\"wp-block-paragraph\"><em>WordPress offers a wide range of educational opportunities for people at every stage, from first steps to advanced contribution. Explore workshops, lesson plans, and community-created resources designed to help you build practical skills while connecting with others who are learning and contributing at <a href=\"https://wordpress.org/education/\">WordPress.org/education/</a>.</em></p>\n\";s:7:\"attribs\";a:0:{}s:8:\"xml_base\";s:0:\"\";s:17:\"xml_base_explicit\";b:0;s:8:\"xml_lang\";s:0:\"\";}}}s:30:\"com-wordpress:feed-additions:1\";a:1:{s:7:\"post-id\";a:1:{i:0;a:5:{s:4:\"data\";s:5:\"19874\";s:7:\"attribs\";a:0:{}s:8:\"xml_base\";s:0:\"\";s:17:\"xml_base_explicit\";b:0;s:8:\"xml_lang\";s:0:\"\";}}}}}i:2;a:6:{s:4:\"data\";s:57:\"\n		\n		\n		\n		\n		\n				\n		\n\n					\n										\n					\n		\n		\n			\";s:7:\"attribs\";a:0:{}s:8:\"xml_base\";s:0:\"\";s:17:\"xml_base_explicit\";b:0;s:8:\"xml_lang\";s:0:\"\";s:5:\"child\";a:4:{s:0:\"\";a:6:{s:5:\"title\";a:1:{i:0;a:5:{s:4:\"data\";s:35:\"WordPress 6.9.1 Maintenance Release\";s:7:\"attribs\";a:0:{}s:8:\"xml_base\";s:0:\"\";s:17:\"xml_base_explicit\";b:0;s:8:\"xml_lang\";s:0:\"\";}}s:4:\"link\";a:1:{i:0;a:5:{s:4:\"data\";s:71:\"https://wordpress.org/news/2026/02/wordpress-6-9-1-maintenance-release/\";s:7:\"attribs\";a:0:{}s:8:\"xml_base\";s:0:\"\";s:17:\"xml_base_explicit\";b:0;s:8:\"xml_lang\";s:0:\"\";}}s:7:\"pubDate\";a:1:{i:0;a:5:{s:4:\"data\";s:31:\"Tue, 03 Feb 2026 18:07:31 +0000\";s:7:\"attribs\";a:0:{}s:8:\"xml_base\";s:0:\"\";s:17:\"xml_base_explicit\";b:0;s:8:\"xml_lang\";s:0:\"\";}}s:8:\"category\";a:1:{i:0;a:5:{s:4:\"data\";s:8:\"Releases\";s:7:\"attribs\";a:0:{}s:8:\"xml_base\";s:0:\"\";s:17:\"xml_base_explicit\";b:0;s:8:\"xml_lang\";s:0:\"\";}}s:4:\"guid\";a:1:{i:0;a:5:{s:4:\"data\";s:35:\"https://wordpress.org/news/?p=19862\";s:7:\"attribs\";a:1:{s:0:\"\";a:1:{s:11:\"isPermaLink\";s:5:\"false\";}}s:8:\"xml_base\";s:0:\"\";s:17:\"xml_base_explicit\";b:0;s:8:\"xml_lang\";s:0:\"\";}}s:11:\"description\";a:1:{i:0;a:5:{s:4:\"data\";s:373:\"WordPress 6.9.1 is now available! This minor release includes fixes for 49 bugs throughout Core and the Block Editor, addressing issues affecting multiple areas of WordPress including the block editor, mail, and classic themes. For a full list of bug fixes, please refer to the release candidate announcement. WordPress 6.9.1 is a short-cycle maintenance release. [&#8230;]\";s:7:\"attribs\";a:0:{}s:8:\"xml_base\";s:0:\"\";s:17:\"xml_base_explicit\";b:0;s:8:\"xml_lang\";s:0:\"\";}}}s:32:\"http://purl.org/dc/elements/1.1/\";a:1:{s:7:\"creator\";a:1:{i:0;a:5:{s:4:\"data\";s:12:\"Aaron Jorbin\";s:7:\"attribs\";a:0:{}s:8:\"xml_base\";s:0:\"\";s:17:\"xml_base_explicit\";b:0;s:8:\"xml_lang\";s:0:\"\";}}}s:40:\"http://purl.org/rss/1.0/modules/content/\";a:1:{s:7:\"encoded\";a:1:{i:0;a:5:{s:4:\"data\";s:9409:\"\n<p class=\"wp-block-paragraph\"><strong>WordPress 6.9.1 is now available!</strong></p>\n\n\n\n<p class=\"wp-block-paragraph\">This minor release includes fixes for 49 bugs <a href=\"https://core.trac.wordpress.org/query?resolution=fixed&amp;milestone=6.9.1&amp;group=component&amp;col=id&amp;col=summary&amp;col=milestone&amp;col=owner&amp;col=type&amp;col=status&amp;col=priority&amp;order=priority\">throughout Core</a> and <a href=\"https://github.com/WordPress/gutenberg/pull/74806\">the Block Editor</a>, addressing issues affecting multiple areas of WordPress including the block editor, mail, and classic themes. For a full list of bug fixes, please refer to the <a href=\"https://make.wordpress.org/core/2026/01/30/wordpress-6-9-1-rc1-is-now-available/\">release candidate announcement.</a></p>\n\n\n\n<p class=\"wp-block-paragraph\">WordPress 6.9.1 is a short-cycle maintenance release. The next major version of WordPress will be 7.0; it is scheduled for release on 9 April 2026 at <a href=\"https://asia.wordcamp.org/2026/\">WordCamp Asia</a>.</p>\n\n\n\n<p class=\"wp-block-paragraph\">If you have sites that support automatic background updates, the update process will begin automatically.</p>\n\n\n\n<p class=\"wp-block-paragraph\">You can <a href=\"https://wordpress.org/wordpress-6.9.1.zip\">download WordPress 6.9.1 from WordPress.org</a>, or visit your WordPress Dashboard, click “Updates”, and then click “Update Now”. For more information on this release, please <a href=\"https://wordpress.org/support/wordpress-version/version-6-9-1\">visit the HelpHub site</a>.</p>\n\n\n\n<h2 class=\"wp-block-heading\">Thank you to these WordPress contributors</h2>\n\n\n\n<p class=\"wp-block-paragraph\">This release was led by <a href=\"https://profiles.wordpress.org/jorbin/\">Aaron Jorbin</a> and <a href=\"https://profiles.wordpress.org/wildworks\">Aki Hamano.</a></p>\n\n\n\n<p class=\"wp-block-paragraph\">WordPress 6.9.1 would not have been possible without the contributions of the following people. Their asynchronous coordination to deliver maintenance fixes into a stable release is a testament to the power and capability of the WordPress community.</p>\n\n\n\n<p class=\"is-style-wporg-props-medium wp-block-paragraph\"><a href=\"https://profiles.wordpress.org/jorbin\">Aaron Jorbin</a>, <a href=\"https://profiles.wordpress.org/aaronrobertshaw\">Aaron Robertshaw</a>, <a href=\"https://profiles.wordpress.org/acmoifr\">acmoifr</a>, <a href=\"https://profiles.wordpress.org/adamsilverstein\">Adam Silverstein</a>, <a href=\"https://profiles.wordpress.org/oztaser\">Adil Öztaşer</a>, <a href=\"https://profiles.wordpress.org/wildworks\">Aki Hamano</a>, <a href=\"https://profiles.wordpress.org/albigdd\">Alexander Bigga</a>, <a href=\"https://profiles.wordpress.org/amanandhishoe\">amanandhishoe</a>, <a href=\"https://profiles.wordpress.org/andrewserong\">Andrew Serong</a>, <a href=\"https://profiles.wordpress.org/bernhard-reiter\">Bernie Reiter</a>, <a href=\"https://profiles.wordpress.org/brumack\">brumack</a>, <a href=\"https://profiles.wordpress.org/darerodz\">David Arenas</a>, <a href=\"https://profiles.wordpress.org/davidbaumwald\">David Baumwald</a>, <a href=\"https://profiles.wordpress.org/raftaar1191\">Deepak Gupta</a>, <a href=\"https://profiles.wordpress.org/deepakprajapati\">Deepak Prajapati</a>, <a href=\"https://profiles.wordpress.org/dmsnell\">Dennis Snell</a>, <a href=\"https://profiles.wordpress.org/digitalblanket\">digitalblanket</a>, <a href=\"https://profiles.wordpress.org/ellatrix\">Ella Van Durpe</a>, <a href=\"https://profiles.wordpress.org/fabiankaegy\">Fabian Kaegy</a>, <a href=\"https://profiles.wordpress.org/mamaduka\">George Mamadashvili</a>, <a href=\"https://profiles.wordpress.org/hbhalodia\">Hit Bhalodia</a>, <a href=\"https://profiles.wordpress.org/iflairwebtechnologies\">iflairwebtechnologies</a>, <a href=\"https://profiles.wordpress.org/isabel_brison\">Isabel Brison</a>, <a href=\"https://profiles.wordpress.org/jdeep\">Jaydeep Das</a>, <a href=\"https://profiles.wordpress.org/audrasjb\">Jb Audras</a>, <a href=\"https://profiles.wordpress.org/maverick3x6\">Jeff Golenski</a>, <a href=\"https://profiles.wordpress.org/jeffpaul\">Jeffrey Paul</a>, <a href=\"https://profiles.wordpress.org/jhtjards\">jhtjards</a>, <a href=\"https://profiles.wordpress.org/joedolson\">Joe Dolson</a>, <a href=\"https://profiles.wordpress.org/johnbillion\">John Blackbourn</a>, <a href=\"https://profiles.wordpress.org/jonsurrell\">Jon Surrell</a>, <a href=\"https://profiles.wordpress.org/desrosj\">Jonathan Desrosiers</a>, <a href=\"https://profiles.wordpress.org/jorgefilipecosta\">Jorge Costa</a>, <a href=\"https://profiles.wordpress.org/greenshady\">Justin Tadlock</a>, <a href=\"https://profiles.wordpress.org/karthickmurugan\">Karthick</a>, <a href=\"https://profiles.wordpress.org/solankisoftware\">Kirtikumar Solanki</a>, <a href=\"https://profiles.wordpress.org/0mirka00\">Lena Morita</a>, <a href=\"https://profiles.wordpress.org/luisherranz\">luisherranz</a>, <a href=\"https://profiles.wordpress.org/madhavishah01\">Madhavi Shah</a>, <a href=\"https://profiles.wordpress.org/sirlouen\">Manuel Camargo</a>, <a href=\"https://profiles.wordpress.org/jillro\">Maud Royer</a>, <a href=\"https://profiles.wordpress.org/mehrazmorshed\">Mehraz Morshed</a>, <a href=\"https://profiles.wordpress.org/monarobase\">Monarobase</a>, <a href=\"https://profiles.wordpress.org/mrwweb\">mrwweb</a>, <a href=\"https://profiles.wordpress.org/mukesh27\">Mukesh Panchal</a>, <a href=\"https://profiles.wordpress.org/muryam\">Muryam Sultana</a>, <a href=\"https://profiles.wordpress.org/mydesign78\">mydesign78</a>, <a href=\"https://profiles.wordpress.org/narenin\">Narendra Sishodiya</a>, <a href=\"https://profiles.wordpress.org/ntsekouras\">Nik Tsekouras</a>, <a href=\"https://profiles.wordpress.org/ninos-ego\">Ninos</a>, <a href=\"https://profiles.wordpress.org/noruzzaman\">Noruzzaman</a>, <a href=\"https://profiles.wordpress.org/oglekler\">Olga Gleckler</a>, <a href=\"https://profiles.wordpress.org/gabertronic\">Ophelia Rose</a>, <a href=\"https://profiles.wordpress.org/ov3rfly\">Ov3rfly</a>, <a href=\"https://profiles.wordpress.org/ozgursar\">Ozgur Sar</a>, <a href=\"https://profiles.wordpress.org/paragoninitiativeenterprises\">Paragon Initiative Enterprises</a>, <a href=\"https://profiles.wordpress.org/swissspidy\">Pascal Birchler</a>, <a href=\"https://profiles.wordpress.org/vybiral\">Pavel Vybíral</a>, <a href=\"https://profiles.wordpress.org/peterwilsoncc\">Peter Wilson</a>, <a href=\"https://profiles.wordpress.org/pmbs\">pmbs</a>, <a href=\"https://profiles.wordpress.org/presskopp\">Presskopp</a>, <a href=\"https://profiles.wordpress.org/r1k0\">r1k0</a>, <a href=\"https://profiles.wordpress.org/ramonopoly\">ramonopoly</a>, <a href=\"https://profiles.wordpress.org/youknowriad\">Riad Benguella</a>, <a href=\"https://profiles.wordpress.org/ricjcs\">Ricardo S.</a>, <a href=\"https://profiles.wordpress.org/rollybueno\">Rolly Bueno</a>, <a href=\"https://profiles.wordpress.org/mikachan\">Sarah Norris</a>, <a href=\"https://profiles.wordpress.org/coffee2code/\">Scott Reilly</a>, <a href=\"https://profiles.wordpress.org/sergeybiryukov\">Sergey Biryukov</a>, <a href=\"https://profiles.wordpress.org/sajib1223\">Shazzad Hossain Khan</a>, <a href=\"https://profiles.wordpress.org/siliconforks\">siliconforks</a>, <a href=\"https://profiles.wordpress.org/soyebsalar01\">Soyeb Salar</a>, <a href=\"https://profiles.wordpress.org/spielers\">spielers</a>, <a href=\"https://profiles.wordpress.org/sabernhardt\">Stephen Bernhardt</a>, <a href=\"https://profiles.wordpress.org/studiomondiale\">studio_m</a>, <a href=\"https://profiles.wordpress.org/iamtakashi\">Takashi Irie</a>, <a href=\"https://profiles.wordpress.org/inc2734\">Takashi Kitajima</a>, <a href=\"https://profiles.wordpress.org/threadi\">threadi</a>, <a href=\"https://profiles.wordpress.org/tobiasbg\">Tobias Bäthge</a>, <a href=\"https://profiles.wordpress.org/shimotomoki\">Tomoki Shimomura</a>, <a href=\"https://profiles.wordpress.org/umeshsinghin\">Umesh Singh</a>, <a href=\"https://profiles.wordpress.org/twvania\">Vania</a>, <a href=\"https://profiles.wordpress.org/westonruter\">Weston Ruter</a>, <a href=\"https://profiles.wordpress.org/wfmattr\">WFMattR</a>, <a href=\"https://profiles.wordpress.org/wolf45\">wolf45</a>, <a href=\"https://profiles.wordpress.org/zoe20\">zoe20</a></p>\n\n\n\n<h2 class=\"wp-block-heading\">How to contribute</h2>\n\n\n\n<p class=\"wp-block-paragraph\">To get involved in WordPress core development, head over to Trac, <a href=\"https://core.trac.wordpress.org/report/6\">pick a ticket</a>, and join the conversation in the <a href=\"https://wordpress.slack.com/archives/C02RQBWTW\">#core</a> channel. Need help? Check out the <a href=\"https://make.wordpress.org/core/handbook/\">Core Contributor Handbook</a>.</p>\n\n\n\n<p class=\"has-text-align-right wp-block-paragraph\"><em>Props to </em><a href=\'https://profiles.wordpress.org/audrasjb/\' class=\'mention\'><span class=\'mentions-prefix\'>@</span>audrasjb</a>, <a href=\'https://profiles.wordpress.org/davidbaumwald/\' class=\'mention\'><span class=\'mentions-prefix\'>@</span>davidbaumwald</a>, <a href=\'https://profiles.wordpress.org/westonruter/\' class=\'mention\'><span class=\'mentions-prefix\'>@</span>westonruter</a>, <a href=\'https://profiles.wordpress.org/jeffpaul/\' class=\'mention\'><span class=\'mentions-prefix\'>@</span>jeffpaul</a>, <a href=\'https://profiles.wordpress.org/presskopp/\' class=\'mention\'><span class=\'mentions-prefix\'>@</span>presskopp</a><em> for proofreading.</em></p>\n\n\n\n<p class=\"wp-block-paragraph\"></p>\n\";s:7:\"attribs\";a:0:{}s:8:\"xml_base\";s:0:\"\";s:17:\"xml_base_explicit\";b:0;s:8:\"xml_lang\";s:0:\"\";}}}s:30:\"com-wordpress:feed-additions:1\";a:1:{s:7:\"post-id\";a:1:{i:0;a:5:{s:4:\"data\";s:5:\"19862\";s:7:\"attribs\";a:0:{}s:8:\"xml_base\";s:0:\"\";s:17:\"xml_base_explicit\";b:0;s:8:\"xml_lang\";s:0:\"\";}}}}}i:3;a:6:{s:4:\"data\";s:60:\"\n		\n		\n		\n		\n		\n				\n		\n		\n\n					\n										\n					\n		\n		\n			\";s:7:\"attribs\";a:0:{}s:8:\"xml_base\";s:0:\"\";s:17:\"xml_base_explicit\";b:0;s:8:\"xml_lang\";s:0:\"\";s:5:\"child\";a:4:{s:0:\"\";a:6:{s:5:\"title\";a:1:{i:0;a:5:{s:4:\"data\";s:32:\"New AI Agent Skill for WordPress\";s:7:\"attribs\";a:0:{}s:8:\"xml_base\";s:0:\"\";s:17:\"xml_base_explicit\";b:0;s:8:\"xml_lang\";s:0:\"\";}}s:4:\"link\";a:1:{i:0;a:5:{s:4:\"data\";s:54:\"https://wordpress.org/news/2026/01/new-ai-agent-skill/\";s:7:\"attribs\";a:0:{}s:8:\"xml_base\";s:0:\"\";s:17:\"xml_base_explicit\";b:0;s:8:\"xml_lang\";s:0:\"\";}}s:7:\"pubDate\";a:1:{i:0;a:5:{s:4:\"data\";s:31:\"Fri, 30 Jan 2026 17:13:55 +0000\";s:7:\"attribs\";a:0:{}s:8:\"xml_base\";s:0:\"\";s:17:\"xml_base_explicit\";b:0;s:8:\"xml_lang\";s:0:\"\";}}s:8:\"category\";a:2:{i:0;a:5:{s:4:\"data\";s:11:\"Development\";s:7:\"attribs\";a:0:{}s:8:\"xml_base\";s:0:\"\";s:17:\"xml_base_explicit\";b:0;s:8:\"xml_lang\";s:0:\"\";}i:1;a:5:{s:4:\"data\";s:11:\"development\";s:7:\"attribs\";a:0:{}s:8:\"xml_base\";s:0:\"\";s:17:\"xml_base_explicit\";b:0;s:8:\"xml_lang\";s:0:\"\";}}s:4:\"guid\";a:1:{i:0;a:5:{s:4:\"data\";s:35:\"https://wordpress.org/news/?p=19798\";s:7:\"attribs\";a:1:{s:0:\"\";a:1:{s:11:\"isPermaLink\";s:5:\"false\";}}s:8:\"xml_base\";s:0:\"\";s:17:\"xml_base_explicit\";b:0;s:8:\"xml_lang\";s:0:\"\";}}s:11:\"description\";a:1:{i:0;a:5:{s:4:\"data\";s:338:\"Faster Way For AI Agents To Test AI code agents are getting better at writing WordPress plugins and themes, but testing can still be the slow part. WordPress contributor Brandon Payton has published wp-playground, a new AI agent skill designed to run WordPress via the Playground CLI, giving agents a fast, repeatable way to run [&#8230;]\";s:7:\"attribs\";a:0:{}s:8:\"xml_base\";s:0:\"\";s:17:\"xml_base_explicit\";b:0;s:8:\"xml_lang\";s:0:\"\";}}}s:32:\"http://purl.org/dc/elements/1.1/\";a:1:{s:7:\"creator\";a:1:{i:0;a:5:{s:4:\"data\";s:14:\"Brett McSherry\";s:7:\"attribs\";a:0:{}s:8:\"xml_base\";s:0:\"\";s:17:\"xml_base_explicit\";b:0;s:8:\"xml_lang\";s:0:\"\";}}}s:40:\"http://purl.org/rss/1.0/modules/content/\";a:1:{s:7:\"encoded\";a:1:{i:0;a:5:{s:4:\"data\";s:5854:\"\n<h2 class=\"wp-block-heading\">Faster Way For AI Agents To Test</h2>\n\n\n\n<p class=\"wp-block-paragraph\">AI code agents are getting better at writing WordPress plugins and themes, but testing can still be the slow part. WordPress contributor <a href=\"https://profiles.wordpress.org/bpayton/\">Brandon Payton</a> has published <mark style=\"background-color:#eff2ff\" class=\"has-inline-color has-dark-strokes-grey-color\">wp-playground</mark>, a new AI agent skill designed to run WordPress via the Playground CLI<strong>, </strong>giving agents a fast, repeatable way to run WordPress and verify their work as they iterate.<br></p>\n\n\n\n<blockquote class=\"wp-block-quote is-layout-flow wp-block-quote-is-layout-flow\">\n<p class=\"wp-block-paragraph\">&#8220;AI agents work better when they have a clear feedback loop. That’s why I made the wp-playground skill. It gives agents an easy way to test WordPress code and makes building and experimenting with WordPress a lot more accessible.&#8221;</p>\n\n\n\n<p class=\"wp-block-paragraph\">&#8212; Brandon Payton, WordPress Contributor</p>\n</blockquote>\n\n\n\n<h2 class=\"wp-block-heading\">What the Playground skill does</h2>\n\n\n\n<p class=\"wp-block-paragraph\">When launched, the skill starts WordPress and detects where the current code should live inside a WordPress install. For example, it can mount a plugin into <mark style=\"background-color:#eff2ff\" class=\"has-inline-color has-dark-strokes-grey-color\">wp-content/plugins</mark> or a theme into <mark style=\"background-color:#eff2ff\" class=\"has-inline-color has-dark-strokes-grey-color\">wp-content/themes</mark> by recognizing common file signatures (such as plugin headers or a theme’s <mark style=\"background-color:#eff2ff\" class=\"has-inline-color has-dark-strokes-grey-color\">style.css</mark>). This helps agents move from “generated code” to “running site” with fewer manual steps.<br></p>\n\n\n\n<div class=\"wp-block-cover\" style=\"padding-top:var(--wp--preset--spacing--edge-space);padding-right:var(--wp--preset--spacing--edge-space);padding-bottom:var(--wp--preset--spacing--edge-space);padding-left:var(--wp--preset--spacing--edge-space)\"><span aria-hidden=\"true\" class=\"wp-block-cover__background has-background-dim-80 has-background-dim\"></span><div class=\"wp-block-cover__inner-container is-layout-constrained wp-container-core-cover-is-layout-a6a02316 wp-block-cover-is-layout-constrained\">\n<p class=\"has-text-align-center has-off-white-2-color has-text-color has-link-color has-eb-garamond-font-family has-huge-font-size wp-block-paragraph\" style=\"margin-top:0;margin-bottom:0\"><strong>Install and try it today.</strong></p>\n\n\n\n<p class=\"has-text-align-center wp-block-paragraph\">Find more information on this GitHub link:</p>\n\n\n\n<div class=\"wp-block-buttons is-content-justification-center is-layout-flex wp-container-core-buttons-is-layout-3e41869c wp-block-buttons-is-layout-flex\">\n<div class=\"wp-block-button\"><a class=\"wp-block-button__link has-blue-1-background-color has-background has-eb-garamond-font-family has-large-font-size has-custom-font-size wp-element-button\" href=\"https://github.com/WordPress/agent-skills/\" target=\"_blank\" rel=\"noreferrer noopener\"><strong>WordPress AI Agent Skills</strong></a></div>\n</div>\n</div></div>\n\n\n\n<h2 class=\"wp-block-heading\">Early results and testing workflow</h2>\n\n\n\n<p class=\"wp-block-paragraph\">In testing, agents were able to start WordPress, build playful plugins, and validate behavior in a tight feedback loop. Once Playground was running, the agent alternated between tools such as <mark style=\"background-color:#eff2ff\" class=\"has-inline-color has-dark-strokes-grey-color\">curl</mark> and Playwright to interact with WordPress, verify results, apply fixes when needed, and then re-verify with Playground.</p>\n\n\n\n<h2 class=\"wp-block-heading\">Faster startup and smoother iteration</h2>\n\n\n\n<p class=\"wp-block-paragraph\">Helper scripts handle startup and shutdown, so an agent doesn’t waste time guessing when WordPress is ready. Using helper scripts reduced the “ready to test” moment from roughly a minute to a few seconds on the author’s machine. The Playground CLI can also log in automatically for easier <mark style=\"background-color:#eff2ff\" class=\"has-inline-color has-dark-strokes-grey-color\">WP-Admin</mark> access during testing.</p>\n\n\n\n<h2 class=\"wp-block-heading\">Install and try it now</h2>\n\n\n\n<p class=\"wp-block-paragraph\">For those who want to try it in Claude Code, Codex, or another AI agent, installation requires <a href=\"https://nodejs.org/\">Node.js</a> and npm and looks like this:</p>\n\n\n\n<p class=\"has-cyan-bluish-gray-color has-dark-strokes-grey-background-color has-text-color has-background has-link-color wp-block-paragraph\" style=\"padding-top:10px;padding-right:var(--wp--preset--spacing--10);padding-bottom:10px;padding-left:var(--wp--preset--spacing--10)\"># Run this in a project directory to install the skills for that project&nbsp;<br>npx openskills install WordPress/agent-skills<br><br># Make skills available to non-Claude agents<br>npx openskills sync</p>\n\n\n\n<h2 class=\"wp-block-heading\">A new repo for WordPress agent skills</h2>\n\n\n\n<p class=\"wp-block-paragraph\">This release also comes with a new home for this kind of work: <br><a href=\"https://github.com/WordPress/agent-skills\">https://github.com/WordPress/agent-skills</a>.&nbsp;</p>\n\n\n\n<p class=\"wp-block-paragraph\">It’s an early step in exploring how AI agents can collaborate with WordPress tooling, and contributions from the community are welcome. Future additions being explored include persistent Playground sites based on the current directory, running commands against an existing Playground instance (including <mark style=\"background-color:#eff2ff\" class=\"has-inline-color has-dark-strokes-grey-color\">wp-cli</mark>), and Blueprint generation.</p>\n\n\n\n<p class=\"wp-block-paragraph\"></p>\n\";s:7:\"attribs\";a:0:{}s:8:\"xml_base\";s:0:\"\";s:17:\"xml_base_explicit\";b:0;s:8:\"xml_lang\";s:0:\"\";}}}s:30:\"com-wordpress:feed-additions:1\";a:1:{s:7:\"post-id\";a:1:{i:0;a:5:{s:4:\"data\";s:5:\"19798\";s:7:\"attribs\";a:0:{}s:8:\"xml_base\";s:0:\"\";s:17:\"xml_base_explicit\";b:0;s:8:\"xml_lang\";s:0:\"\";}}}}}i:4;a:6:{s:4:\"data\";s:60:\"\n		\n		\n		\n		\n		\n				\n		\n		\n\n					\n										\n					\n		\n		\n			\";s:7:\"attribs\";a:0:{}s:8:\"xml_base\";s:0:\"\";s:17:\"xml_base_explicit\";b:0;s:8:\"xml_lang\";s:0:\"\";s:5:\"child\";a:4:{s:0:\"\";a:6:{s:5:\"title\";a:1:{i:0;a:5:{s:4:\"data\";s:29:\"Be Part of WordCamp Asia 2026\";s:7:\"attribs\";a:0:{}s:8:\"xml_base\";s:0:\"\";s:17:\"xml_base_explicit\";b:0;s:8:\"xml_lang\";s:0:\"\";}}s:4:\"link\";a:1:{i:0;a:5:{s:4:\"data\";s:54:\"https://wordpress.org/news/2026/01/wordcamp-asia-2026/\";s:7:\"attribs\";a:0:{}s:8:\"xml_base\";s:0:\"\";s:17:\"xml_base_explicit\";b:0;s:8:\"xml_lang\";s:0:\"\";}}s:7:\"pubDate\";a:1:{i:0;a:5:{s:4:\"data\";s:31:\"Wed, 21 Jan 2026 12:07:00 +0000\";s:7:\"attribs\";a:0:{}s:8:\"xml_base\";s:0:\"\";s:17:\"xml_base_explicit\";b:0;s:8:\"xml_lang\";s:0:\"\";}}s:8:\"category\";a:2:{i:0;a:5:{s:4:\"data\";s:9:\"Community\";s:7:\"attribs\";a:0:{}s:8:\"xml_base\";s:0:\"\";s:17:\"xml_base_explicit\";b:0;s:8:\"xml_lang\";s:0:\"\";}i:1;a:5:{s:4:\"data\";s:6:\"Events\";s:7:\"attribs\";a:0:{}s:8:\"xml_base\";s:0:\"\";s:17:\"xml_base_explicit\";b:0;s:8:\"xml_lang\";s:0:\"\";}}s:4:\"guid\";a:1:{i:0;a:5:{s:4:\"data\";s:35:\"https://wordpress.org/news/?p=19738\";s:7:\"attribs\";a:1:{s:0:\"\";a:1:{s:11:\"isPermaLink\";s:5:\"false\";}}s:8:\"xml_base\";s:0:\"\";s:17:\"xml_base_explicit\";b:0;s:8:\"xml_lang\";s:0:\"\";}}s:11:\"description\";a:1:{i:0;a:5:{s:4:\"data\";s:333:\"WordCamp Asia is back in 2026, this time in Mumbai, India, and it’s building on a year that showed just how ambitious and connected the WordPress community has become. Now is the time to get involved. Get your ticket, explore sponsorship opportunities, and help spread the word. In 2025, more than 1,400 attendees from 71 [&#8230;]\";s:7:\"attribs\";a:0:{}s:8:\"xml_base\";s:0:\"\";s:17:\"xml_base_explicit\";b:0;s:8:\"xml_lang\";s:0:\"\";}}}s:32:\"http://purl.org/dc/elements/1.1/\";a:1:{s:7:\"creator\";a:1:{i:0;a:5:{s:4:\"data\";s:17:\"Nicholas Garofalo\";s:7:\"attribs\";a:0:{}s:8:\"xml_base\";s:0:\"\";s:17:\"xml_base_explicit\";b:0;s:8:\"xml_lang\";s:0:\"\";}}}s:40:\"http://purl.org/rss/1.0/modules/content/\";a:1:{s:7:\"encoded\";a:1:{i:0;a:5:{s:4:\"data\";s:36852:\"\n<p class=\"wp-block-paragraph\">WordCamp Asia is back in 2026, this time in Mumbai, India, and it’s building on a year that showed just how ambitious and connected the WordPress community has become. Now is the time to get involved. Get your ticket, explore sponsorship opportunities, and help spread the word.</p>\n\n\n\n<div class=\"wp-block-buttons is-content-justification-center is-layout-flex wp-container-core-buttons-is-layout-82d461e8 wp-block-buttons-is-layout-flex\">\n<div class=\"wp-block-button\"><a class=\"wp-block-button__link has-background wp-element-button\" href=\"https://asia.wordcamp.org/2026/event-pass/\" style=\"background:linear-gradient(135deg,rgb(42,5,123) 0%,rgb(42,5,123) 100%)\" target=\"_blank\" rel=\"noreferrer noopener\">Get Your Event Pass</a></div>\n\n\n\n<div class=\"wp-block-button\"><a class=\"wp-block-button__link has-background wp-element-button\" href=\"https://asia.wordcamp.org/2026/call-for-sponsors/\" style=\"background:linear-gradient(135deg,rgb(42,5,123) 0%,rgb(42,5,123) 100%)\" target=\"_blank\" rel=\"noreferrer noopener\">Become a Sponsor</a></div>\n\n\n\n<div class=\"wp-block-button\"><a class=\"wp-block-button__link has-background wp-element-button\" href=\"https://asia.wordcamp.org/2026/\" style=\"background:linear-gradient(135deg,rgb(42,5,123) 0%,rgb(42,5,123) 100%)\" target=\"_blank\" rel=\"noreferrer noopener\">About WordCamp Asia</a></div>\n</div>\n\n\n\n<p class=\"wp-block-paragraph\">In 2025, more than 1,400 attendees from 71 countries gathered in person, with nearly 15,000 more joining online for <a href=\"https://wordpress.org/news/2025/02/shaping-tomorrow-at-wordcamp-asia-2025/\" target=\"_blank\" rel=\"noreferrer noopener\">WordCamp Asia 2025</a>. With notable guests like WordPress <span style=\"margin: 0px;padding: 0px\">Co-founder&nbsp;<a href=\"https://profiles.wordpress.org/matt/\" target=\"_blank\" rel=\"noreferrer noopener\">Matt Mullenweg</a>&nbsp;and Gutenberg Lead Architect&nbsp;<a href=\"https://profiles.wordpress.org/matveb/\" target=\"_blank\" rel=\"noreferrer noopener\">Matías Ventura</a>, and</span> a diverse lineup of speakers and panelists from across the ecosystem, WordCamp Asia 2025 brought together a community actively shaping the future of the open web.</p>\n\n\n\n<blockquote class=\"wp-block-quote is-layout-flow wp-block-quote-is-layout-flow\">\n<p class=\"wp-block-paragraph\">It&#8217;s the people. It&#8217;s the friendships and the stories.</p>\n\n\n\n<p class=\"wp-block-paragraph\"><em>Matt Mullenweg, WordPress Cofounder</em></p>\n</blockquote>\n\n\n\n<p class=\"wp-block-paragraph\">WordCamp isn’t just about sessions and schedules. It’s about connection. It’s about learning directly from people who are building, scaling, and sustaining WordPress in the real world. It’s about sharing ideas, debating the future of the open web, and leaving with renewed energy for the work ahead. And in 2026, that spirit returns stronger than ever.</p>\n\n\n\n<figure data-wp-context=\"{&quot;galleryId&quot;:&quot;699f108e9f9f1&quot;}\" data-wp-interactive=\"core/gallery\" class=\"wp-block-gallery has-nested-images columns-default is-cropped has-border-color has-darker-grey-background-color has-background wp-block-gallery-1 is-layout-flex wp-block-gallery-is-layout-flex\" style=\"border-color:#1c2024;border-width:20px;border-radius:2px\">\n<figure data-wp-context=\"{&quot;imageId&quot;:&quot;699f108ea0446&quot;}\" data-wp-interactive=\"core/image\" data-wp-key=\"699f108ea0446\" class=\"wp-block-image size-large has-custom-border wp-lightbox-container\"><img data-recalc-dims=\"1\" fetchpriority=\"high\" decoding=\"async\" width=\"1024\" height=\"683\" data-wp-class--hide=\"state.isContentHidden\" data-wp-class--show=\"state.isContentVisible\" data-wp-init=\"callbacks.setButtonStyles\" data-wp-on--click=\"actions.showLightbox\" data-wp-on--load=\"callbacks.setButtonStyles\" data-wp-on--pointerdown=\"actions.preloadImage\" data-wp-on--pointerenter=\"actions.preloadImageWithDelay\" data-wp-on--pointerleave=\"actions.cancelPreload\" data-wp-on-window--resize=\"callbacks.setButtonStyles\" data-id=\"18537\" src=\"https://i0.wp.com/wordpress.org/news/files/2025/02/20250220-DSC_1914.jpg?resize=1024%2C683&#038;ssl=1\" alt=\"\" class=\"wp-image-18537\" style=\"border-radius:2px\" srcset=\"https://i0.wp.com/wordpress.org/news/files/2025/02/20250220-DSC_1914-scaled.jpg?resize=1024%2C683&amp;ssl=1 1024w, https://i0.wp.com/wordpress.org/news/files/2025/02/20250220-DSC_1914-scaled.jpg?resize=300%2C200&amp;ssl=1 300w, https://i0.wp.com/wordpress.org/news/files/2025/02/20250220-DSC_1914-scaled.jpg?resize=768%2C512&amp;ssl=1 768w, https://i0.wp.com/wordpress.org/news/files/2025/02/20250220-DSC_1914-scaled.jpg?resize=1536%2C1024&amp;ssl=1 1536w, https://i0.wp.com/wordpress.org/news/files/2025/02/20250220-DSC_1914-scaled.jpg?resize=2048%2C1365&amp;ssl=1 2048w\" sizes=\"(max-width: 1000px) 100vw, 1000px\" /><button\n			class=\"lightbox-trigger\"\n			type=\"button\"\n			aria-haspopup=\"dialog\"\n			data-wp-bind--aria-label=\"state.thisImage.triggerButtonAriaLabel\"\n			data-wp-init=\"callbacks.initTriggerButton\"\n			data-wp-on--click=\"actions.showLightbox\"\n			data-wp-style--right=\"state.thisImage.buttonRight\"\n			data-wp-style--top=\"state.thisImage.buttonTop\"\n		>\n			<svg xmlns=\"http://www.w3.org/2000/svg\" width=\"12\" height=\"12\" fill=\"none\" viewBox=\"0 0 12 12\">\n				<path fill=\"#fff\" d=\"M2 0a2 2 0 0 0-2 2v2h1.5V2a.5.5 0 0 1 .5-.5h2V0H2Zm2 10.5H2a.5.5 0 0 1-.5-.5V8H0v2a2 2 0 0 0 2 2h2v-1.5ZM8 12v-1.5h2a.5.5 0 0 0 .5-.5V8H12v2a2 2 0 0 1-2 2H8Zm2-12a2 2 0 0 1 2 2v2h-1.5V2a.5.5 0 0 0-.5-.5H8V0h2Z\" />\n			</svg>\n		</button></figure>\n\n\n\n<figure data-wp-context=\"{&quot;imageId&quot;:&quot;699f108ea0d10&quot;}\" data-wp-interactive=\"core/image\" data-wp-key=\"699f108ea0d10\" class=\"wp-block-image size-large has-custom-border wp-lightbox-container\"><img data-recalc-dims=\"1\" decoding=\"async\" width=\"1024\" height=\"683\" data-wp-class--hide=\"state.isContentHidden\" data-wp-class--show=\"state.isContentVisible\" data-wp-init=\"callbacks.setButtonStyles\" data-wp-on--click=\"actions.showLightbox\" data-wp-on--load=\"callbacks.setButtonStyles\" data-wp-on--pointerdown=\"actions.preloadImage\" data-wp-on--pointerenter=\"actions.preloadImageWithDelay\" data-wp-on--pointerleave=\"actions.cancelPreload\" data-wp-on-window--resize=\"callbacks.setButtonStyles\" data-id=\"18527\" src=\"https://i0.wp.com/wordpress.org/news/files/2025/02/20250220-DSC_1989.jpg?resize=1024%2C683&#038;ssl=1\" alt=\"\" class=\"wp-image-18527\" style=\"border-radius:2px\" srcset=\"https://i0.wp.com/wordpress.org/news/files/2025/02/20250220-DSC_1989-scaled.jpg?resize=1024%2C683&amp;ssl=1 1024w, https://i0.wp.com/wordpress.org/news/files/2025/02/20250220-DSC_1989-scaled.jpg?resize=300%2C200&amp;ssl=1 300w, https://i0.wp.com/wordpress.org/news/files/2025/02/20250220-DSC_1989-scaled.jpg?resize=768%2C512&amp;ssl=1 768w, https://i0.wp.com/wordpress.org/news/files/2025/02/20250220-DSC_1989-scaled.jpg?resize=1536%2C1024&amp;ssl=1 1536w, https://i0.wp.com/wordpress.org/news/files/2025/02/20250220-DSC_1989-scaled.jpg?resize=2048%2C1365&amp;ssl=1 2048w\" sizes=\"(max-width: 1000px) 100vw, 1000px\" /><button\n			class=\"lightbox-trigger\"\n			type=\"button\"\n			aria-haspopup=\"dialog\"\n			data-wp-bind--aria-label=\"state.thisImage.triggerButtonAriaLabel\"\n			data-wp-init=\"callbacks.initTriggerButton\"\n			data-wp-on--click=\"actions.showLightbox\"\n			data-wp-style--right=\"state.thisImage.buttonRight\"\n			data-wp-style--top=\"state.thisImage.buttonTop\"\n		>\n			<svg xmlns=\"http://www.w3.org/2000/svg\" width=\"12\" height=\"12\" fill=\"none\" viewBox=\"0 0 12 12\">\n				<path fill=\"#fff\" d=\"M2 0a2 2 0 0 0-2 2v2h1.5V2a.5.5 0 0 1 .5-.5h2V0H2Zm2 10.5H2a.5.5 0 0 1-.5-.5V8H0v2a2 2 0 0 0 2 2h2v-1.5ZM8 12v-1.5h2a.5.5 0 0 0 .5-.5V8H12v2a2 2 0 0 1-2 2H8Zm2-12a2 2 0 0 1 2 2v2h-1.5V2a.5.5 0 0 0-.5-.5H8V0h2Z\" />\n			</svg>\n		</button></figure>\n\n\n\n<figure data-wp-context=\"{&quot;imageId&quot;:&quot;699f108ea15cb&quot;}\" data-wp-interactive=\"core/image\" data-wp-key=\"699f108ea15cb\" class=\"wp-block-image size-large has-custom-border wp-lightbox-container\"><img data-recalc-dims=\"1\" decoding=\"async\" width=\"1024\" height=\"683\" data-wp-class--hide=\"state.isContentHidden\" data-wp-class--show=\"state.isContentVisible\" data-wp-init=\"callbacks.setButtonStyles\" data-wp-on--click=\"actions.showLightbox\" data-wp-on--load=\"callbacks.setButtonStyles\" data-wp-on--pointerdown=\"actions.preloadImage\" data-wp-on--pointerenter=\"actions.preloadImageWithDelay\" data-wp-on--pointerleave=\"actions.cancelPreload\" data-wp-on-window--resize=\"callbacks.setButtonStyles\" data-id=\"18530\" src=\"https://i0.wp.com/wordpress.org/news/files/2025/02/20250220-DSC_1920.jpg?resize=1024%2C683&#038;ssl=1\" alt=\"\" class=\"wp-image-18530\" style=\"border-radius:2px\" srcset=\"https://i0.wp.com/wordpress.org/news/files/2025/02/20250220-DSC_1920-scaled.jpg?resize=1024%2C683&amp;ssl=1 1024w, https://i0.wp.com/wordpress.org/news/files/2025/02/20250220-DSC_1920-scaled.jpg?resize=300%2C200&amp;ssl=1 300w, https://i0.wp.com/wordpress.org/news/files/2025/02/20250220-DSC_1920-scaled.jpg?resize=768%2C512&amp;ssl=1 768w, https://i0.wp.com/wordpress.org/news/files/2025/02/20250220-DSC_1920-scaled.jpg?resize=1536%2C1024&amp;ssl=1 1536w, https://i0.wp.com/wordpress.org/news/files/2025/02/20250220-DSC_1920-scaled.jpg?resize=2048%2C1365&amp;ssl=1 2048w\" sizes=\"(max-width: 1000px) 100vw, 1000px\" /><button\n			class=\"lightbox-trigger\"\n			type=\"button\"\n			aria-haspopup=\"dialog\"\n			data-wp-bind--aria-label=\"state.thisImage.triggerButtonAriaLabel\"\n			data-wp-init=\"callbacks.initTriggerButton\"\n			data-wp-on--click=\"actions.showLightbox\"\n			data-wp-style--right=\"state.thisImage.buttonRight\"\n			data-wp-style--top=\"state.thisImage.buttonTop\"\n		>\n			<svg xmlns=\"http://www.w3.org/2000/svg\" width=\"12\" height=\"12\" fill=\"none\" viewBox=\"0 0 12 12\">\n				<path fill=\"#fff\" d=\"M2 0a2 2 0 0 0-2 2v2h1.5V2a.5.5 0 0 1 .5-.5h2V0H2Zm2 10.5H2a.5.5 0 0 1-.5-.5V8H0v2a2 2 0 0 0 2 2h2v-1.5ZM8 12v-1.5h2a.5.5 0 0 0 .5-.5V8H12v2a2 2 0 0 1-2 2H8Zm2-12a2 2 0 0 1 2 2v2h-1.5V2a.5.5 0 0 0-.5-.5H8V0h2Z\" />\n			</svg>\n		</button></figure>\n\n\n\n<figure data-wp-context=\"{&quot;imageId&quot;:&quot;699f108ea1e20&quot;}\" data-wp-interactive=\"core/image\" data-wp-key=\"699f108ea1e20\" class=\"wp-block-image size-large wp-lightbox-container\"><img data-recalc-dims=\"1\" loading=\"lazy\" decoding=\"async\" width=\"1024\" height=\"683\" data-wp-class--hide=\"state.isContentHidden\" data-wp-class--show=\"state.isContentVisible\" data-wp-init=\"callbacks.setButtonStyles\" data-wp-on--click=\"actions.showLightbox\" data-wp-on--load=\"callbacks.setButtonStyles\" data-wp-on--pointerdown=\"actions.preloadImage\" data-wp-on--pointerenter=\"actions.preloadImageWithDelay\" data-wp-on--pointerleave=\"actions.cancelPreload\" data-wp-on-window--resize=\"callbacks.setButtonStyles\" data-id=\"18616\" src=\"https://i0.wp.com/wordpress.org/news/files/2025/02/WORDCAMPASIA2025_PH_PICC_DAY01_CONTRIBUTORSDAY_JOHN_CARLO_PATTAGUAN-474.jpg?resize=1024%2C683&#038;ssl=1\" alt=\"\" class=\"wp-image-18616\" srcset=\"https://i0.wp.com/wordpress.org/news/files/2025/02/WORDCAMPASIA2025_PH_PICC_DAY01_CONTRIBUTORSDAY_JOHN_CARLO_PATTAGUAN-474-scaled.jpg?resize=1024%2C683&amp;ssl=1 1024w, https://i0.wp.com/wordpress.org/news/files/2025/02/WORDCAMPASIA2025_PH_PICC_DAY01_CONTRIBUTORSDAY_JOHN_CARLO_PATTAGUAN-474-scaled.jpg?resize=300%2C200&amp;ssl=1 300w, https://i0.wp.com/wordpress.org/news/files/2025/02/WORDCAMPASIA2025_PH_PICC_DAY01_CONTRIBUTORSDAY_JOHN_CARLO_PATTAGUAN-474-scaled.jpg?resize=768%2C512&amp;ssl=1 768w, https://i0.wp.com/wordpress.org/news/files/2025/02/WORDCAMPASIA2025_PH_PICC_DAY01_CONTRIBUTORSDAY_JOHN_CARLO_PATTAGUAN-474-scaled.jpg?resize=1536%2C1024&amp;ssl=1 1536w, https://i0.wp.com/wordpress.org/news/files/2025/02/WORDCAMPASIA2025_PH_PICC_DAY01_CONTRIBUTORSDAY_JOHN_CARLO_PATTAGUAN-474-scaled.jpg?resize=2048%2C1365&amp;ssl=1 2048w\" sizes=\"auto, (max-width: 1000px) 100vw, 1000px\" /><button\n			class=\"lightbox-trigger\"\n			type=\"button\"\n			aria-haspopup=\"dialog\"\n			data-wp-bind--aria-label=\"state.thisImage.triggerButtonAriaLabel\"\n			data-wp-init=\"callbacks.initTriggerButton\"\n			data-wp-on--click=\"actions.showLightbox\"\n			data-wp-style--right=\"state.thisImage.buttonRight\"\n			data-wp-style--top=\"state.thisImage.buttonTop\"\n		>\n			<svg xmlns=\"http://www.w3.org/2000/svg\" width=\"12\" height=\"12\" fill=\"none\" viewBox=\"0 0 12 12\">\n				<path fill=\"#fff\" d=\"M2 0a2 2 0 0 0-2 2v2h1.5V2a.5.5 0 0 1 .5-.5h2V0H2Zm2 10.5H2a.5.5 0 0 1-.5-.5V8H0v2a2 2 0 0 0 2 2h2v-1.5ZM8 12v-1.5h2a.5.5 0 0 0 .5-.5V8H12v2a2 2 0 0 1-2 2H8Zm2-12a2 2 0 0 1 2 2v2h-1.5V2a.5.5 0 0 0-.5-.5H8V0h2Z\" />\n			</svg>\n		</button></figure>\n\n\n\n<figure data-wp-context=\"{&quot;imageId&quot;:&quot;699f108ea2650&quot;}\" data-wp-interactive=\"core/image\" data-wp-key=\"699f108ea2650\" class=\"wp-block-image size-large wp-lightbox-container\"><img data-recalc-dims=\"1\" loading=\"lazy\" decoding=\"async\" width=\"1024\" height=\"684\" data-wp-class--hide=\"state.isContentHidden\" data-wp-class--show=\"state.isContentVisible\" data-wp-init=\"callbacks.setButtonStyles\" data-wp-on--click=\"actions.showLightbox\" data-wp-on--load=\"callbacks.setButtonStyles\" data-wp-on--pointerdown=\"actions.preloadImage\" data-wp-on--pointerenter=\"actions.preloadImageWithDelay\" data-wp-on--pointerleave=\"actions.cancelPreload\" data-wp-on-window--resize=\"callbacks.setButtonStyles\" data-id=\"18615\" src=\"https://i0.wp.com/wordpress.org/news/files/2025/02/T2S_6305.jpg?resize=1024%2C684&#038;ssl=1\" alt=\"\" class=\"wp-image-18615\" srcset=\"https://i0.wp.com/wordpress.org/news/files/2025/02/T2S_6305-scaled.jpg?resize=1024%2C684&amp;ssl=1 1024w, https://i0.wp.com/wordpress.org/news/files/2025/02/T2S_6305-scaled.jpg?resize=300%2C200&amp;ssl=1 300w, https://i0.wp.com/wordpress.org/news/files/2025/02/T2S_6305-scaled.jpg?resize=768%2C513&amp;ssl=1 768w, https://i0.wp.com/wordpress.org/news/files/2025/02/T2S_6305-scaled.jpg?resize=1536%2C1025&amp;ssl=1 1536w, https://i0.wp.com/wordpress.org/news/files/2025/02/T2S_6305-scaled.jpg?resize=2048%2C1367&amp;ssl=1 2048w\" sizes=\"auto, (max-width: 1000px) 100vw, 1000px\" /><button\n			class=\"lightbox-trigger\"\n			type=\"button\"\n			aria-haspopup=\"dialog\"\n			data-wp-bind--aria-label=\"state.thisImage.triggerButtonAriaLabel\"\n			data-wp-init=\"callbacks.initTriggerButton\"\n			data-wp-on--click=\"actions.showLightbox\"\n			data-wp-style--right=\"state.thisImage.buttonRight\"\n			data-wp-style--top=\"state.thisImage.buttonTop\"\n		>\n			<svg xmlns=\"http://www.w3.org/2000/svg\" width=\"12\" height=\"12\" fill=\"none\" viewBox=\"0 0 12 12\">\n				<path fill=\"#fff\" d=\"M2 0a2 2 0 0 0-2 2v2h1.5V2a.5.5 0 0 1 .5-.5h2V0H2Zm2 10.5H2a.5.5 0 0 1-.5-.5V8H0v2a2 2 0 0 0 2 2h2v-1.5ZM8 12v-1.5h2a.5.5 0 0 0 .5-.5V8H12v2a2 2 0 0 1-2 2H8Zm2-12a2 2 0 0 1 2 2v2h-1.5V2a.5.5 0 0 0-.5-.5H8V0h2Z\" />\n			</svg>\n		</button></figure>\n\n\n\n<figure data-wp-context=\"{&quot;imageId&quot;:&quot;699f108ea2d9a&quot;}\" data-wp-interactive=\"core/image\" data-wp-key=\"699f108ea2d9a\" class=\"wp-block-image size-large has-custom-border wp-lightbox-container\"><img data-recalc-dims=\"1\" loading=\"lazy\" decoding=\"async\" width=\"1024\" height=\"683\" data-wp-class--hide=\"state.isContentHidden\" data-wp-class--show=\"state.isContentVisible\" data-wp-init=\"callbacks.setButtonStyles\" data-wp-on--click=\"actions.showLightbox\" data-wp-on--load=\"callbacks.setButtonStyles\" data-wp-on--pointerdown=\"actions.preloadImage\" data-wp-on--pointerenter=\"actions.preloadImageWithDelay\" data-wp-on--pointerleave=\"actions.cancelPreload\" data-wp-on-window--resize=\"callbacks.setButtonStyles\" data-id=\"18536\" src=\"https://i0.wp.com/wordpress.org/news/files/2025/02/20250220-DSC07465.jpg?resize=1024%2C683&#038;ssl=1\" alt=\"\" class=\"wp-image-18536\" style=\"border-radius:2px\" srcset=\"https://i0.wp.com/wordpress.org/news/files/2025/02/20250220-DSC07465-scaled.jpg?resize=1024%2C683&amp;ssl=1 1024w, https://i0.wp.com/wordpress.org/news/files/2025/02/20250220-DSC07465-scaled.jpg?resize=300%2C200&amp;ssl=1 300w, https://i0.wp.com/wordpress.org/news/files/2025/02/20250220-DSC07465-scaled.jpg?resize=768%2C512&amp;ssl=1 768w, https://i0.wp.com/wordpress.org/news/files/2025/02/20250220-DSC07465-scaled.jpg?resize=1536%2C1024&amp;ssl=1 1536w, https://i0.wp.com/wordpress.org/news/files/2025/02/20250220-DSC07465-scaled.jpg?resize=2048%2C1365&amp;ssl=1 2048w\" sizes=\"auto, (max-width: 1000px) 100vw, 1000px\" /><button\n			class=\"lightbox-trigger\"\n			type=\"button\"\n			aria-haspopup=\"dialog\"\n			data-wp-bind--aria-label=\"state.thisImage.triggerButtonAriaLabel\"\n			data-wp-init=\"callbacks.initTriggerButton\"\n			data-wp-on--click=\"actions.showLightbox\"\n			data-wp-style--right=\"state.thisImage.buttonRight\"\n			data-wp-style--top=\"state.thisImage.buttonTop\"\n		>\n			<svg xmlns=\"http://www.w3.org/2000/svg\" width=\"12\" height=\"12\" fill=\"none\" viewBox=\"0 0 12 12\">\n				<path fill=\"#fff\" d=\"M2 0a2 2 0 0 0-2 2v2h1.5V2a.5.5 0 0 1 .5-.5h2V0H2Zm2 10.5H2a.5.5 0 0 1-.5-.5V8H0v2a2 2 0 0 0 2 2h2v-1.5ZM8 12v-1.5h2a.5.5 0 0 0 .5-.5V8H12v2a2 2 0 0 1-2 2H8Zm2-12a2 2 0 0 1 2 2v2h-1.5V2a.5.5 0 0 0-.5-.5H8V0h2Z\" />\n			</svg>\n		</button></figure>\n</figure>\n\n\n\n<p class=\"wp-block-paragraph\">Tickets for WordCamp Asia 2026 are on sale now, and this is the moment to secure your spot. WordCamps are intentionally priced to remain accessible, and early ticket sales help organizers plan an inclusive, high-quality experience for everyone.</p>\n\n\n\n<div class=\"wp-block-cover\" style=\"padding-top:var(--wp--preset--spacing--edge-space);padding-right:var(--wp--preset--spacing--edge-space);padding-bottom:var(--wp--preset--spacing--edge-space);padding-left:var(--wp--preset--spacing--edge-space)\"><img data-recalc-dims=\"1\" loading=\"lazy\" decoding=\"async\" width=\"1024\" height=\"455\" class=\"wp-block-cover__image-background wp-image-19746 size-large\" alt=\"\" src=\"https://i0.wp.com/wordpress.org/news/files/2026/01/wca-hero-purple.webp?resize=1024%2C455&#038;ssl=1\" data-object-fit=\"cover\" srcset=\"https://i0.wp.com/wordpress.org/news/files/2026/01/wca-hero-purple.webp?resize=1024%2C455&amp;ssl=1 1024w, https://i0.wp.com/wordpress.org/news/files/2026/01/wca-hero-purple.webp?resize=300%2C133&amp;ssl=1 300w, https://i0.wp.com/wordpress.org/news/files/2026/01/wca-hero-purple.webp?resize=768%2C341&amp;ssl=1 768w, https://i0.wp.com/wordpress.org/news/files/2026/01/wca-hero-purple.webp?w=1440&amp;ssl=1 1440w\" sizes=\"auto, (max-width: 1000px) 100vw, 1000px\" /><span aria-hidden=\"true\" class=\"wp-block-cover__background has-background-dim-0 has-background-dim\"></span><div class=\"wp-block-cover__inner-container is-layout-constrained wp-container-core-cover-is-layout-a6a02316 wp-block-cover-is-layout-constrained\">\n<p class=\"has-text-align-center has-luminous-vivid-amber-color has-text-color has-link-color has-eb-garamond-font-family has-huge-font-size wp-block-paragraph\" style=\"margin-top:0;margin-bottom:0\"><strong>Join 3,000+ Web Professionals</strong></p>\n\n\n\n<p class=\"has-text-align-center wp-block-paragraph\">April 9 – 11, 2026 | Jio World Convention Centre, Mumbai, India</p>\n\n\n\n<div class=\"wp-block-buttons is-content-justification-center is-layout-flex wp-container-core-buttons-is-layout-3e41869c wp-block-buttons-is-layout-flex\">\n<div class=\"wp-block-button\"><a class=\"wp-block-button__link has-vivid-red-background-color has-background has-eb-garamond-font-family has-large-font-size has-custom-font-size wp-element-button\" href=\"https://asia.wordcamp.org/2026/event-pass/\" target=\"_blank\" rel=\"noreferrer noopener\"><strong>Get Your Event Pass</strong></a></div>\n</div>\n</div></div>\n\n\n\n<p class=\"wp-block-paragraph\">WordCamp Asia is also made possible by the organizations that step up to support it. Sponsorship plays a critical role in keeping the event accessible, supporting contributors and volunteers, and ensuring the experience reflects the values of the WordPress project. For sponsors, WordCamp Asia 2026 offers a rare opportunity to connect with a highly engaged, global audience in a setting built on trust, collaboration, and shared purpose.</p>\n\n\n\n<p class=\"wp-block-paragraph\">Sponsorship packages are designed to support a wide range of organizations, from local companies to global businesses building products and services on WordPress. Beyond visibility, sponsors become part of the story—helping sustain the ecosystem and invest directly in the community that makes WordPress possible.</p>\n\n\n\n<div class=\"wp-block-group has-background is-layout-constrained wp-container-core-group-is-layout-7c6780e0 wp-block-group-is-layout-constrained\" style=\"background:linear-gradient(135deg,rgb(42,5,123) 0%,rgb(124,78,224) 100%);padding-top:var(--wp--preset--spacing--edge-space);padding-right:var(--wp--preset--spacing--edge-space);padding-bottom:var(--wp--preset--spacing--edge-space);padding-left:var(--wp--preset--spacing--edge-space)\">\n<div class=\"wp-block-group alignfull is-content-justification-center is-nowrap is-layout-flex wp-container-core-group-is-layout-f56f9fcf wp-block-group-is-layout-flex\">\n<figure class=\"wp-block-embed aligncenter is-type-rich is-provider-canva wp-block-embed-canva\" style=\"margin-right:var(--wp--preset--spacing--edge-space);margin-left:var(--wp--preset--spacing--edge-space)\"><div class=\"wp-block-embed__wrapper\">\n<iframe loading=\"lazy\" title=\"OFFICIAL: WCAsia 2026 Sponsorship Prospectus\" src=\"https://www.canva.com/design/DAG5LHsUR7o/b-nFPoZDgxpV2tlN-tbAew/view?embed&amp;meta\" height=\"281\" width=\"500\" style=\"border: none; border-radius: 8px; width: 500px; height: 281px;\" allowfullscreen=\"allowfullscreen\" allow=\"fullscreen\"></iframe>\n</div></figure>\n</div>\n\n\n\n<p class=\"has-text-align-center has-white-color has-text-color has-link-color wp-block-paragraph\">If your company is interested in becoming a sponsor or you would like to know more, please reach out.</p>\n\n\n\n<div class=\"wp-block-buttons is-content-justification-center is-layout-flex wp-container-core-buttons-is-layout-3e41869c wp-block-buttons-is-layout-flex\">\n<div class=\"wp-block-button\"><a class=\"wp-block-button__link has-vivid-red-background-color has-background has-eb-garamond-font-family has-large-font-size has-custom-font-size wp-element-button\" href=\"https://asia.wordcamp.org/2026/call-for-sponsors/\" target=\"_blank\" rel=\"noreferrer noopener\"><strong>Become a Sponsor</strong></a></div>\n</div>\n</div>\n\n\n\n<p class=\"wp-block-paragraph\">At every level, WordCamp Asia is powered by people. Organizers, volunteers, speakers, sponsors, and attendees all contribute to an experience that reflects WordPress’s shared values of openness and collaboration. It’s a place where new voices are welcomed, long-time contributors reconnect, and ideas move from conversation to action.</p>\n\n\n\n<figure data-wp-context=\"{&quot;galleryId&quot;:&quot;699f108ea3eaf&quot;}\" data-wp-interactive=\"core/gallery\" class=\"wp-block-gallery has-nested-images columns-default is-cropped has-border-color has-darker-grey-background-color has-background wp-block-gallery-2 is-layout-flex wp-block-gallery-is-layout-flex\" style=\"border-color:#1c2024;border-width:20px;border-radius:2px\">\n<figure data-wp-context=\"{&quot;imageId&quot;:&quot;699f108ea44fb&quot;}\" data-wp-interactive=\"core/image\" data-wp-key=\"699f108ea44fb\" class=\"wp-block-image size-large has-custom-border wp-lightbox-container\"><img data-recalc-dims=\"1\" loading=\"lazy\" decoding=\"async\" width=\"1024\" height=\"683\" data-wp-class--hide=\"state.isContentHidden\" data-wp-class--show=\"state.isContentVisible\" data-wp-init=\"callbacks.setButtonStyles\" data-wp-on--click=\"actions.showLightbox\" data-wp-on--load=\"callbacks.setButtonStyles\" data-wp-on--pointerdown=\"actions.preloadImage\" data-wp-on--pointerenter=\"actions.preloadImageWithDelay\" data-wp-on--pointerleave=\"actions.cancelPreload\" data-wp-on-window--resize=\"callbacks.setButtonStyles\" data-id=\"18533\" src=\"https://i0.wp.com/wordpress.org/news/files/2025/02/20250220-DSC_1853.jpg?resize=1024%2C683&#038;ssl=1\" alt=\"\" class=\"wp-image-18533\" style=\"border-radius:2px\" srcset=\"https://i0.wp.com/wordpress.org/news/files/2025/02/20250220-DSC_1853-scaled.jpg?resize=1024%2C683&amp;ssl=1 1024w, https://i0.wp.com/wordpress.org/news/files/2025/02/20250220-DSC_1853-scaled.jpg?resize=300%2C200&amp;ssl=1 300w, https://i0.wp.com/wordpress.org/news/files/2025/02/20250220-DSC_1853-scaled.jpg?resize=768%2C512&amp;ssl=1 768w, https://i0.wp.com/wordpress.org/news/files/2025/02/20250220-DSC_1853-scaled.jpg?resize=1536%2C1024&amp;ssl=1 1536w, https://i0.wp.com/wordpress.org/news/files/2025/02/20250220-DSC_1853-scaled.jpg?resize=2048%2C1365&amp;ssl=1 2048w\" sizes=\"auto, (max-width: 1000px) 100vw, 1000px\" /><button\n			class=\"lightbox-trigger\"\n			type=\"button\"\n			aria-haspopup=\"dialog\"\n			data-wp-bind--aria-label=\"state.thisImage.triggerButtonAriaLabel\"\n			data-wp-init=\"callbacks.initTriggerButton\"\n			data-wp-on--click=\"actions.showLightbox\"\n			data-wp-style--right=\"state.thisImage.buttonRight\"\n			data-wp-style--top=\"state.thisImage.buttonTop\"\n		>\n			<svg xmlns=\"http://www.w3.org/2000/svg\" width=\"12\" height=\"12\" fill=\"none\" viewBox=\"0 0 12 12\">\n				<path fill=\"#fff\" d=\"M2 0a2 2 0 0 0-2 2v2h1.5V2a.5.5 0 0 1 .5-.5h2V0H2Zm2 10.5H2a.5.5 0 0 1-.5-.5V8H0v2a2 2 0 0 0 2 2h2v-1.5ZM8 12v-1.5h2a.5.5 0 0 0 .5-.5V8H12v2a2 2 0 0 1-2 2H8Zm2-12a2 2 0 0 1 2 2v2h-1.5V2a.5.5 0 0 0-.5-.5H8V0h2Z\" />\n			</svg>\n		</button></figure>\n\n\n\n<figure data-wp-context=\"{&quot;imageId&quot;:&quot;699f108ea4d09&quot;}\" data-wp-interactive=\"core/image\" data-wp-key=\"699f108ea4d09\" class=\"wp-block-image size-large has-custom-border wp-lightbox-container\"><img data-recalc-dims=\"1\" loading=\"lazy\" decoding=\"async\" width=\"1024\" height=\"684\" data-wp-class--hide=\"state.isContentHidden\" data-wp-class--show=\"state.isContentVisible\" data-wp-init=\"callbacks.setButtonStyles\" data-wp-on--click=\"actions.showLightbox\" data-wp-on--load=\"callbacks.setButtonStyles\" data-wp-on--pointerdown=\"actions.preloadImage\" data-wp-on--pointerenter=\"actions.preloadImageWithDelay\" data-wp-on--pointerleave=\"actions.cancelPreload\" data-wp-on-window--resize=\"callbacks.setButtonStyles\" data-id=\"18547\" src=\"https://i0.wp.com/wordpress.org/news/files/2025/02/20250221-T2S_5388.jpg?resize=1024%2C684&#038;ssl=1\" alt=\"\" class=\"wp-image-18547\" style=\"border-radius:2px\" srcset=\"https://i0.wp.com/wordpress.org/news/files/2025/02/20250221-T2S_5388-scaled.jpg?resize=1024%2C684&amp;ssl=1 1024w, https://i0.wp.com/wordpress.org/news/files/2025/02/20250221-T2S_5388-scaled.jpg?resize=300%2C200&amp;ssl=1 300w, https://i0.wp.com/wordpress.org/news/files/2025/02/20250221-T2S_5388-scaled.jpg?resize=768%2C513&amp;ssl=1 768w, https://i0.wp.com/wordpress.org/news/files/2025/02/20250221-T2S_5388-scaled.jpg?resize=1536%2C1025&amp;ssl=1 1536w, https://i0.wp.com/wordpress.org/news/files/2025/02/20250221-T2S_5388-scaled.jpg?resize=2048%2C1367&amp;ssl=1 2048w\" sizes=\"auto, (max-width: 1000px) 100vw, 1000px\" /><button\n			class=\"lightbox-trigger\"\n			type=\"button\"\n			aria-haspopup=\"dialog\"\n			data-wp-bind--aria-label=\"state.thisImage.triggerButtonAriaLabel\"\n			data-wp-init=\"callbacks.initTriggerButton\"\n			data-wp-on--click=\"actions.showLightbox\"\n			data-wp-style--right=\"state.thisImage.buttonRight\"\n			data-wp-style--top=\"state.thisImage.buttonTop\"\n		>\n			<svg xmlns=\"http://www.w3.org/2000/svg\" width=\"12\" height=\"12\" fill=\"none\" viewBox=\"0 0 12 12\">\n				<path fill=\"#fff\" d=\"M2 0a2 2 0 0 0-2 2v2h1.5V2a.5.5 0 0 1 .5-.5h2V0H2Zm2 10.5H2a.5.5 0 0 1-.5-.5V8H0v2a2 2 0 0 0 2 2h2v-1.5ZM8 12v-1.5h2a.5.5 0 0 0 .5-.5V8H12v2a2 2 0 0 1-2 2H8Zm2-12a2 2 0 0 1 2 2v2h-1.5V2a.5.5 0 0 0-.5-.5H8V0h2Z\" />\n			</svg>\n		</button></figure>\n\n\n\n<figure data-wp-context=\"{&quot;imageId&quot;:&quot;699f108ea552d&quot;}\" data-wp-interactive=\"core/image\" data-wp-key=\"699f108ea552d\" class=\"wp-block-image size-large has-custom-border wp-lightbox-container\"><img data-recalc-dims=\"1\" loading=\"lazy\" decoding=\"async\" width=\"1024\" height=\"683\" data-wp-class--hide=\"state.isContentHidden\" data-wp-class--show=\"state.isContentVisible\" data-wp-init=\"callbacks.setButtonStyles\" data-wp-on--click=\"actions.showLightbox\" data-wp-on--load=\"callbacks.setButtonStyles\" data-wp-on--pointerdown=\"actions.preloadImage\" data-wp-on--pointerenter=\"actions.preloadImageWithDelay\" data-wp-on--pointerleave=\"actions.cancelPreload\" data-wp-on-window--resize=\"callbacks.setButtonStyles\" data-id=\"18523\" src=\"https://i0.wp.com/wordpress.org/news/files/2025/02/20250220-DSC_1800.jpg?resize=1024%2C683&#038;ssl=1\" alt=\"\" class=\"wp-image-18523\" style=\"border-radius:2px\" srcset=\"https://i0.wp.com/wordpress.org/news/files/2025/02/20250220-DSC_1800-scaled.jpg?resize=1024%2C683&amp;ssl=1 1024w, https://i0.wp.com/wordpress.org/news/files/2025/02/20250220-DSC_1800-scaled.jpg?resize=300%2C200&amp;ssl=1 300w, https://i0.wp.com/wordpress.org/news/files/2025/02/20250220-DSC_1800-scaled.jpg?resize=768%2C512&amp;ssl=1 768w, https://i0.wp.com/wordpress.org/news/files/2025/02/20250220-DSC_1800-scaled.jpg?resize=1536%2C1024&amp;ssl=1 1536w, https://i0.wp.com/wordpress.org/news/files/2025/02/20250220-DSC_1800-scaled.jpg?resize=2048%2C1365&amp;ssl=1 2048w\" sizes=\"auto, (max-width: 1000px) 100vw, 1000px\" /><button\n			class=\"lightbox-trigger\"\n			type=\"button\"\n			aria-haspopup=\"dialog\"\n			data-wp-bind--aria-label=\"state.thisImage.triggerButtonAriaLabel\"\n			data-wp-init=\"callbacks.initTriggerButton\"\n			data-wp-on--click=\"actions.showLightbox\"\n			data-wp-style--right=\"state.thisImage.buttonRight\"\n			data-wp-style--top=\"state.thisImage.buttonTop\"\n		>\n			<svg xmlns=\"http://www.w3.org/2000/svg\" width=\"12\" height=\"12\" fill=\"none\" viewBox=\"0 0 12 12\">\n				<path fill=\"#fff\" d=\"M2 0a2 2 0 0 0-2 2v2h1.5V2a.5.5 0 0 1 .5-.5h2V0H2Zm2 10.5H2a.5.5 0 0 1-.5-.5V8H0v2a2 2 0 0 0 2 2h2v-1.5ZM8 12v-1.5h2a.5.5 0 0 0 .5-.5V8H12v2a2 2 0 0 1-2 2H8Zm2-12a2 2 0 0 1 2 2v2h-1.5V2a.5.5 0 0 0-.5-.5H8V0h2Z\" />\n			</svg>\n		</button></figure>\n\n\n\n<figure data-wp-context=\"{&quot;imageId&quot;:&quot;699f108ea5d6c&quot;}\" data-wp-interactive=\"core/image\" data-wp-key=\"699f108ea5d6c\" class=\"wp-block-image size-large has-custom-border wp-lightbox-container\"><img data-recalc-dims=\"1\" loading=\"lazy\" decoding=\"async\" width=\"1024\" height=\"683\" data-wp-class--hide=\"state.isContentHidden\" data-wp-class--show=\"state.isContentVisible\" data-wp-init=\"callbacks.setButtonStyles\" data-wp-on--click=\"actions.showLightbox\" data-wp-on--load=\"callbacks.setButtonStyles\" data-wp-on--pointerdown=\"actions.preloadImage\" data-wp-on--pointerenter=\"actions.preloadImageWithDelay\" data-wp-on--pointerleave=\"actions.cancelPreload\" data-wp-on-window--resize=\"callbacks.setButtonStyles\" data-id=\"18545\" src=\"https://i0.wp.com/wordpress.org/news/files/2025/02/20250221-250221_12-35-12_N7A00461_NExT.jpg?resize=1024%2C683&#038;ssl=1\" alt=\"\" class=\"wp-image-18545\" style=\"border-radius:2px\" srcset=\"https://i0.wp.com/wordpress.org/news/files/2025/02/20250221-250221_12-35-12_N7A00461_NExT-scaled.jpg?resize=1024%2C683&amp;ssl=1 1024w, https://i0.wp.com/wordpress.org/news/files/2025/02/20250221-250221_12-35-12_N7A00461_NExT-scaled.jpg?resize=300%2C200&amp;ssl=1 300w, https://i0.wp.com/wordpress.org/news/files/2025/02/20250221-250221_12-35-12_N7A00461_NExT-scaled.jpg?resize=768%2C512&amp;ssl=1 768w, https://i0.wp.com/wordpress.org/news/files/2025/02/20250221-250221_12-35-12_N7A00461_NExT-scaled.jpg?resize=1536%2C1024&amp;ssl=1 1536w, https://i0.wp.com/wordpress.org/news/files/2025/02/20250221-250221_12-35-12_N7A00461_NExT-scaled.jpg?resize=2048%2C1365&amp;ssl=1 2048w\" sizes=\"auto, (max-width: 1000px) 100vw, 1000px\" /><button\n			class=\"lightbox-trigger\"\n			type=\"button\"\n			aria-haspopup=\"dialog\"\n			data-wp-bind--aria-label=\"state.thisImage.triggerButtonAriaLabel\"\n			data-wp-init=\"callbacks.initTriggerButton\"\n			data-wp-on--click=\"actions.showLightbox\"\n			data-wp-style--right=\"state.thisImage.buttonRight\"\n			data-wp-style--top=\"state.thisImage.buttonTop\"\n		>\n			<svg xmlns=\"http://www.w3.org/2000/svg\" width=\"12\" height=\"12\" fill=\"none\" viewBox=\"0 0 12 12\">\n				<path fill=\"#fff\" d=\"M2 0a2 2 0 0 0-2 2v2h1.5V2a.5.5 0 0 1 .5-.5h2V0H2Zm2 10.5H2a.5.5 0 0 1-.5-.5V8H0v2a2 2 0 0 0 2 2h2v-1.5ZM8 12v-1.5h2a.5.5 0 0 0 .5-.5V8H12v2a2 2 0 0 1-2 2H8Zm2-12a2 2 0 0 1 2 2v2h-1.5V2a.5.5 0 0 0-.5-.5H8V0h2Z\" />\n			</svg>\n		</button></figure>\n\n\n\n<figure data-wp-context=\"{&quot;imageId&quot;:&quot;699f108ea656d&quot;}\" data-wp-interactive=\"core/image\" data-wp-key=\"699f108ea656d\" class=\"wp-block-image size-large has-custom-border wp-lightbox-container\"><img data-recalc-dims=\"1\" loading=\"lazy\" decoding=\"async\" width=\"1024\" height=\"683\" data-wp-class--hide=\"state.isContentHidden\" data-wp-class--show=\"state.isContentVisible\" data-wp-init=\"callbacks.setButtonStyles\" data-wp-on--click=\"actions.showLightbox\" data-wp-on--load=\"callbacks.setButtonStyles\" data-wp-on--pointerdown=\"actions.preloadImage\" data-wp-on--pointerenter=\"actions.preloadImageWithDelay\" data-wp-on--pointerleave=\"actions.cancelPreload\" data-wp-on-window--resize=\"callbacks.setButtonStyles\" data-id=\"18543\" src=\"https://i0.wp.com/wordpress.org/news/files/2025/02/20250221-DSC_2549.jpg?resize=1024%2C683&#038;ssl=1\" alt=\"\" class=\"wp-image-18543\" style=\"border-radius:2px\" srcset=\"https://i0.wp.com/wordpress.org/news/files/2025/02/20250221-DSC_2549-scaled.jpg?resize=1024%2C683&amp;ssl=1 1024w, https://i0.wp.com/wordpress.org/news/files/2025/02/20250221-DSC_2549-scaled.jpg?resize=300%2C200&amp;ssl=1 300w, https://i0.wp.com/wordpress.org/news/files/2025/02/20250221-DSC_2549-scaled.jpg?resize=768%2C512&amp;ssl=1 768w, https://i0.wp.com/wordpress.org/news/files/2025/02/20250221-DSC_2549-scaled.jpg?resize=1536%2C1024&amp;ssl=1 1536w, https://i0.wp.com/wordpress.org/news/files/2025/02/20250221-DSC_2549-scaled.jpg?resize=2048%2C1365&amp;ssl=1 2048w\" sizes=\"auto, (max-width: 1000px) 100vw, 1000px\" /><button\n			class=\"lightbox-trigger\"\n			type=\"button\"\n			aria-haspopup=\"dialog\"\n			data-wp-bind--aria-label=\"state.thisImage.triggerButtonAriaLabel\"\n			data-wp-init=\"callbacks.initTriggerButton\"\n			data-wp-on--click=\"actions.showLightbox\"\n			data-wp-style--right=\"state.thisImage.buttonRight\"\n			data-wp-style--top=\"state.thisImage.buttonTop\"\n		>\n			<svg xmlns=\"http://www.w3.org/2000/svg\" width=\"12\" height=\"12\" fill=\"none\" viewBox=\"0 0 12 12\">\n				<path fill=\"#fff\" d=\"M2 0a2 2 0 0 0-2 2v2h1.5V2a.5.5 0 0 1 .5-.5h2V0H2Zm2 10.5H2a.5.5 0 0 1-.5-.5V8H0v2a2 2 0 0 0 2 2h2v-1.5ZM8 12v-1.5h2a.5.5 0 0 0 .5-.5V8H12v2a2 2 0 0 1-2 2H8Zm2-12a2 2 0 0 1 2 2v2h-1.5V2a.5.5 0 0 0-.5-.5H8V0h2Z\" />\n			</svg>\n		</button></figure>\n\n\n\n<figure data-wp-context=\"{&quot;imageId&quot;:&quot;699f108ea6d85&quot;}\" data-wp-interactive=\"core/image\" data-wp-key=\"699f108ea6d85\" class=\"wp-block-image size-large has-custom-border wp-lightbox-container\"><img data-recalc-dims=\"1\" loading=\"lazy\" decoding=\"async\" width=\"1024\" height=\"684\" data-wp-class--hide=\"state.isContentHidden\" data-wp-class--show=\"state.isContentVisible\" data-wp-init=\"callbacks.setButtonStyles\" data-wp-on--click=\"actions.showLightbox\" data-wp-on--load=\"callbacks.setButtonStyles\" data-wp-on--pointerdown=\"actions.preloadImage\" data-wp-on--pointerenter=\"actions.preloadImageWithDelay\" data-wp-on--pointerleave=\"actions.cancelPreload\" data-wp-on-window--resize=\"callbacks.setButtonStyles\" data-id=\"18546\" src=\"https://i0.wp.com/wordpress.org/news/files/2025/02/20250221-IMG_3709.jpg?resize=1024%2C684&#038;ssl=1\" alt=\"\" class=\"wp-image-18546\" style=\"border-radius:2px\" srcset=\"https://i0.wp.com/wordpress.org/news/files/2025/02/20250221-IMG_3709-scaled.jpg?resize=1024%2C684&amp;ssl=1 1024w, https://i0.wp.com/wordpress.org/news/files/2025/02/20250221-IMG_3709-scaled.jpg?resize=300%2C200&amp;ssl=1 300w, https://i0.wp.com/wordpress.org/news/files/2025/02/20250221-IMG_3709-scaled.jpg?resize=768%2C513&amp;ssl=1 768w, https://i0.wp.com/wordpress.org/news/files/2025/02/20250221-IMG_3709-scaled.jpg?resize=1536%2C1025&amp;ssl=1 1536w, https://i0.wp.com/wordpress.org/news/files/2025/02/20250221-IMG_3709-scaled.jpg?resize=2048%2C1367&amp;ssl=1 2048w\" sizes=\"auto, (max-width: 1000px) 100vw, 1000px\" /><button\n			class=\"lightbox-trigger\"\n			type=\"button\"\n			aria-haspopup=\"dialog\"\n			data-wp-bind--aria-label=\"state.thisImage.triggerButtonAriaLabel\"\n			data-wp-init=\"callbacks.initTriggerButton\"\n			data-wp-on--click=\"actions.showLightbox\"\n			data-wp-style--right=\"state.thisImage.buttonRight\"\n			data-wp-style--top=\"state.thisImage.buttonTop\"\n		>\n			<svg xmlns=\"http://www.w3.org/2000/svg\" width=\"12\" height=\"12\" fill=\"none\" viewBox=\"0 0 12 12\">\n				<path fill=\"#fff\" d=\"M2 0a2 2 0 0 0-2 2v2h1.5V2a.5.5 0 0 1 .5-.5h2V0H2Zm2 10.5H2a.5.5 0 0 1-.5-.5V8H0v2a2 2 0 0 0 2 2h2v-1.5ZM8 12v-1.5h2a.5.5 0 0 0 .5-.5V8H12v2a2 2 0 0 1-2 2H8Zm2-12a2 2 0 0 1 2 2v2h-1.5V2a.5.5 0 0 0-.5-.5H8V0h2Z\" />\n			</svg>\n		</button></figure>\n</figure>\n\n\n\n<p class=\"wp-block-paragraph\">WordCamp Asia 2026 is more than an event—it’s a moment to come together, reflect on where we are, and help shape what comes next. Whether you’re attending for the first time, returning for another year, or supporting the event as a sponsor, your involvement helps strengthen the WordPress ecosystem and the global community behind it.</p>\n\n\n\n<p class=\"wp-block-paragraph\">We’ll see you in Mumbai.</p>\n\";s:7:\"attribs\";a:0:{}s:8:\"xml_base\";s:0:\"\";s:17:\"xml_base_explicit\";b:0;s:8:\"xml_lang\";s:0:\"\";}}}s:30:\"com-wordpress:feed-additions:1\";a:1:{s:7:\"post-id\";a:1:{i:0;a:5:{s:4:\"data\";s:5:\"19738\";s:7:\"attribs\";a:0:{}s:8:\"xml_base\";s:0:\"\";s:17:\"xml_base_explicit\";b:0;s:8:\"xml_lang\";s:0:\"\";}}}}}i:5;a:6:{s:4:\"data\";s:63:\"\n		\n		\n		\n		\n		\n				\n		\n		\n		\n\n					\n										\n					\n		\n		\n			\";s:7:\"attribs\";a:0:{}s:8:\"xml_base\";s:0:\"\";s:17:\"xml_base_explicit\";b:0;s:8:\"xml_lang\";s:0:\"\";s:5:\"child\";a:4:{s:0:\"\";a:6:{s:5:\"title\";a:1:{i:0;a:5:{s:4:\"data\";s:43:\"A New Home for WordPress Education Programs\";s:7:\"attribs\";a:0:{}s:8:\"xml_base\";s:0:\"\";s:17:\"xml_base_explicit\";b:0;s:8:\"xml_lang\";s:0:\"\";}}s:4:\"link\";a:1:{i:0;a:5:{s:4:\"data\";s:73:\"https://wordpress.org/news/2026/01/wordpress-education-programs-new-home/\";s:7:\"attribs\";a:0:{}s:8:\"xml_base\";s:0:\"\";s:17:\"xml_base_explicit\";b:0;s:8:\"xml_lang\";s:0:\"\";}}s:7:\"pubDate\";a:1:{i:0;a:5:{s:4:\"data\";s:31:\"Tue, 20 Jan 2026 17:14:55 +0000\";s:7:\"attribs\";a:0:{}s:8:\"xml_base\";s:0:\"\";s:17:\"xml_base_explicit\";b:0;s:8:\"xml_lang\";s:0:\"\";}}s:8:\"category\";a:3:{i:0;a:5:{s:4:\"data\";s:9:\"Community\";s:7:\"attribs\";a:0:{}s:8:\"xml_base\";s:0:\"\";s:17:\"xml_base_explicit\";b:0;s:8:\"xml_lang\";s:0:\"\";}i:1;a:5:{s:4:\"data\";s:7:\"Updates\";s:7:\"attribs\";a:0:{}s:8:\"xml_base\";s:0:\"\";s:17:\"xml_base_explicit\";b:0;s:8:\"xml_lang\";s:0:\"\";}i:2;a:5:{s:4:\"data\";s:9:\"Education\";s:7:\"attribs\";a:0:{}s:8:\"xml_base\";s:0:\"\";s:17:\"xml_base_explicit\";b:0;s:8:\"xml_lang\";s:0:\"\";}}s:4:\"guid\";a:1:{i:0;a:5:{s:4:\"data\";s:35:\"https://wordpress.org/news/?p=19636\";s:7:\"attribs\";a:1:{s:0:\"\";a:1:{s:11:\"isPermaLink\";s:5:\"false\";}}s:8:\"xml_base\";s:0:\"\";s:17:\"xml_base_explicit\";b:0;s:8:\"xml_lang\";s:0:\"\";}}s:11:\"description\";a:1:{i:0;a:5:{s:4:\"data\";s:392:\"Over the past few weeks, a new space has taken shape on WordPress.org for students who want to learn, build, and contribute. WordPress Education programs bring together initiatives that help students enter the WordPress ecosystem through clear, accessible entry points that lead to real-world practice. With hands-on initiatives and supportive communities, participants can grow new [&#8230;]\";s:7:\"attribs\";a:0:{}s:8:\"xml_base\";s:0:\"\";s:17:\"xml_base_explicit\";b:0;s:8:\"xml_lang\";s:0:\"\";}}}s:32:\"http://purl.org/dc/elements/1.1/\";a:1:{s:7:\"creator\";a:1:{i:0;a:5:{s:4:\"data\";s:14:\"Brett McSherry\";s:7:\"attribs\";a:0:{}s:8:\"xml_base\";s:0:\"\";s:17:\"xml_base_explicit\";b:0;s:8:\"xml_lang\";s:0:\"\";}}}s:40:\"http://purl.org/rss/1.0/modules/content/\";a:1:{s:7:\"encoded\";a:1:{i:0;a:5:{s:4:\"data\";s:17688:\"\n<p class=\"wp-block-paragraph\">Over the past few weeks, a new space has taken shape on WordPress.org for students who want to learn, build, and contribute. <a href=\"https://wordpress.org/education/\">WordPress Education programs</a> bring together initiatives that help students enter the WordPress ecosystem through clear, accessible entry points that lead to real-world practice.</p>\n\n\n\n<p class=\"wp-block-paragraph\">With hands-on initiatives and supportive communities, participants can grow new skills and take their first steps as contributors. Across campuses and communities worldwide, learners publish real projects, build practical experience, and gain confidence as part of open source creation.</p>\n\n\n\n<figure class=\"wp-block-image size-large\"><img data-recalc-dims=\"1\" loading=\"lazy\" decoding=\"async\" width=\"1024\" height=\"683\" src=\"https://i0.wp.com/wordpress.org/news/files/2026/01/8467ac53c5cd33b1.95580622-scaled-2.jpg?resize=1024%2C683&#038;ssl=1\" alt=\"\" class=\"wp-image-19638\" srcset=\"https://i0.wp.com/wordpress.org/news/files/2026/01/8467ac53c5cd33b1.95580622-scaled-2-scaled.jpg?resize=1024%2C683&amp;ssl=1 1024w, https://i0.wp.com/wordpress.org/news/files/2026/01/8467ac53c5cd33b1.95580622-scaled-2-scaled.jpg?resize=300%2C200&amp;ssl=1 300w, https://i0.wp.com/wordpress.org/news/files/2026/01/8467ac53c5cd33b1.95580622-scaled-2-scaled.jpg?resize=768%2C512&amp;ssl=1 768w, https://i0.wp.com/wordpress.org/news/files/2026/01/8467ac53c5cd33b1.95580622-scaled-2-scaled.jpg?resize=1536%2C1024&amp;ssl=1 1536w, https://i0.wp.com/wordpress.org/news/files/2026/01/8467ac53c5cd33b1.95580622-scaled-2-scaled.jpg?resize=2048%2C1365&amp;ssl=1 2048w\" sizes=\"auto, (max-width: 1000px) 100vw, 1000px\" /><figcaption class=\"wp-element-caption\"><em><a href=\"https://creativecommons.org/publicdomain/zero/1.0/\">CC0</a> licensed <a href=\"https://wordpress.org/photos/photo/8467ac53c5/\">photo</a> by <a href=\"https://wordpress.org/photos/author/whyviru/\">Virendra Kumar Yadav</a> from the <a href=\"https://wordpress.org/photos/\">WordPress Photo Directory</a>.</em></figcaption></figure>\n\n\n\n<h2 class=\"wp-block-heading\">A clearer path into the WordPress ecosystem</h2>\n\n\n\n<p class=\"wp-block-paragraph\">WordPress Education is designed to help students turn knowledge into practice, discover their strengths, and understand how their contributions can make a real impact through three core programs: WordPress Campus Connect, WordPress Credits, and WordPress Student Clubs.</p>\n\n\n\n<p class=\"wp-block-paragraph\">Through hands-on campus events, such as WordPress Campus Connect, on-campus groups like WordPress Student Clubs, and a practice-based program called WordPress Credits, participants can gain practical experience, publish real-world projects, and build confidence as contributors to a global culture of open-source creation.</p>\n\n\n\n<p class=\"wp-block-paragraph\">At its heart, these WordPress education programs are about three simple ideas:</p>\n\n\n\n<p class=\"wp-block-paragraph\">Learn. Build. Connect.</p>\n\n\n\n<p class=\"wp-block-paragraph\">This update brings WordPress education programs together in one place, with an easy way to explore initiatives, understand how they work, and take the next step.</p>\n\n\n\n<p class=\"wp-block-paragraph\">You will find:</p>\n\n\n\n<ul class=\"wp-block-list\">\n<li>A home for WordPress Education programs and updates</li>\n\n\n\n<li>Clear “how to get involved” paths for students, educators, mentors, organizers, and sponsors</li>\n\n\n\n<li>Stories, highlights, and examples of real projects created through the programs</li>\n\n\n\n<li>Links to the Education Handbook for program guidelines and resources</li>\n</ul>\n\n\n\n<div class=\"wp-block-group has-off-white-2-background-color has-background is-layout-constrained wp-container-core-group-is-layout-2431c55b wp-block-group-is-layout-constrained\" style=\"padding-top:var(--wp--preset--spacing--edge-space);padding-right:var(--wp--preset--spacing--edge-space);padding-bottom:var(--wp--preset--spacing--edge-space);padding-left:var(--wp--preset--spacing--edge-space)\">\n<p class=\"has-text-align-center wp-block-paragraph\"><strong>Want to learn more about WordPress education opportunities?</strong></p>\n\n\n\n<div class=\"wp-block-buttons is-content-justification-center is-layout-flex wp-container-core-buttons-is-layout-3e41869c wp-block-buttons-is-layout-flex\">\n<div class=\"wp-block-button\"><a class=\"wp-block-button__link wp-element-button\" href=\"https://wordpress.org/education/\">Visit The Portal</a></div>\n</div>\n\n\n\n<p class=\"wp-block-paragraph\"><em><em>You can also view more information from the <a href=\"https://make.wordpress.org/community/handbook/education/\">WordPress Community Education Programs Handbook</a>. Learn how this serves as a central guide and resource for all community-driven educational initiatives.</em></em></p>\n</div>\n\n\n\n<div class=\"wp-block-columns is-layout-flex wp-container-core-columns-is-layout-7387b849 wp-block-columns-is-layout-flex\">\n<div class=\"wp-block-column is-layout-flow wp-block-column-is-layout-flow\">\n<h4 class=\"wp-block-heading has-text-align-left\">WordPress <br>Campus Connect</h4>\n\n\n\n<p class=\"wp-block-paragraph\">WordPress Campus Connect is a growing global learning initiative that brings hands-on WordPress learning directly to the students on their campus.</p>\n\n\n\n<p class=\"wp-block-paragraph\">The organizers can come from within educational institutions or from the local communities to help deliver WordPress programming and create the future stewards of WordPress.<br><br>Learn more: <a href=\"https://wordpress.org/education/campus-connect/\">https://wordpress.org/education/campus-connect/</a><br></p>\n</div>\n\n\n\n<div class=\"wp-block-column is-layout-flow wp-block-column-is-layout-flow\">\n<h4 class=\"wp-block-heading has-text-align-left\">WordPress <br>Credits</h4>\n\n\n\n<p class=\"wp-block-paragraph\">WordPress Credits is a contribution-based program by the WordPress Foundation that connects higher education students with the global WordPress community.</p>\n\n\n\n<p class=\"wp-block-paragraph\">Educational institutions partner with the WordPress Foundation to offer students credits toward their degrees for contributing 150 hours to the WordPress project.<br><br>Learn more: <a href=\"https://wordpress.org/education/credits/\">https://wordpress.org/education/credits/</a></p>\n</div>\n\n\n\n<div class=\"wp-block-column is-layout-flow wp-block-column-is-layout-flow\">\n<h4 class=\"wp-block-heading has-text-align-left\">WordPress <br>Student Clubs</h4>\n\n\n\n<p class=\"wp-block-paragraph\">WordPress Student Clubs empower students to build on-campus WordPress communities that keep learning going throughout the year.</p>\n\n\n\n<p class=\"wp-block-paragraph\">In the spirit of our local community meetups, these groups operate as on-campus equivalents, keeping students engaged and connected with their local WordPress communities.<br><br>Learn more: <a href=\"https://wordpress.org/education/student-clubs/\">https://wordpress.org/education/student-clubs/</a></p>\n</div>\n</div>\n\n\n\n<h2 class=\"wp-block-heading\">Support This Growing Movement</h2>\n\n\n\n<p class=\"wp-block-paragraph\">Help spread the word, and let friends, students, and others know how they can contribute to this growing effort, including a widely expanding translation effort. WordPress Education has already been translated into 10 new languages. WordPress Education is powered by people who believe in open learning and the power of collaboration.</p>\n\n\n\n<p class=\"wp-block-paragraph\"></p>\n\n\n\n<div class=\"wp-block-jetpack-tiled-gallery aligncenter has-darker-grey-background-color has-background is-style-rectangular\" style=\"margin-top:0;margin-right:0;margin-bottom:0;margin-left:0;padding-top:0;padding-right:0;padding-bottom:0;padding-left:0\"><div class=\"\"><div class=\"tiled-gallery__gallery\"><div class=\"tiled-gallery__row\"><div class=\"tiled-gallery__col\" style=\"flex-basis:49.76204%\"><figure class=\"tiled-gallery__item\"><img decoding=\"async\" srcset=\"https://i0.wp.com/wordpress.org/news/files/2026/01/alumnos-tabajando-Campus-Connect-Catarroja-scaled-1.webp?strip=info&#038;w=600&#038;ssl=1 600w,https://i0.wp.com/wordpress.org/news/files/2026/01/alumnos-tabajando-Campus-Connect-Catarroja-scaled-1.webp?strip=info&#038;w=900&#038;ssl=1 900w,https://i0.wp.com/wordpress.org/news/files/2026/01/alumnos-tabajando-Campus-Connect-Catarroja-scaled-1.webp?strip=info&#038;w=1024&#038;ssl=1 1024w\" alt=\"\" data-height=\"683\" data-id=\"19641\" data-link=\"https://wordpress.org/news/?attachment_id=19641\" data-url=\"https://wordpress.org/news/files/2026/01/alumnos-tabajando-Campus-Connect-Catarroja-scaled-1.webp\" data-width=\"1024\" src=\"https://i0.wp.com/wordpress.org/news/files/2026/01/alumnos-tabajando-Campus-Connect-Catarroja-scaled-1.webp?ssl=1\" data-amp-layout=\"responsive\" /></figure><figure class=\"tiled-gallery__item\"><img decoding=\"async\" srcset=\"https://i0.wp.com/wordpress.org/news/files/2026/01/Campus-Connect-Catarroja-7-scaled-1.webp?strip=info&#038;w=600&#038;ssl=1 600w,https://i0.wp.com/wordpress.org/news/files/2026/01/Campus-Connect-Catarroja-7-scaled-1.webp?strip=info&#038;w=900&#038;ssl=1 900w,https://i0.wp.com/wordpress.org/news/files/2026/01/Campus-Connect-Catarroja-7-scaled-1.webp?strip=info&#038;w=1024&#038;ssl=1 1024w\" alt=\"\" data-height=\"683\" data-id=\"19643\" data-link=\"https://wordpress.org/news/?attachment_id=19643\" data-url=\"https://wordpress.org/news/files/2026/01/Campus-Connect-Catarroja-7-scaled-1.webp\" data-width=\"1024\" src=\"https://i0.wp.com/wordpress.org/news/files/2026/01/Campus-Connect-Catarroja-7-scaled-1.webp?ssl=1\" data-amp-layout=\"responsive\" /></figure></div><div class=\"tiled-gallery__col\" style=\"flex-basis:50.23796%\"><figure class=\"tiled-gallery__item\"><img decoding=\"async\" srcset=\"https://i0.wp.com/wordpress.org/news/files/2026/01/Campus-Connect-Catarroja-25-3-scaled-1-768x1024.webp?strip=info&#038;w=600&#038;ssl=1 600w,https://i0.wp.com/wordpress.org/news/files/2026/01/Campus-Connect-Catarroja-25-3-scaled-1-768x1024.webp?strip=info&#038;w=900&#038;ssl=1 900w,https://i0.wp.com/wordpress.org/news/files/2026/01/Campus-Connect-Catarroja-25-3-scaled-1-768x1024.webp?strip=info&#038;w=1152&#038;ssl=1 1152w\" alt=\"\" data-height=\"1536\" data-id=\"19646\" data-link=\"https://wordpress.org/news/?attachment_id=19646\" data-url=\"https://wordpress.org/news/files/2026/01/Campus-Connect-Catarroja-25-3-scaled-1-768x1024.webp\" data-width=\"1152\" src=\"https://i0.wp.com/wordpress.org/news/files/2026/01/Campus-Connect-Catarroja-25-3-scaled-1-768x1024.webp?ssl=1\" data-amp-layout=\"responsive\" /></figure></div></div><div class=\"tiled-gallery__row\"><div class=\"tiled-gallery__col\" style=\"flex-basis:46.88139%\"><figure class=\"tiled-gallery__item\"><img decoding=\"async\" srcset=\"https://i0.wp.com/wordpress.org/news/files/2026/01/9168ab66690a1aa4.23083692-1024x576.jpg?strip=info&#038;w=600&#038;ssl=1 600w,https://i0.wp.com/wordpress.org/news/files/2026/01/9168ab66690a1aa4.23083692-1024x576.jpg?strip=info&#038;w=900&#038;ssl=1 900w,https://i0.wp.com/wordpress.org/news/files/2026/01/9168ab66690a1aa4.23083692-1024x576.jpg?strip=info&#038;w=1200&#038;ssl=1 1200w,https://i0.wp.com/wordpress.org/news/files/2026/01/9168ab66690a1aa4.23083692-1024x576.jpg?strip=info&#038;w=1500&#038;ssl=1 1500w,https://i0.wp.com/wordpress.org/news/files/2026/01/9168ab66690a1aa4.23083692-1024x576.jpg?strip=info&#038;w=1800&#038;ssl=1 1800w,https://i0.wp.com/wordpress.org/news/files/2026/01/9168ab66690a1aa4.23083692-1024x576.jpg?strip=info&#038;w=2000&#038;ssl=1 2000w\" alt=\"\" data-height=\"1440\" data-id=\"19650\" data-link=\"https://wordpress.org/news/?attachment_id=19650\" data-url=\"https://wordpress.org/news/files/2026/01/9168ab66690a1aa4.23083692-1024x576.jpg\" data-width=\"2560\" src=\"https://i0.wp.com/wordpress.org/news/files/2026/01/9168ab66690a1aa4.23083692-1024x576.jpg?ssl=1\" data-amp-layout=\"responsive\" /></figure></div><div class=\"tiled-gallery__col\" style=\"flex-basis:53.11861%\"><figure class=\"tiled-gallery__item\"><img decoding=\"async\" srcset=\"https://i0.wp.com/wordpress.org/news/files/2026/01/Campus-Connect-Catarroja-25.webp?strip=info&#038;w=600&#038;ssl=1 600w,https://i0.wp.com/wordpress.org/news/files/2026/01/Campus-Connect-Catarroja-25.webp?strip=info&#038;w=900&#038;ssl=1 900w,https://i0.wp.com/wordpress.org/news/files/2026/01/Campus-Connect-Catarroja-25.webp?strip=info&#038;w=1024&#038;ssl=1 1024w\" alt=\"\" data-height=\"508\" data-id=\"19645\" data-link=\"https://wordpress.org/news/?attachment_id=19645\" data-url=\"https://wordpress.org/news/files/2026/01/Campus-Connect-Catarroja-25.webp\" data-width=\"1024\" src=\"https://i0.wp.com/wordpress.org/news/files/2026/01/Campus-Connect-Catarroja-25.webp?ssl=1\" data-amp-layout=\"responsive\" /></figure></div></div><div class=\"tiled-gallery__row\"><div class=\"tiled-gallery__col\" style=\"flex-basis:65.98093%\"><figure class=\"tiled-gallery__item\"><img decoding=\"async\" srcset=\"https://i0.wp.com/wordpress.org/news/files/2026/01/Patri-alumnos-Campus-Connect-Catarroja-25-scaled-1.webp?strip=info&#038;w=600&#038;ssl=1 600w,https://i0.wp.com/wordpress.org/news/files/2026/01/Patri-alumnos-Campus-Connect-Catarroja-25-scaled-1.webp?strip=info&#038;w=900&#038;ssl=1 900w,https://i0.wp.com/wordpress.org/news/files/2026/01/Patri-alumnos-Campus-Connect-Catarroja-25-scaled-1.webp?strip=info&#038;w=1024&#038;ssl=1 1024w\" alt=\"\" data-height=\"683\" data-id=\"19644\" data-link=\"https://wordpress.org/news/?attachment_id=19644\" data-url=\"https://wordpress.org/news/files/2026/01/Patri-alumnos-Campus-Connect-Catarroja-25-scaled-1.webp\" data-width=\"1024\" src=\"https://i0.wp.com/wordpress.org/news/files/2026/01/Patri-alumnos-Campus-Connect-Catarroja-25-scaled-1.webp?ssl=1\" data-amp-layout=\"responsive\" /></figure></div><div class=\"tiled-gallery__col\" style=\"flex-basis:34.01907%\"><figure class=\"tiled-gallery__item\"><img decoding=\"async\" srcset=\"https://i0.wp.com/wordpress.org/news/files/2026/01/WPCC-University-of-Brahmanbaria-1-scaled-1-1024x547.jpg?strip=info&#038;w=600&#038;ssl=1 600w,https://i0.wp.com/wordpress.org/news/files/2026/01/WPCC-University-of-Brahmanbaria-1-scaled-1-1024x547.jpg?strip=info&#038;w=900&#038;ssl=1 900w,https://i0.wp.com/wordpress.org/news/files/2026/01/WPCC-University-of-Brahmanbaria-1-scaled-1-1024x547.jpg?strip=info&#038;w=1200&#038;ssl=1 1200w,https://i0.wp.com/wordpress.org/news/files/2026/01/WPCC-University-of-Brahmanbaria-1-scaled-1-1024x547.jpg?strip=info&#038;w=1500&#038;ssl=1 1500w,https://i0.wp.com/wordpress.org/news/files/2026/01/WPCC-University-of-Brahmanbaria-1-scaled-1-1024x547.jpg?strip=info&#038;w=1800&#038;ssl=1 1800w,https://i0.wp.com/wordpress.org/news/files/2026/01/WPCC-University-of-Brahmanbaria-1-scaled-1-1024x547.jpg?strip=info&#038;w=2000&#038;ssl=1 2000w\" alt=\"\" data-height=\"1368\" data-id=\"19647\" data-link=\"https://wordpress.org/news/?attachment_id=19647\" data-url=\"https://wordpress.org/news/files/2026/01/WPCC-University-of-Brahmanbaria-1-scaled-1-1024x547.jpg\" data-width=\"2560\" src=\"https://i0.wp.com/wordpress.org/news/files/2026/01/WPCC-University-of-Brahmanbaria-1-scaled-1-1024x547.jpg?ssl=1\" data-amp-layout=\"responsive\" /></figure><figure class=\"tiled-gallery__item\"><img decoding=\"async\" srcset=\"https://i0.wp.com/wordpress.org/news/files/2026/01/WPCC-Zamboanga-1-scaled-1-1024x768.jpg?strip=info&#038;w=600&#038;ssl=1 600w,https://i0.wp.com/wordpress.org/news/files/2026/01/WPCC-Zamboanga-1-scaled-1-1024x768.jpg?strip=info&#038;w=900&#038;ssl=1 900w,https://i0.wp.com/wordpress.org/news/files/2026/01/WPCC-Zamboanga-1-scaled-1-1024x768.jpg?strip=info&#038;w=1200&#038;ssl=1 1200w,https://i0.wp.com/wordpress.org/news/files/2026/01/WPCC-Zamboanga-1-scaled-1-1024x768.jpg?strip=info&#038;w=1500&#038;ssl=1 1500w,https://i0.wp.com/wordpress.org/news/files/2026/01/WPCC-Zamboanga-1-scaled-1-1024x768.jpg?strip=info&#038;w=1800&#038;ssl=1 1800w,https://i0.wp.com/wordpress.org/news/files/2026/01/WPCC-Zamboanga-1-scaled-1-1024x768.jpg?strip=info&#038;w=2000&#038;ssl=1 2000w\" alt=\"\" data-height=\"1920\" data-id=\"19649\" data-link=\"https://wordpress.org/news/?attachment_id=19649\" data-url=\"https://wordpress.org/news/files/2026/01/WPCC-Zamboanga-1-scaled-1-1024x768.jpg\" data-width=\"2560\" src=\"https://i0.wp.com/wordpress.org/news/files/2026/01/WPCC-Zamboanga-1-scaled-1-1024x768.jpg?ssl=1\" data-amp-layout=\"responsive\" /></figure></div></div><div class=\"tiled-gallery__row\"><div class=\"tiled-gallery__col\" style=\"flex-basis:100.00000%\"><figure class=\"tiled-gallery__item\"><img decoding=\"async\" srcset=\"https://i0.wp.com/wordpress.org/news/files/2026/01/WPCreditsMentorsAtWCPISA2025-1-scaled-1-1024x683.jpg?strip=info&#038;w=600&#038;ssl=1 600w,https://i0.wp.com/wordpress.org/news/files/2026/01/WPCreditsMentorsAtWCPISA2025-1-scaled-1-1024x683.jpg?strip=info&#038;w=900&#038;ssl=1 900w,https://i0.wp.com/wordpress.org/news/files/2026/01/WPCreditsMentorsAtWCPISA2025-1-scaled-1-1024x683.jpg?strip=info&#038;w=1200&#038;ssl=1 1200w,https://i0.wp.com/wordpress.org/news/files/2026/01/WPCreditsMentorsAtWCPISA2025-1-scaled-1-1024x683.jpg?strip=info&#038;w=1500&#038;ssl=1 1500w,https://i0.wp.com/wordpress.org/news/files/2026/01/WPCreditsMentorsAtWCPISA2025-1-scaled-1-1024x683.jpg?strip=info&#038;w=1800&#038;ssl=1 1800w,https://i0.wp.com/wordpress.org/news/files/2026/01/WPCreditsMentorsAtWCPISA2025-1-scaled-1-1024x683.jpg?strip=info&#038;w=2000&#038;ssl=1 2000w\" alt=\"\" data-height=\"1707\" data-id=\"19648\" data-link=\"https://wordpress.org/news/?attachment_id=19648\" data-url=\"https://wordpress.org/news/files/2026/01/WPCreditsMentorsAtWCPISA2025-1-scaled-1-1024x683.jpg\" data-width=\"2560\" src=\"https://i0.wp.com/wordpress.org/news/files/2026/01/WPCreditsMentorsAtWCPISA2025-1-scaled-1-1024x683.jpg?ssl=1\" data-amp-layout=\"responsive\" /></figure></div></div></div></div></div>\n\";s:7:\"attribs\";a:0:{}s:8:\"xml_base\";s:0:\"\";s:17:\"xml_base_explicit\";b:0;s:8:\"xml_lang\";s:0:\"\";}}}s:30:\"com-wordpress:feed-additions:1\";a:1:{s:7:\"post-id\";a:1:{i:0;a:5:{s:4:\"data\";s:5:\"19636\";s:7:\"attribs\";a:0:{}s:8:\"xml_base\";s:0:\"\";s:17:\"xml_base_explicit\";b:0;s:8:\"xml_lang\";s:0:\"\";}}}}}i:6;a:6:{s:4:\"data\";s:57:\"\n		\n		\n		\n		\n		\n				\n		\n\n					\n										\n					\n		\n		\n			\";s:7:\"attribs\";a:0:{}s:8:\"xml_base\";s:0:\"\";s:17:\"xml_base_explicit\";b:0;s:8:\"xml_lang\";s:0:\"\";s:5:\"child\";a:4:{s:0:\"\";a:6:{s:5:\"title\";a:1:{i:0;a:5:{s:4:\"data\";s:58:\"WordPress Playground Brings Speed, Stability, and Momentum\";s:7:\"attribs\";a:0:{}s:8:\"xml_base\";s:0:\"\";s:17:\"xml_base_explicit\";b:0;s:8:\"xml_lang\";s:0:\"\";}}s:4:\"link\";a:1:{i:0;a:5:{s:4:\"data\";s:81:\"https://wordpress.org/news/2026/01/wordpress-playground-speed-stability-momentum/\";s:7:\"attribs\";a:0:{}s:8:\"xml_base\";s:0:\"\";s:17:\"xml_base_explicit\";b:0;s:8:\"xml_lang\";s:0:\"\";}}s:7:\"pubDate\";a:1:{i:0;a:5:{s:4:\"data\";s:31:\"Thu, 15 Jan 2026 16:53:33 +0000\";s:7:\"attribs\";a:0:{}s:8:\"xml_base\";s:0:\"\";s:17:\"xml_base_explicit\";b:0;s:8:\"xml_lang\";s:0:\"\";}}s:8:\"category\";a:1:{i:0;a:5:{s:4:\"data\";s:7:\"General\";s:7:\"attribs\";a:0:{}s:8:\"xml_base\";s:0:\"\";s:17:\"xml_base_explicit\";b:0;s:8:\"xml_lang\";s:0:\"\";}}s:4:\"guid\";a:1:{i:0;a:5:{s:4:\"data\";s:35:\"https://wordpress.org/news/?p=19673\";s:7:\"attribs\";a:1:{s:0:\"\";a:1:{s:11:\"isPermaLink\";s:5:\"false\";}}s:8:\"xml_base\";s:0:\"\";s:17:\"xml_base_explicit\";b:0;s:8:\"xml_lang\";s:0:\"\";}}s:11:\"description\";a:1:{i:0;a:5:{s:4:\"data\";s:399:\"WordPress Playground had a busy year in 2025, with updates that make it more capable for day-to-day development, plugin previews, and learning environments. The project’s latest year-in-review highlights progress across performance, compatibility, database support, and tooling, expanding what can be done in a WordPress environment that runs in the browser and through the command line. [&#8230;]\";s:7:\"attribs\";a:0:{}s:8:\"xml_base\";s:0:\"\";s:17:\"xml_base_explicit\";b:0;s:8:\"xml_lang\";s:0:\"\";}}}s:32:\"http://purl.org/dc/elements/1.1/\";a:1:{s:7:\"creator\";a:1:{i:0;a:5:{s:4:\"data\";s:14:\"Brett McSherry\";s:7:\"attribs\";a:0:{}s:8:\"xml_base\";s:0:\"\";s:17:\"xml_base_explicit\";b:0;s:8:\"xml_lang\";s:0:\"\";}}}s:40:\"http://purl.org/rss/1.0/modules/content/\";a:1:{s:7:\"encoded\";a:1:{i:0;a:5:{s:4:\"data\";s:12643:\"\n<p class=\"wp-block-paragraph\">WordPress Playground had a busy year in 2025, with updates that make it more capable for day-to-day development, plugin previews, and learning environments. The project’s latest year-in-review highlights progress across performance, compatibility, database support, and tooling, expanding what can be done in a WordPress environment that runs in the browser and through the command line.</p>\n\n\n\n<p class=\"wp-block-paragraph\">From faster load times to broader plugin support, the throughline is clear: Playground is moving beyond quick demos and into workflows that help developers and educators test, iterate, and share WordPress experiences more easily.</p>\n\n\n\n<div class=\"wp-block-buttons is-content-justification-center is-layout-flex wp-container-core-buttons-is-layout-b1f71d27 wp-block-buttons-is-layout-flex\" style=\"border-style:none;border-width:0px;border-top-left-radius:0px;border-top-right-radius:0px;border-bottom-left-radius:0px;border-bottom-right-radius:0px\">\n<div class=\"wp-block-button\"><a class=\"wp-block-button__link has-blue-5-background-color has-background wp-element-button\" href=\"https://wordpress.org/playground/\" style=\"border-top-left-radius:0px;border-top-right-radius:0px;border-bottom-left-radius:0px;border-bottom-right-radius:0px\">Try Playground Now</a></div>\n</div>\n\n\n\n<figure class=\"wp-block-image size-large\"><img data-recalc-dims=\"1\" loading=\"lazy\" decoding=\"async\" width=\"1024\" height=\"551\" src=\"https://i0.wp.com/wordpress.org/news/files/2026/01/Screenshot-2026-01-09-at-2.13.49-pm.png?resize=1024%2C551&#038;ssl=1\" alt=\"\" class=\"wp-image-19689\" srcset=\"https://i0.wp.com/wordpress.org/news/files/2026/01/Screenshot-2026-01-09-at-2.13.49-pm-scaled.png?resize=1024%2C551&amp;ssl=1 1024w, https://i0.wp.com/wordpress.org/news/files/2026/01/Screenshot-2026-01-09-at-2.13.49-pm-scaled.png?resize=300%2C161&amp;ssl=1 300w, https://i0.wp.com/wordpress.org/news/files/2026/01/Screenshot-2026-01-09-at-2.13.49-pm-scaled.png?resize=768%2C413&amp;ssl=1 768w, https://i0.wp.com/wordpress.org/news/files/2026/01/Screenshot-2026-01-09-at-2.13.49-pm-scaled.png?resize=1536%2C826&amp;ssl=1 1536w, https://i0.wp.com/wordpress.org/news/files/2026/01/Screenshot-2026-01-09-at-2.13.49-pm-scaled.png?resize=2048%2C1102&amp;ssl=1 2048w\" sizes=\"auto, (max-width: 1000px) 100vw, 1000px\" /></figure>\n\n\n\n<div style=\"height:30px\" aria-hidden=\"true\" class=\"wp-block-spacer\"></div>\n\n\n\n<div class=\"wp-block-group has-off-white-background-color has-background is-layout-constrained wp-container-core-group-is-layout-2033d2f1 wp-block-group-is-layout-constrained\" style=\"margin-top:0;margin-bottom:0;padding-top:var(--wp--preset--spacing--edge-space);padding-right:var(--wp--preset--spacing--edge-space);padding-bottom:var(--wp--preset--spacing--edge-space);padding-left:var(--wp--preset--spacing--edge-space)\">\n<p class=\"wp-block-paragraph\"><strong>Key Takeaways</strong></p>\n\n\n\n<div style=\"height:20px\" aria-hidden=\"true\" class=\"wp-block-spacer\"></div>\n\n\n\n<ul class=\"wp-block-list\">\n<li><strong>Plugin previews are more reliable: </strong>99% of the top 1,000 plugins can be installed and activated successfully, making demos and evaluations more trustworthy.</li>\n\n\n\n<li><strong>Everything is faster:</strong> A performance upgrade reduced average response time by 42%, and further optimizations improved overall “time to first useful click.”</li>\n\n\n\n<li><strong>Database tools work in browser:</strong> Improved database compatibility enabled tools like phpMyAdmin to be used directly on <a href=\"https://playground.wordpress.net\">playground.wordpress.net</a>.<br><strong>More practical tooling for real work:</strong> Testing configurations and previewing changes can happen in one place, without a complete local environment first.</li>\n\n\n\n<li><strong>New visual gallery of blueprints:</strong> A new <a href=\"https://wordpress.github.io/blueprints/\">visual gallery of blueprints</a> provides excellent starting points for various types of sites.</li>\n\n\n\n<li><strong>Global adoption:</strong> Playground was used 1.4 million times globally, with growing documentation translations and community contributions.</li>\n</ul>\n</div>\n\n\n\n<h2 class=\"wp-block-heading\">Reliable Plugin Previews and Experimentation</h2>\n\n\n\n<p class=\"wp-block-paragraph\">A headline update from 2025 is the focus on compatibility. In testing with the top 1,000 plugins from the WordPress plugin directory, 99% installed and activated successfully. That matters because it raises confidence in what Playground is best known for: letting people try things quickly, without a complex setup, and with fewer surprises.</p>\n\n\n\n<p class=\"wp-block-paragraph\">This highlighted that Playground is increasingly useful as a general-purpose PHP sandbox. Alongside WordPress, it can support standard PHP tools and projects, which makes it easier to explore how WordPress fits into broader development workflows and to share reproducible environments with others.</p>\n\n\n\n<p class=\"wp-block-paragraph\">If you try something new and unexpected in Playground, the update encourages you to share what you learn in the <a href=\"https://wordpress.slack.com/archives/playground\">#playground</a> Slack channel, so the community can build a clearer picture of what works well today and what is improving next.</p>\n\n\n\n<h2 class=\"wp-block-heading\">Faster Load Times</h2>\n\n\n\n<p class=\"wp-block-paragraph\">Speed was a central theme in 2025. A recent <a href=\"https://make.wordpress.org/playground/2025/12/03/wordpress-playground-2025-year-in-review/\">year-in-review report</a> revealed a 42% reduction in average response time, and this is not just a single change. A series of improvements make Playground feel quicker in the moments people notice most, such as loading WordPress, opening wp-admin, and switching between tasks.</p>\n\n\n\n<p class=\"wp-block-paragraph\">Several behind-the-scenes updates were described in plain terms as “less waiting”: checks happen earlier, parts of the experience load in a smarter order, and more content is reused from cache, so repeat actions are snappier.</p>\n\n\n\n<p class=\"wp-block-paragraph\">For people using Playground to review a plugin, validate a bug fix, or teach a class, these improvements mean the same thing: faster feedback loops, with fewer pauses that break concentration.</p>\n\n\n\n<h2 class=\"wp-block-heading\">Better Tooling and Compatibility</h2>\n\n\n\n<p class=\"wp-block-paragraph\">In 2025, Playground also became more “toolbox-like” in the browser. The update highlighted features that reduce context switching, such as editing files on the page, building and testing starter configurations (Blueprints) in a dedicated editor, and launching database tools such as phpMyAdmin and Adminer with a single click.</p>\n\n\n\n<p class=\"wp-block-paragraph\">On the database side, a significant compatibility upgrade was introduced to improve support for more complex database behavior. The practical outcome is that more WordPress sites and plugins behave as expected in Playground, and more developer tools can run inside the environment.</p>\n\n\n\n<p class=\"wp-block-paragraph\">Blueprints also advanced in ways that benefit both builders and sharers. The updates focus on making starter setups easier to create, browse, and reuse, especially when a demo requires content, media, or a specific configuration that should launch consistently.</p>\n\n\n\n<p class=\"wp-block-paragraph\">One of the clearest ways to see that progress is the <a href=\"https://wordpress.github.io/blueprints/\"><strong>WordPress Blueprints Gallery</strong></a>, a community library of ready-to-launch WordPress environments. From practical “building block” examples (such as starting with a specific login role) to demos that automatically install themes and plugins, to richer setups that generate posts and featured images via WP-CLI, the gallery demonstrates how quickly an idea can become a fully functional site that you can browse and share.</p>\n\n\n\n<p class=\"wp-block-paragraph\"><strong>Examples:</strong></p>\n\n\n\n<div class=\"wp-block-columns are-vertically-aligned-center has-dark-strokes-grey-background-color has-background is-layout-flex wp-container-core-columns-is-layout-7387b849 wp-block-columns-is-layout-flex\" style=\"border-width:12px\">\n<div class=\"wp-block-column is-vertically-aligned-center is-layout-flow wp-block-column-is-layout-flow\">\n<figure class=\"wp-block-image size-full\"><img data-recalc-dims=\"1\" loading=\"lazy\" decoding=\"async\" width=\"714\" height=\"828\" src=\"https://i0.wp.com/wordpress.org/news/files/2026/01/Screenshot-2026-01-09-at-2.51.02-pm.png?resize=714%2C828&#038;ssl=1\" alt=\"\" class=\"wp-image-19694\" srcset=\"https://i0.wp.com/wordpress.org/news/files/2026/01/Screenshot-2026-01-09-at-2.51.02-pm.png?w=714&amp;ssl=1 714w, https://i0.wp.com/wordpress.org/news/files/2026/01/Screenshot-2026-01-09-at-2.51.02-pm.png?resize=259%2C300&amp;ssl=1 259w\" sizes=\"auto, (max-width: 714px) 100vw, 714px\" /></figure>\n</div>\n\n\n\n<div class=\"wp-block-column is-vertically-aligned-center is-layout-flow wp-block-column-is-layout-flow\">\n<figure class=\"wp-block-image size-full\"><a href=\"https://playground.wordpress.net/?blueprint-url=https%3A%2F%2Fraw.githubusercontent.com%2Fwordpress%2Fblueprints%2Ftrunk%2Fblueprints%2Fstylish-press%2Fblueprint.json\"><img data-recalc-dims=\"1\" loading=\"lazy\" decoding=\"async\" width=\"714\" height=\"828\" src=\"https://i0.wp.com/wordpress.org/news/files/2026/01/Screenshot-2026-01-09-at-2.53.15-pm.png?resize=714%2C828&#038;ssl=1\" alt=\"\" class=\"wp-image-19698\" srcset=\"https://i0.wp.com/wordpress.org/news/files/2026/01/Screenshot-2026-01-09-at-2.53.15-pm.png?w=714&amp;ssl=1 714w, https://i0.wp.com/wordpress.org/news/files/2026/01/Screenshot-2026-01-09-at-2.53.15-pm.png?resize=259%2C300&amp;ssl=1 259w\" sizes=\"auto, (max-width: 714px) 100vw, 714px\" /></a></figure>\n</div>\n\n\n\n<div class=\"wp-block-column is-vertically-aligned-center is-layout-flow wp-block-column-is-layout-flow\">\n<figure class=\"wp-block-image size-full\"><a href=\"https://playground.wordpress.net/?blueprint-url=https%3A%2F%2Fraw.githubusercontent.com%2Fwordpress%2Fblueprints%2Ftrunk%2Fblueprints%2Forganization-kentwood%2Fblueprint.json\"><img data-recalc-dims=\"1\" loading=\"lazy\" decoding=\"async\" width=\"714\" height=\"826\" src=\"https://i0.wp.com/wordpress.org/news/files/2026/01/Screenshot-2026-01-09-at-3.05.37-pm.png?resize=714%2C826&#038;ssl=1\" alt=\"\" class=\"wp-image-19704\" srcset=\"https://i0.wp.com/wordpress.org/news/files/2026/01/Screenshot-2026-01-09-at-3.05.37-pm.png?w=714&amp;ssl=1 714w, https://i0.wp.com/wordpress.org/news/files/2026/01/Screenshot-2026-01-09-at-3.05.37-pm.png?resize=259%2C300&amp;ssl=1 259w\" sizes=\"auto, (max-width: 714px) 100vw, 714px\" /></a></figure>\n</div>\n</div>\n\n\n\n<p class=\"wp-block-paragraph\"><em>For anyone who wants to experience the power of WordPress without the setup, the gallery serves as a strong reminder of what Playground makes possible: shareable, repeatable site experiences that work the same way every time — ideal for demos, workshops, testing, and “try it now” links.&nbsp;</em></p>\n\n\n\n<p class=\"wp-block-paragraph\">Clear adoption signals back all of this. The review reports 1.4 million uses globally, documentation translations in multiple languages, and growing integration across the plugin directory through Playground-powered previews. It also points to a steady increase in community contribution, from documentation and support to talks and real-world workflows built on top of Playground.<br><br>A huge thank you to everyone who tried Playground over the past year,&nbsp; whether you launched a quick demo, tested a change, taught a workshop, or helped make the documentation more accessible in your language. And if there’s anything that would make Playground even more helpful for your day-to-day work, the project actively welcomes ideas and feature requests via the WordPress Playground GitHub issues tracker.</p>\n\n\n\n<h2 class=\"wp-block-heading\">Looking Ahead</h2>\n\n\n\n<p class=\"wp-block-paragraph\">As we closed out 2025 and now look forward to 2026, we can see several forward-looking initiatives, including work on MySQL binary protocol support (to enhance broader compatibility with MySQL tools) and continued exploration of debugging enhancements, such as expanded XDebug access.</p>\n\n\n\n<p class=\"wp-block-paragraph\">For anyone who last tried Playground as a quick demo environment, 2025’s updates suggested a shift in direction: Playground is increasingly positioned as a practical layer for testing, teaching, previewing, and reviewing WordPress, both in the browser and in local workflows.</p>\n\n\n\n<p class=\"wp-block-paragraph\"></p>\n\";s:7:\"attribs\";a:0:{}s:8:\"xml_base\";s:0:\"\";s:17:\"xml_base_explicit\";b:0;s:8:\"xml_lang\";s:0:\"\";}}}s:30:\"com-wordpress:feed-additions:1\";a:1:{s:7:\"post-id\";a:1:{i:0;a:5:{s:4:\"data\";s:5:\"19673\";s:7:\"attribs\";a:0:{}s:8:\"xml_base\";s:0:\"\";s:17:\"xml_base_explicit\";b:0;s:8:\"xml_lang\";s:0:\"\";}}}}}i:7;a:6:{s:4:\"data\";s:60:\"\n		\n		\n		\n		\n		\n				\n		\n		\n\n					\n										\n					\n		\n		\n			\";s:7:\"attribs\";a:0:{}s:8:\"xml_base\";s:0:\"\";s:17:\"xml_base_explicit\";b:0;s:8:\"xml_lang\";s:0:\"\";s:5:\"child\";a:4:{s:0:\"\";a:6:{s:5:\"title\";a:1:{i:0;a:5:{s:4:\"data\";s:40:\"2026 Global Partner Program Announcement\";s:7:\"attribs\";a:0:{}s:8:\"xml_base\";s:0:\"\";s:17:\"xml_base_explicit\";b:0;s:8:\"xml_lang\";s:0:\"\";}}s:4:\"link\";a:1:{i:0;a:5:{s:4:\"data\";s:63:\"https://wordpress.org/news/2025/12/2026-global-partner-program/\";s:7:\"attribs\";a:0:{}s:8:\"xml_base\";s:0:\"\";s:17:\"xml_base_explicit\";b:0;s:8:\"xml_lang\";s:0:\"\";}}s:7:\"pubDate\";a:1:{i:0;a:5:{s:4:\"data\";s:31:\"Wed, 10 Dec 2025 17:16:48 +0000\";s:7:\"attribs\";a:0:{}s:8:\"xml_base\";s:0:\"\";s:17:\"xml_base_explicit\";b:0;s:8:\"xml_lang\";s:0:\"\";}}s:8:\"category\";a:2:{i:0;a:5:{s:4:\"data\";s:9:\"Community\";s:7:\"attribs\";a:0:{}s:8:\"xml_base\";s:0:\"\";s:17:\"xml_base_explicit\";b:0;s:8:\"xml_lang\";s:0:\"\";}i:1;a:5:{s:4:\"data\";s:6:\"Events\";s:7:\"attribs\";a:0:{}s:8:\"xml_base\";s:0:\"\";s:17:\"xml_base_explicit\";b:0;s:8:\"xml_lang\";s:0:\"\";}}s:4:\"guid\";a:1:{i:0;a:5:{s:4:\"data\";s:35:\"https://wordpress.org/news/?p=19534\";s:7:\"attribs\";a:1:{s:0:\"\";a:1:{s:11:\"isPermaLink\";s:5:\"false\";}}s:8:\"xml_base\";s:0:\"\";s:17:\"xml_base_explicit\";b:0;s:8:\"xml_lang\";s:0:\"\";}}s:11:\"description\";a:1:{i:0;a:5:{s:4:\"data\";s:412:\"Become a driving force behind WordPress innovation by joining the Global Community Sponsorship Program: a comprehensive initiative that supports the events and people powering our open source mission. As a Global Sponsor, your organization gains meaningful visibility across the international WordPress ecosystem while helping to fund events that foster growth, collaboration, and community. Why Choose [&#8230;]\";s:7:\"attribs\";a:0:{}s:8:\"xml_base\";s:0:\"\";s:17:\"xml_base_explicit\";b:0;s:8:\"xml_lang\";s:0:\"\";}}}s:32:\"http://purl.org/dc/elements/1.1/\";a:1:{s:7:\"creator\";a:1:{i:0;a:5:{s:4:\"data\";s:12:\"Harmony Romo\";s:7:\"attribs\";a:0:{}s:8:\"xml_base\";s:0:\"\";s:17:\"xml_base_explicit\";b:0;s:8:\"xml_lang\";s:0:\"\";}}}s:40:\"http://purl.org/rss/1.0/modules/content/\";a:1:{s:7:\"encoded\";a:1:{i:0;a:5:{s:4:\"data\";s:11677:\"\n<p class=\"wp-block-paragraph\">Become a driving force behind WordPress innovation by joining the Global Community Sponsorship Program: a comprehensive initiative that supports the events and people powering our open source mission. As a Global Sponsor, your organization gains meaningful visibility across the international WordPress ecosystem while helping to fund events that foster growth, collaboration, and community.</p>\n\n\n\n<figure class=\"wp-block-image size-large\"><img data-recalc-dims=\"1\" loading=\"lazy\" decoding=\"async\" width=\"1024\" height=\"576\" src=\"https://i0.wp.com/wordpress.org/news/files/2025/12/WordPress-Global-Partners-Program-2026-.jpg?resize=1024%2C576&#038;ssl=1\" alt=\"\" class=\"wp-image-19617\" srcset=\"https://i0.wp.com/wordpress.org/news/files/2025/12/WordPress-Global-Partners-Program-2026-.jpg?resize=1024%2C576&amp;ssl=1 1024w, https://i0.wp.com/wordpress.org/news/files/2025/12/WordPress-Global-Partners-Program-2026-.jpg?resize=300%2C169&amp;ssl=1 300w, https://i0.wp.com/wordpress.org/news/files/2025/12/WordPress-Global-Partners-Program-2026-.jpg?resize=768%2C432&amp;ssl=1 768w, https://i0.wp.com/wordpress.org/news/files/2025/12/WordPress-Global-Partners-Program-2026-.jpg?resize=1536%2C864&amp;ssl=1 1536w, https://i0.wp.com/wordpress.org/news/files/2025/12/WordPress-Global-Partners-Program-2026-.jpg?w=1600&amp;ssl=1 1600w\" sizes=\"auto, (max-width: 1000px) 100vw, 1000px\" /></figure>\n\n\n\n<h2 class=\"wp-block-heading\">Why Choose Global Sponsorship?</h2>\n\n\n\n<p class=\"wp-block-paragraph\">Instead of managing multiple individual sponsorships, this streamlined program consolidates your efforts into one efficient and impactful partnership.</p>\n\n\n\n<h3 class=\"wp-block-heading\">Efficiency and Simplified Administration</h3>\n\n\n\n<p class=\"wp-block-paragraph\">Skip the complexity of coordinating invoice payments with numerous volunteer teams. Our centralized approach saves time and resources. In 2026, sponsors will benefit from:</p>\n\n\n\n<ul class=\"wp-block-list\">\n<li>A dedicated Slack channel for direct communication with the WordPress Community Support team and Community Program Managers</li>\n\n\n\n<li>Monthly updates listing upcoming WordPress events, their current planning stages, and scheduled dates</li>\n</ul>\n\n\n\n<h3 class=\"wp-block-heading\">Expanded Reach and Impact</h3>\n\n\n\n<p class=\"wp-block-paragraph\">Your sponsorship amplifies your presence worldwide, ensuring consistent visibility across global WordPress community events.</p>\n\n\n\n<h3 class=\"wp-block-heading\">Stability and Reliability</h3>\n\n\n\n<p class=\"wp-block-paragraph\">Your commitment strengthens locally organized events by providing predictable funding that supports venues, logistics, and growth.</p>\n\n\n\n<h3 class=\"wp-block-heading\">Flexible Branding Options</h3>\n\n\n\n<p class=\"wp-block-paragraph\">Adapt across your portfolio—Global Sponsors can represent different brands at different events (subject to approval and advance notice).</p>\n\n\n\n<h3 class=\"wp-block-heading\">Program Benefits</h3>\n\n\n\n<figure class=\"wp-block-table\"><table class=\"has-fixed-layout\"><tbody><tr><td class=\"has-text-align-left\" data-align=\"left\"></td><td class=\"has-text-align-center\" data-align=\"center\"><strong>Global&nbsp;Leader</strong></td><td class=\"has-text-align-center\" data-align=\"center\"><strong>Regional Powerhouse</strong></td><td class=\"has-text-align-center\" data-align=\"center\"><strong>Community Builder</strong></td></tr><tr><td class=\"has-text-align-left\" data-align=\"left\"><br><br><br><br><strong>Best for:<br></strong></td><td class=\"has-text-align-center\" data-align=\"center\">Established brands seeking global reach and year-round visibility.</td><td class=\"has-text-align-center\" data-align=\"center\">Companies aiming for regional dominance and strong brand recognition.</td><td class=\"has-text-align-center\" data-align=\"center\">Organizations supporting the next generation of WordPress education.</td></tr><tr><td class=\"has-text-align-left\" data-align=\"left\">Sponsorship payable in full or through quarterly installments</td><td class=\"has-text-align-center\" data-align=\"center\">$180,000</td><td class=\"has-text-align-center\" data-align=\"center\">$110,000</td><td class=\"has-text-align-center\" data-align=\"center\">$60,000</td></tr><tr><td class=\"has-text-align-left\" data-align=\"left\">Top tier sponsorship benefits at all local <a href=\"https://central.wordcamp.org/\">WordCamp</a> events (excludes flagships) with priority access to claim a sponsor table at in-person <a href=\"https://events.wordpress.org/\">WordPress events</a></td><td class=\"has-text-align-center\" data-align=\"center\"><img src=\"https://s.w.org/images/core/emoji/17.0.2/72x72/2714.png\" alt=\"✔\" class=\"wp-smiley\" style=\"height: 1em; max-height: 1em;\" /></td><td class=\"has-text-align-center\" data-align=\"center\"></td><td class=\"has-text-align-center\" data-align=\"center\"></td></tr><tr><td class=\"has-text-align-left\" data-align=\"left\">Option to feature multiple brands across events</td><td class=\"has-text-align-center\" data-align=\"center\"><img src=\"https://s.w.org/images/core/emoji/17.0.2/72x72/2714.png\" alt=\"✔\" class=\"wp-smiley\" style=\"height: 1em; max-height: 1em;\" /></td><td class=\"has-text-align-center\" data-align=\"center\"></td><td class=\"has-text-align-center\" data-align=\"center\"></td></tr><tr><td class=\"has-text-align-left\" data-align=\"left\">Dedicated sponsor landing page</td><td class=\"has-text-align-center\" data-align=\"center\"><img src=\"https://s.w.org/images/core/emoji/17.0.2/72x72/2714.png\" alt=\"✔\" class=\"wp-smiley\" style=\"height: 1em; max-height: 1em;\" /></td><td class=\"has-text-align-center\" data-align=\"center\"><img src=\"https://s.w.org/images/core/emoji/17.0.2/72x72/2714.png\" alt=\"✔\" class=\"wp-smiley\" style=\"height: 1em; max-height: 1em;\" /></td><td class=\"has-text-align-center\" data-align=\"center\"></td></tr><tr><td class=\"has-text-align-left\" data-align=\"left\">Complimentary WordPress event tickets for your team</td><td class=\"has-text-align-center\" data-align=\"center\"><img src=\"https://s.w.org/images/core/emoji/17.0.2/72x72/2714.png\" alt=\"✔\" class=\"wp-smiley\" style=\"height: 1em; max-height: 1em;\" /></td><td class=\"has-text-align-center\" data-align=\"center\"><img src=\"https://s.w.org/images/core/emoji/17.0.2/72x72/2714.png\" alt=\"✔\" class=\"wp-smiley\" style=\"height: 1em; max-height: 1em;\" /></td><td class=\"has-text-align-center\" data-align=\"center\"></td></tr><tr><td class=\"has-text-align-left\" data-align=\"left\">Recognition across all <a href=\"https://events.wordpress.org/\">WordPress events</a></td><td class=\"has-text-align-center\" data-align=\"center\"><img src=\"https://s.w.org/images/core/emoji/17.0.2/72x72/2714.png\" alt=\"✔\" class=\"wp-smiley\" style=\"height: 1em; max-height: 1em;\" /></td><td class=\"has-text-align-center\" data-align=\"center\"><img src=\"https://s.w.org/images/core/emoji/17.0.2/72x72/2714.png\" alt=\"✔\" class=\"wp-smiley\" style=\"height: 1em; max-height: 1em;\" /></td><td class=\"has-text-align-center\" data-align=\"center\"></td></tr><tr><td class=\"has-text-align-left\" data-align=\"left\">Sponsor Spotlight post on WordPress.org/news featuring highlights from recent <a href=\"https://central.wordcamp.org/\">WordCamps</a></td><td class=\"has-text-align-center\" data-align=\"center\">Quarterly</td><td class=\"has-text-align-center\" data-align=\"center\">Annually</td><td class=\"has-text-align-center\" data-align=\"center\"></td></tr><tr><td class=\"has-text-align-left\" data-align=\"left\">Inclusion of your company logo in signage and materials for <a href=\"https://events.wordpress.org/campusconnect/\">WordPress Campus Connect</a> events</td><td class=\"has-text-align-center\" data-align=\"center\">All signage &amp; materials for the year (digital and printed)</td><td class=\"has-text-align-center\" data-align=\"center\">Signage &amp; materials for 5 events per year (printed only)</td><td class=\"has-text-align-center\" data-align=\"center\">All signage &amp; materials for the year (digital and printed)</td></tr><tr><td class=\"has-text-align-left\" data-align=\"left\">Opportunity to be featured in an exclusive digital binder for <a href=\"https://events.wordpress.org/campusconnect/\">WordPress Campus Connect</a> event organizers</td><td class=\"has-text-align-center\" data-align=\"center\">Priority placement (logos &amp; text)</td><td class=\"has-text-align-center\" data-align=\"center\">Feature listing (text only)</td><td class=\"has-text-align-center\" data-align=\"center\">Feature listing (text only)</td></tr><tr><td class=\"has-text-align-left\" data-align=\"left\">Regular recognition in <a href=\"https://make.wordpress.org/community/2025/11/03/monthly-education-buzz-report-october-2025/\">monthly education buzz report</a></td><td class=\"has-text-align-center\" data-align=\"center\"></td><td class=\"has-text-align-center\" data-align=\"center\"></td><td class=\"has-text-align-center\" data-align=\"center\"><img src=\"https://s.w.org/images/core/emoji/17.0.2/72x72/2714.png\" alt=\"✔\" class=\"wp-smiley\" style=\"height: 1em; max-height: 1em;\" /></td></tr></tbody></table></figure>\n\n\n\n<h2 class=\"wp-block-heading\">How Sponsorship Funds Are Used</h2>\n\n\n\n<p class=\"wp-block-paragraph\">Global Sponsorship funds directly support:</p>\n\n\n\n<ul class=\"wp-block-list\">\n<li>Local WordPress events worldwide (venue rental, catering, A/V, and more)</li>\n\n\n\n<li>Meetup.com license fees for over 671 WordPress Meetup groups globally</li>\n\n\n\n<li>Administrative costs like insurance, banking, and annual financial audits that ensure transparent operations</li>\n</ul>\n\n\n\n<p class=\"wp-block-paragraph\">Your partnership helps sustain the community that powers more than 43% of the web. Together, we can keep the WordPress project thriving and expanding for years to come.</p>\n\n\n\n<div class=\"wp-block-group has-off-white-2-background-color has-background is-layout-constrained wp-container-core-group-is-layout-2431c55b wp-block-group-is-layout-constrained\" style=\"padding-top:var(--wp--preset--spacing--edge-space);padding-right:var(--wp--preset--spacing--edge-space);padding-bottom:var(--wp--preset--spacing--edge-space);padding-left:var(--wp--preset--spacing--edge-space)\">\n<p class=\"has-text-align-center wp-block-paragraph\"><strong><strong>If your company is interested in joining the Global Sponsorship program or you would like to know more, please reach out</strong></strong>.</p>\n\n\n\n<div class=\"wp-block-buttons is-content-justification-center is-layout-flex wp-container-core-buttons-is-layout-3e41869c wp-block-buttons-is-layout-flex\">\n<div class=\"wp-block-button\"><a class=\"wp-block-button__link wp-element-button\" href=\"mailto:support@wordcamp.org\">Contact WordPress Community Support</a></div>\n</div>\n\n\n\n<div style=\"height:25px\" aria-hidden=\"true\" class=\"wp-block-spacer\"></div>\n\n\n\n<p class=\"wp-block-paragraph\"><em>Please see&nbsp;<a href=\"https://make.wordpress.org/community/handbook/wordcamp-organizer/planning-details/fundraising/global-community-sponsorship-for-event-organizers/#rules-for-sponsor-materials\">Rules for Sponsor Materials</a>&nbsp;for more details about terms of sponsorship. Please also see our&nbsp;<a href=\"https://make.wordpress.org/community/files/2024/12/Draft-of-2025-WordPress-Global-Community-Sponsorship-Agreement-Template-Google-Docs.pdf\" target=\"_blank\" rel=\"noreferrer noopener\">sample sponsorship agreement</a>.</em></p>\n</div>\n\n\n\n<p class=\"wp-block-paragraph\">If you’d like to go one step further, please consider <a href=\"https://wordpressfoundation.org/donate/\">donating directly to the WordPress Foundation</a>. We operate lean—every dollar goes toward keeping WordPress free, supporting education, and funding the community that makes the web a better place. In short, your donation helps us keep the lights on and the mission alive.</p>\n\";s:7:\"attribs\";a:0:{}s:8:\"xml_base\";s:0:\"\";s:17:\"xml_base_explicit\";b:0;s:8:\"xml_lang\";s:0:\"\";}}}s:30:\"com-wordpress:feed-additions:1\";a:1:{s:7:\"post-id\";a:1:{i:0;a:5:{s:4:\"data\";s:5:\"19534\";s:7:\"attribs\";a:0:{}s:8:\"xml_base\";s:0:\"\";s:17:\"xml_base_explicit\";b:0;s:8:\"xml_lang\";s:0:\"\";}}}}}i:8;a:6:{s:4:\"data\";s:65:\"\n		\n		\n		\n		\n		\n				\n		\n		\n		\n\n					\n										\n					\n		\n		\n\n\n			\";s:7:\"attribs\";a:0:{}s:8:\"xml_base\";s:0:\"\";s:17:\"xml_base_explicit\";b:0;s:8:\"xml_lang\";s:0:\"\";s:5:\"child\";a:4:{s:0:\"\";a:7:{s:5:\"title\";a:1:{i:0;a:5:{s:4:\"data\";s:54:\"State of the Word 2025: Innovation Shaped by Community\";s:7:\"attribs\";a:0:{}s:8:\"xml_base\";s:0:\"\";s:17:\"xml_base_explicit\";b:0;s:8:\"xml_lang\";s:0:\"\";}}s:4:\"link\";a:1:{i:0;a:5:{s:4:\"data\";s:45:\"https://wordpress.org/news/2025/12/sotw-2025/\";s:7:\"attribs\";a:0:{}s:8:\"xml_base\";s:0:\"\";s:17:\"xml_base_explicit\";b:0;s:8:\"xml_lang\";s:0:\"\";}}s:7:\"pubDate\";a:1:{i:0;a:5:{s:4:\"data\";s:31:\"Wed, 03 Dec 2025 18:26:05 +0000\";s:7:\"attribs\";a:0:{}s:8:\"xml_base\";s:0:\"\";s:17:\"xml_base_explicit\";b:0;s:8:\"xml_lang\";s:0:\"\";}}s:8:\"category\";a:3:{i:0;a:5:{s:4:\"data\";s:9:\"Community\";s:7:\"attribs\";a:0:{}s:8:\"xml_base\";s:0:\"\";s:17:\"xml_base_explicit\";b:0;s:8:\"xml_lang\";s:0:\"\";}i:1;a:5:{s:4:\"data\";s:6:\"Events\";s:7:\"attribs\";a:0:{}s:8:\"xml_base\";s:0:\"\";s:17:\"xml_base_explicit\";b:0;s:8:\"xml_lang\";s:0:\"\";}i:2;a:5:{s:4:\"data\";s:17:\"state of the word\";s:7:\"attribs\";a:0:{}s:8:\"xml_base\";s:0:\"\";s:17:\"xml_base_explicit\";b:0;s:8:\"xml_lang\";s:0:\"\";}}s:4:\"guid\";a:1:{i:0;a:5:{s:4:\"data\";s:35:\"https://wordpress.org/news/?p=19447\";s:7:\"attribs\";a:1:{s:0:\"\";a:1:{s:11:\"isPermaLink\";s:5:\"false\";}}s:8:\"xml_base\";s:0:\"\";s:17:\"xml_base_explicit\";b:0;s:8:\"xml_lang\";s:0:\"\";}}s:11:\"description\";a:1:{i:0;a:5:{s:4:\"data\";s:354:\"State of the Word 2025 brought the WordPress community together for an afternoon that felt both reflective and forward-moving, blending stories of global growth with technical milestones and glimpses of the future. This year also marked the twentieth State of the Word since the first address in 2006, a milestone noted in the WordPress history [&#8230;]\";s:7:\"attribs\";a:0:{}s:8:\"xml_base\";s:0:\"\";s:17:\"xml_base_explicit\";b:0;s:8:\"xml_lang\";s:0:\"\";}}s:9:\"enclosure\";a:2:{i:0;a:5:{s:4:\"data\";s:0:\"\";s:7:\"attribs\";a:1:{s:0:\"\";a:3:{s:3:\"url\";s:59:\"https://wordpress.org/news/files/2025/12/Telex-demo-776.mp4\";s:6:\"length\";s:8:\"29136831\";s:4:\"type\";s:9:\"video/mp4\";}}s:8:\"xml_base\";s:0:\"\";s:17:\"xml_base_explicit\";b:0;s:8:\"xml_lang\";s:0:\"\";}i:1;a:5:{s:4:\"data\";s:0:\"\";s:7:\"attribs\";a:1:{s:0:\"\";a:3:{s:3:\"url\";s:53:\"https://wordpress.org/news/files/2025/12/wapu-513.mp4\";s:6:\"length\";s:9:\"102323371\";s:4:\"type\";s:9:\"video/mp4\";}}s:8:\"xml_base\";s:0:\"\";s:17:\"xml_base_explicit\";b:0;s:8:\"xml_lang\";s:0:\"\";}}}s:32:\"http://purl.org/dc/elements/1.1/\";a:1:{s:7:\"creator\";a:1:{i:0;a:5:{s:4:\"data\";s:17:\"Nicholas Garofalo\";s:7:\"attribs\";a:0:{}s:8:\"xml_base\";s:0:\"\";s:17:\"xml_base_explicit\";b:0;s:8:\"xml_lang\";s:0:\"\";}}}s:40:\"http://purl.org/rss/1.0/modules/content/\";a:1:{s:7:\"encoded\";a:1:{i:0;a:5:{s:4:\"data\";s:37924:\"\n<figure class=\"wp-block-embed is-type-video is-provider-youtube wp-block-embed-youtube wp-embed-aspect-16-9 wp-has-aspect-ratio\"><div class=\"wp-block-embed__wrapper\">\n<iframe loading=\"lazy\" title=\"State of the Word 2025\" width=\"500\" height=\"281\" src=\"https://www.youtube.com/embed/U_DF4-23C8Q?feature=oembed\" frameborder=\"0\" allow=\"accelerometer; autoplay; clipboard-write; encrypted-media; gyroscope; picture-in-picture; web-share\" referrerpolicy=\"strict-origin-when-cross-origin\" allowfullscreen></iframe>\n</div></figure>\n\n\n\n<p class=\"wp-block-paragraph\">State of the Word 2025 brought the WordPress community together for an afternoon that felt both reflective and forward-moving, blending stories of global growth with technical milestones and glimpses of the future. This year also marked the twentieth State of the Word since the first address in 2006, a milestone noted in the WordPress history book <a href=\"https://wordpress.org/book/2015/11/wordcamp-2006/\"><em>Milestones: The Story of WordPress</em></a> as the beginning of a tradition that has helped the project tell its own story.</p>\n\n\n\n<p class=\"wp-block-paragraph\">From the outset, the keynote carried a sense of momentum shaped by thousands of contributors, educators, students, and creators whose steady participation continues to define the open web. It was a reminder that WordPress is more than software. It is a community writing its future together.</p>\n\n\n\n<blockquote class=\"wp-block-quote is-layout-flow wp-block-quote-is-layout-flow\">\n<p class=\"wp-block-paragraph\">What we have is more than code. It’s momentum, it’s culture, and it’s a system that lets people learn by doing and lead by showing up.  — <a href=\"https://profiles.wordpress.org/4thhubbard/\">Mary Hubbard</a>, WordPress Executive Director</p>\n</blockquote>\n\n\n\n<p class=\"wp-block-paragraph\">Mary opened the evening by reflecting on her first full year as Executive Director, a year spent listening deeply and seeing firsthand how people across regions learn, contribute, and lead. Her remarks grounded the keynote in the lived reality of a community that grows because people invest in one another, teach openly, and build trust through contribution.</p>\n\n\n\n<blockquote class=\"wp-block-quote is-layout-flow wp-block-quote-is-layout-flow\">\n<p class=\"wp-block-paragraph\">I’ve met people using WordPress to unlock new careers. I’ve met contributors who started a single translation or forum post and are now leading major pieces of the project. In LatAm, Europe, and the States, I’ve seen students get access to WordPress tools and start building faster than we could have ever imagined. I’ve watched communities build in public, resolve disagreements in the open, and collaborate across languages and time zones.</p>\n</blockquote>\n\n\n\n<p class=\"wp-block-paragraph\">That reflection offered a clear reminder of what makes WordPress resilient through change: a culture of showing up, learning by doing, and supporting others along the way. The project moves forward because people choose to participate in ways both large and small, strengthening the foundation that has carried WordPress for more than two decades.</p>\n\n\n\n<p class=\"wp-block-paragraph\">With that foundation in place, the keynote moved through a series of stories and demonstrations that highlighted where WordPress stands today and where it is headed next — from a historic live release of WordPress 6.9 to expanding global education pathways, emerging AI capabilities, and deeper collaboration across the entire ecosystem.</p>\n\n\n\n<h2 class=\"wp-block-heading\">WordPress by the Numbers</h2>\n\n\n\n<p class=\"wp-block-paragraph\">Project Cofounder <a href=\"https://profiles.wordpress.org/matt/\">Matt Mullenweg</a> began with a wide-angle view of the project’s growth. WordPress powers over 43% of the web, with 60.5% of the CMS market. Shopify, its nearest competitor, holds 6.8%. Among the top 1,000 websites, WordPress’s share climbed to 49.4%, up 2.3% from the previous year.</p>\n\n\n\n<figure class=\"wp-block-image size-large\"><img data-recalc-dims=\"1\" loading=\"lazy\" decoding=\"async\" width=\"1024\" height=\"576\" src=\"https://i0.wp.com/wordpress.org/news/files/2025/12/State-of-the-Word-2025-43.jpg?resize=1024%2C576&#038;ssl=1\" alt=\"Globe graphic noting 43% of websites and 60.5% CMS market share\" class=\"wp-image-19500\" srcset=\"https://i0.wp.com/wordpress.org/news/files/2025/12/State-of-the-Word-2025-43-scaled.jpg?resize=1024%2C576&amp;ssl=1 1024w, https://i0.wp.com/wordpress.org/news/files/2025/12/State-of-the-Word-2025-43-scaled.jpg?resize=300%2C169&amp;ssl=1 300w, https://i0.wp.com/wordpress.org/news/files/2025/12/State-of-the-Word-2025-43-scaled.jpg?resize=768%2C432&amp;ssl=1 768w, https://i0.wp.com/wordpress.org/news/files/2025/12/State-of-the-Word-2025-43-scaled.jpg?resize=1536%2C864&amp;ssl=1 1536w, https://i0.wp.com/wordpress.org/news/files/2025/12/State-of-the-Word-2025-43-scaled.jpg?resize=2048%2C1152&amp;ssl=1 2048w\" sizes=\"auto, (max-width: 1000px) 100vw, 1000px\" /></figure>\n\n\n\n<p class=\"wp-block-paragraph\">Multilingual usage continued its strong rise. Over 56% of WordPress sites now run in languages other than English. Japan stood out, with WordPress powering 58.5% of all Japanese websites and 83% of the CMS market. Japanese became the second most-used language on WordPress at 5.82%. Spanish followed, then German, French, and Brazilian Portuguese.</p>\n\n\n\n<p class=\"wp-block-paragraph\">The plugin ecosystem saw explosive growth. The directory surpassed 60,000 plugins, and plugin downloads were on pace to reach 2.1 billion by year-end. Over 1,500 themes have been released this year as well.</p>\n\n\n\n<p class=\"wp-block-paragraph\">Contributors also hit new highs. The 6.8 release included 921 contributors, the largest group yet. WordPress 6.8 saw 79.5 million downloads, up 13%, and WordPress 6.9 included contributions from 230 first-time contributors and more than 340 enhancements and fixes.</p>\n\n\n\n<h2 class=\"wp-block-heading\">A Release Moment to Remember</h2>\n\n\n\n<p class=\"wp-block-paragraph\">This year’s keynote delivered something WordPress had never attempted before: a live on-stage release of <a href=\"https://wordpress.org/download/releases/6-9/\">WordPress 6.9</a>.</p>\n\n\n\n<figure class=\"wp-block-image size-large\"><img data-recalc-dims=\"1\" loading=\"lazy\" decoding=\"async\" width=\"1024\" height=\"576\" src=\"https://i0.wp.com/wordpress.org/news/files/2025/12/State-of-the-Word-2025-gene.jpg?resize=1024%2C576&#038;ssl=1\" alt=\"WordPress 6.9 Gene album cover art\" class=\"wp-image-19511\" srcset=\"https://i0.wp.com/wordpress.org/news/files/2025/12/State-of-the-Word-2025-gene-scaled.jpg?resize=1024%2C576&amp;ssl=1 1024w, https://i0.wp.com/wordpress.org/news/files/2025/12/State-of-the-Word-2025-gene-scaled.jpg?resize=300%2C169&amp;ssl=1 300w, https://i0.wp.com/wordpress.org/news/files/2025/12/State-of-the-Word-2025-gene-scaled.jpg?resize=768%2C432&amp;ssl=1 768w, https://i0.wp.com/wordpress.org/news/files/2025/12/State-of-the-Word-2025-gene-scaled.jpg?resize=1536%2C864&amp;ssl=1 1536w, https://i0.wp.com/wordpress.org/news/files/2025/12/State-of-the-Word-2025-gene-scaled.jpg?resize=2048%2C1152&amp;ssl=1 2048w\" sizes=\"auto, (max-width: 1000px) 100vw, 1000px\" /></figure>\n\n\n\n<p class=\"wp-block-paragraph\">Mary set the moment up earlier in the program, calling WordPress 6.9 “fast, polished, and built for collaboration.” She explained that it reflected a year of intentional iteration, improved workflows, and deeper cross-team participation.&nbsp;</p>\n\n\n\n<p class=\"wp-block-paragraph\">Matt took the stage with some of the release leads, the release button in hand. The room counted down, and then WordPress 6.9 shipped live, instantly updating millions of sites around the world. It was both a celebration and a testament to the reliability and trust the WordPress community has built into its release processes. Shipping a major version of WordPress in real time, on stage, without drama, is something the early contributors could hardly have imagined.</p>\n\n\n\n<figure class=\"wp-block-image size-large\"><img data-recalc-dims=\"1\" loading=\"lazy\" decoding=\"async\" width=\"1024\" height=\"576\" src=\"https://i0.wp.com/wordpress.org/news/files/2025/12/release-leads.jpg?resize=1024%2C576&#038;ssl=1\" alt=\"Photo of WordPress release leads pressing the button to release 6.9\" class=\"wp-image-19457\" srcset=\"https://i0.wp.com/wordpress.org/news/files/2025/12/release-leads-scaled.jpg?resize=1024%2C576&amp;ssl=1 1024w, https://i0.wp.com/wordpress.org/news/files/2025/12/release-leads-scaled.jpg?resize=300%2C169&amp;ssl=1 300w, https://i0.wp.com/wordpress.org/news/files/2025/12/release-leads-scaled.jpg?resize=768%2C432&amp;ssl=1 768w, https://i0.wp.com/wordpress.org/news/files/2025/12/release-leads-scaled.jpg?resize=1536%2C864&amp;ssl=1 1536w, https://i0.wp.com/wordpress.org/news/files/2025/12/release-leads-scaled.jpg?resize=2048%2C1152&amp;ssl=1 2048w\" sizes=\"auto, (max-width: 1000px) 100vw, 1000px\" /></figure>\n\n\n\n<p class=\"wp-block-paragraph\">That reflection connected back to WordPress’s origin story. Matt talked about discovering the <a href=\"https://en.wikipedia.org/wiki/WordPress#History\">B2</a> forums, asking questions, and eventually reaching the point where he could answer someone else’s. That transition from learner to contributor remains at the heart of the project today. Two decades later, WordPress has grown from those early interactions into a platform that can ship a major release in front of the world, powered by thousands of contributors building together.</p>\n\n\n\n<h2 class=\"wp-block-heading\">WordPress and the Future of AI</h2>\n\n\n\n<p class=\"wp-block-paragraph\">As the keynote shifted toward the future, Matt acknowledged what has become an essential truth of the moment: it would be impossible to talk about the next chapter of WordPress without talking about AI. He reminded the audience that in 2022, long before ChatGPT entered global conversation, he encouraged the community to “learn AI deeply.” The speed of change since then, he said, has exceeded every expectation, and WordPress has been preparing for it in ways both visible and behind the scenes.</p>\n\n\n\n<figure class=\"wp-block-image size-large\"><img data-recalc-dims=\"1\" loading=\"lazy\" decoding=\"async\" width=\"1024\" height=\"576\" src=\"https://i0.wp.com/wordpress.org/news/files/2025/12/State-of-the-Word-2025-AI.jpg?resize=1024%2C576&#038;ssl=1\" alt=\"Timeline of AI: 2022 ChatGPT launches, 2023 GPT-4 and Claude launches, 2024 Multimodel and video generation, 2025 AI everywhere\" class=\"wp-image-19510\" srcset=\"https://i0.wp.com/wordpress.org/news/files/2025/12/State-of-the-Word-2025-AI-scaled.jpg?resize=1024%2C576&amp;ssl=1 1024w, https://i0.wp.com/wordpress.org/news/files/2025/12/State-of-the-Word-2025-AI-scaled.jpg?resize=300%2C169&amp;ssl=1 300w, https://i0.wp.com/wordpress.org/news/files/2025/12/State-of-the-Word-2025-AI-scaled.jpg?resize=768%2C432&amp;ssl=1 768w, https://i0.wp.com/wordpress.org/news/files/2025/12/State-of-the-Word-2025-AI-scaled.jpg?resize=1536%2C864&amp;ssl=1 1536w, https://i0.wp.com/wordpress.org/news/files/2025/12/State-of-the-Word-2025-AI-scaled.jpg?resize=2048%2C1152&amp;ssl=1 2048w\" sizes=\"auto, (max-width: 1000px) 100vw, 1000px\" /></figure>\n\n\n\n<p class=\"wp-block-paragraph\">Matt introduced one of the most important architectural developments of the year: the Abilities API and the MCP adapter. The Abilities API defines what WordPress can do in a structured way that AI systems can interpret, while the MCP adapter exposes those abilities through a shared protocol. This means AI agents — whether built by individuals, companies, or larger platforms — can understand and interact with WordPress safely and predictably. Instead of relying on one-off integrations or brittle interfaces, WordPress now participates in a broader ecosystem of tools that can query its capabilities and perform tasks using a standard, governed approach.</p>\n\n\n\n<p class=\"wp-block-paragraph\">Matt then highlighted how developers are already using AI in their everyday work through tools like Cursor, Claude Code, and next-generation CLIs. These tools can explore entire codebases, generate documentation, produce tests, refactor large components, and even coordinate sequences of WP-CLI commands. For many developers, they expand what a single person can accomplish in an afternoon. They don’t eliminate the need for human judgment — they amplify it.</p>\n\n\n\n<p class=\"wp-block-paragraph\">With that foundation laid, Matt turned the audience’s attention to <a href=\"https://telex.automattic.ai/\">Telex</a>, the experimental environment designed to turn natural-language prompts into Gutenberg Blocks. Telex has already moved beyond experimentation and into real use. Matt showed examples from community creator Nick Hamze, who uses Telex to power micro-business tools that represent practical, revenue-generating workflows that previously required custom engineering.</p>\n\n\n\n<figure class=\"wp-block-video\"><video height=\"2160\" style=\"aspect-ratio: 3840 / 2160;\" width=\"3840\" controls src=\"https://wordpress.org/news/files/2025/12/Telex-demo-776.mp4\"></video></figure>\n\n\n\n<p class=\"wp-block-paragraph\">Matt then widened the lens to show what companies across the ecosystem are building with AI. Hostinger’s Kodee can generate a complete WordPress site from a single description. Elementor AI demonstrated similarly rapid creation inside its own editor, producing full sections and layouts in seconds. WordPress.com showcased how its AI tools help users draft, rewrite, and refine content while keeping language aligned with the site’s voice. Yoast demonstrated how AI can support SEO workflows by generating structured suggestions and improving readability. Together, these examples illustrated that AI is not arriving in one place — it is arriving everywhere.</p>\n\n\n\n<p class=\"wp-block-paragraph\">Experimental browsers can navigate WP Admin autonomously, performing tasks such as clicking buttons, opening menus, changing settings, and performing multi-step tasks without requiring any custom plugins or APIs. This raised a key question that Matt encouraged the community to consider: Which AI capabilities should live inside WordPress itself, and which should remain external, operating through the browser or operating system?</p>\n\n\n\n<p class=\"wp-block-paragraph\">Matt closed the section by discussing WordPress-specific AI benchmarks and evaluation suites. These shared tests will measure how well AI systems understand and execute WordPress tasks, from enabling plugins to navigating WP Admin to modifying content and settings. The goal is to create a foundation where future AI tools behave predictably and responsibly across the entire ecosystem, giving creators confidence that intelligent tools understand the platform deeply.</p>\n\n\n\n<h2 class=\"wp-block-heading\">A Global Community Growing Together</h2>\n\n\n\n<p class=\"wp-block-paragraph\">Mary then returned to the stage to celebrate the ecosystem that supports WordPress&#8217;s growth. Across continents, diverse groups of people have hosted WordPress events, training new contributors and welcoming newcomers into the project. WordCamp growth in 2025 reflected that: more than 81 WordCamps across 39 countries, powered by over 5,000 volunteers and attended by nearly 100,000 people, with sixteen more events still underway.</p>\n\n\n\n<figure class=\"wp-block-image size-large\"><img data-recalc-dims=\"1\" loading=\"lazy\" decoding=\"async\" width=\"1024\" height=\"576\" src=\"https://i0.wp.com/wordpress.org/news/files/2025/12/State-of-the-Word-2025-wordcamps.jpg?resize=1024%2C576&#038;ssl=1\" alt=\"\" class=\"wp-image-19503\" srcset=\"https://i0.wp.com/wordpress.org/news/files/2025/12/State-of-the-Word-2025-wordcamps-scaled.jpg?resize=1024%2C576&amp;ssl=1 1024w, https://i0.wp.com/wordpress.org/news/files/2025/12/State-of-the-Word-2025-wordcamps-scaled.jpg?resize=300%2C169&amp;ssl=1 300w, https://i0.wp.com/wordpress.org/news/files/2025/12/State-of-the-Word-2025-wordcamps-scaled.jpg?resize=768%2C432&amp;ssl=1 768w, https://i0.wp.com/wordpress.org/news/files/2025/12/State-of-the-Word-2025-wordcamps-scaled.jpg?resize=1536%2C864&amp;ssl=1 1536w, https://i0.wp.com/wordpress.org/news/files/2025/12/State-of-the-Word-2025-wordcamps-scaled.jpg?resize=2048%2C1152&amp;ssl=1 2048w\" sizes=\"auto, (max-width: 1000px) 100vw, 1000px\" /></figure>\n\n\n\n<p class=\"wp-block-paragraph\">Education played a major role in this community expansion. Learn.WordPress.org served over 1.5 million learners this year, with clearer pathways into more structured programs like <a href=\"https://wordpress.org/education/campus-connect/\">Campus Connect</a> and <a href=\"https://wordpress.org/education/credits/\">WordPress Credits</a>. This bridging was deliberate. Many learners arrive through tutorials or workshops but need clearer guidance on how to deepen their skills. By reshaping navigation and improving wayfinding across WordPress.org, the project began closing that gap.</p>\n\n\n\n<p class=\"wp-block-paragraph\">She spotlighted <a href=\"https://make.wordpress.org/community/2025/09/29/wordpress-and-higher-education-an-alliance-that-transforms/\">Costa Rica’s Universidad Fidélitas</a>, where WordPress moved beyond extracurricular interest into formal academic integration. Long before signing an agreement with the WordPress Foundation, their students were hosting WordCamp San José, forming student clubs, and treating WordPress as a crucial part of digital literacy and professional development.</p>\n\n\n\n<figure class=\"wp-block-image size-large\"><img data-recalc-dims=\"1\" loading=\"lazy\" decoding=\"async\" width=\"1024\" height=\"576\" src=\"https://i0.wp.com/wordpress.org/news/files/2025/12/State-of-the-Word-2025-photo.jpg?resize=1024%2C576&#038;ssl=1\" alt=\"\" class=\"wp-image-19505\" srcset=\"https://i0.wp.com/wordpress.org/news/files/2025/12/State-of-the-Word-2025-photo-scaled.jpg?resize=1024%2C576&amp;ssl=1 1024w, https://i0.wp.com/wordpress.org/news/files/2025/12/State-of-the-Word-2025-photo-scaled.jpg?resize=300%2C169&amp;ssl=1 300w, https://i0.wp.com/wordpress.org/news/files/2025/12/State-of-the-Word-2025-photo-scaled.jpg?resize=768%2C432&amp;ssl=1 768w, https://i0.wp.com/wordpress.org/news/files/2025/12/State-of-the-Word-2025-photo-scaled.jpg?resize=1536%2C864&amp;ssl=1 1536w, https://i0.wp.com/wordpress.org/news/files/2025/12/State-of-the-Word-2025-photo-scaled.jpg?resize=2048%2C1152&amp;ssl=1 2048w\" sizes=\"auto, (max-width: 1000px) 100vw, 1000px\" /><figcaption class=\"wp-element-caption\">Students of the WordPress Fidélitas Club</figcaption></figure>\n\n\n\n<p class=\"wp-block-paragraph\">Wapuu appeared across events as a familiar companion and a cultural thread running through contributor tools and community projects. Its presence was a reminder that creativity and playfulness are as essential to open source as documentation or code.</p>\n\n\n\n<figure class=\"wp-block-image size-large\"><img data-recalc-dims=\"1\" loading=\"lazy\" decoding=\"async\" width=\"1024\" height=\"576\" src=\"https://i0.wp.com/wordpress.org/news/files/2025/12/State-of-the-Word-2025-wapuu.jpg?resize=1024%2C576&#038;ssl=1\" alt=\"Various Wapuu artwork examples\" class=\"wp-image-19506\" srcset=\"https://i0.wp.com/wordpress.org/news/files/2025/12/State-of-the-Word-2025-wapuu-scaled.jpg?resize=1024%2C576&amp;ssl=1 1024w, https://i0.wp.com/wordpress.org/news/files/2025/12/State-of-the-Word-2025-wapuu-scaled.jpg?resize=300%2C169&amp;ssl=1 300w, https://i0.wp.com/wordpress.org/news/files/2025/12/State-of-the-Word-2025-wapuu-scaled.jpg?resize=768%2C432&amp;ssl=1 768w, https://i0.wp.com/wordpress.org/news/files/2025/12/State-of-the-Word-2025-wapuu-scaled.jpg?resize=1536%2C864&amp;ssl=1 1536w, https://i0.wp.com/wordpress.org/news/files/2025/12/State-of-the-Word-2025-wapuu-scaled.jpg?resize=2048%2C1152&amp;ssl=1 2048w\" sizes=\"auto, (max-width: 1000px) 100vw, 1000px\" /></figure>\n\n\n\n<p class=\"wp-block-paragraph\">Matt highlighted the story of <a href=\"https://events.wordpress.org/managua/2025/wordpress-youth-day/\">Youth Day in Managua, Nicaragua</a>. Seventy-five young people spent a full day building their first WordPress sites. Sessions were taught by teenagers, for teenagers. They learned to pick themes, customize layouts, create contact forms, and publish content. Contribution often starts with a simple moment of confidence, and those early sparks can shape entire careers.</p>\n\n\n\n<figure class=\"wp-block-video\"><video height=\"2160\" style=\"aspect-ratio: 3840 / 2160;\" width=\"3840\" controls src=\"https://wordpress.org/news/files/2025/12/wapu-513.mp4\"></video></figure>\n\n\n\n<p class=\"wp-block-paragraph\">Together, these moments illustrated a project expanding not just in numbers, but in depth, diversity, and global reach. WordPress is growing because communities are finding their own ways to embrace it.</p>\n\n\n\n<h2 class=\"wp-block-heading\">What’s New in WordPress 6.9</h2>\n\n\n\n<p class=\"wp-block-paragraph\">Joining virtually, WordPress Lead Architect, <a href=\"https://profiles.wordpress.org/matveb/\">Matías Ventura</a>, shifted the keynote from vision to practice. Matías offered a detailed walkthrough of what makes WordPress 6.9 one of the most refined, collaborative, and forward-looking releases the project has shipped in years. He returned to the four familiar lenses of creation — writing, designing, building, and developing — and showed how each evolved in this release cycle.</p>\n\n\n\n<p class=\"wp-block-paragraph\">He began with notes in the Block Editor, one of the most anticipated features. Notes allow collaborators to comment directly on individual blocks in a post or page. When a note is selected, the surrounding content subtly fades, helping contributors stay focused on context. Because notes are built on WordPress’s native comment system, they integrate seamlessly with existing communication workflows, including email notifications. Matías highlighted that notes development exemplified collaboration at its best, with contributors from various companies working together to bring the feature to life.</p>\n\n\n\n<figure class=\"wp-block-embed is-type-video is-provider-youtube wp-block-embed-youtube wp-embed-aspect-16-9 wp-has-aspect-ratio\"><div class=\"wp-block-embed__wrapper\">\n<iframe loading=\"lazy\" title=\"WordPress 6.9 Feature Demo\" width=\"500\" height=\"281\" src=\"https://www.youtube.com/embed/vkYulcN0lbc?feature=oembed\" frameborder=\"0\" allow=\"accelerometer; autoplay; clipboard-write; encrypted-media; gyroscope; picture-in-picture; web-share\" referrerpolicy=\"strict-origin-when-cross-origin\" allowfullscreen></iframe>\n</div></figure>\n\n\n\n<p class=\"wp-block-paragraph\">From there, he turned to refinements across the writing and design experience. Editor interactions feel smoother and more consistent. Patterns behave more predictably. Spacing and typography controls are clearer, more organized, and more intuitive. Together these capabilioties make the experience of writing and designing inside WordPress calmer, more reliable, and more empowering.</p>\n\n\n\n<p class=\"wp-block-paragraph\">Block bindings now provide a more intuitive, visual way to connect blocks to dynamic data sources. Users can switch or remove bindings with a single click, and developers can register additional sources to support custom workflows. This work lays the foundation for a future where dynamic data flows more naturally through blocks, enabling site creators to build richer interfaces without writing code.</p>\n\n\n\n<p class=\"wp-block-paragraph\">On the developer front, Matías focused on three foundational upgrades that represent major steps forward in how WordPress will evolve over the coming years.</p>\n\n\n\n<ul class=\"wp-block-list\">\n<li>The first was the <strong>Abilities API</strong>, a unified registry that describes what WordPress can do — across PHP, REST endpoints, the command palette, and future AI-driven interactions.</li>\n\n\n\n<li>The <strong>HTML API</strong> introduces new ways of working with and modifying HTML server-side. The API ensures safer, more reliable handling, lowering the barrier for theme and block developers who work with dynamic or structured markup.</li>\n\n\n\n<li>The <strong>Interactivity API</strong> delivers smoother, faster interactions without requiring heavy JavaScript frameworks. Improved routing, better state management, and clearer conventions help developers create rich, modern interfaces without leaving the WordPress philosophy of simplicity and flexibility.</li>\n</ul>\n\n\n\n<p class=\"wp-block-paragraph\">After Matías wrapped his presentation, Matt stepped back in to highlight several developments that build on the foundations of 6.9 and strengthen the overall WordPress ecosystem. He pointed first to the <a href=\"https://wordpress.org/plugins/plugin-check/\">Plugin Check Plugin</a>, a tool designed to help developers align with current WordPress standards and catch common issues early, making plugins more reliable for users and easier to maintain over time. Matt then spoke about ongoing progress in <a href=\"https://wordpress.org/data-liberation/\">Data Liberation</a>, noting improvements to the <a href=\"https://wordpress.org/plugins/wordpress-importer/\">WordPress importer</a> that make it easier for people to bring their content into WordPress without disruption or loss, an important step toward ensuring the open web remains portable and resilient. He also highlighted advances across the <a href=\"https://playground.wordpress.net/\">Playground</a> ecosystem, including <a href=\"https://developer.wordpress.com/studio/\">WordPress Studio</a>, the Playground CLI, and an expanding set of Blueprints. These allow developers and learners to spin up complete WordPress environments in seconds, test ideas, and experiment without servers or configuration. Matt closed this portion by emphasizing work on safer updates, which help WordPress avoid partial installs and ensure that updates complete smoothly even in less predictable hosting conditions, reinforcing WordPress’s commitment to stability as the platform continues to grow.</p>\n\n\n\n<p class=\"wp-block-paragraph\">Matt emphasized that WordPress 6.9 is not defined by any single headline feature, but by a broad spectrum of refinements across the entire experience. It is a release that deepens reliability, expands capability, and sets the stage for future innovation.</p>\n\n\n\n<h2 class=\"wp-block-heading\">Insights from the AI Panel</h2>\n\n\n\n<p class=\"wp-block-paragraph\">The keynote transitioned into a live AI panel moderated by Mary Hubbard. The panel brought together four perspectives from across the ecosystem: <a href=\"https://profiles.wordpress.org/isotropic/\">James LePage</a> (Automattic), <a href=\"https://profiles.wordpress.org/flixos90/\">Felix Arntz</a> (Google), and <a href=\"https://profiles.wordpress.org/jeffpaul/\">Jeff Paul</a> (Fueled, FKA 10up), and Matt Mullenweg. Their conversation touched on the philosophy, practice, and future of AI inside WordPress — not as a distant trend, but as an active part of the project’s evolution.</p>\n\n\n\n<p class=\"wp-block-paragraph\">A central theme was AI’s ability to amplify human creativity. James LePage put it plainly:</p>\n\n\n\n<blockquote class=\"wp-block-quote is-layout-flow wp-block-quote-is-layout-flow\">\n<p class=\"wp-block-paragraph\">It’s not that we’re going to just add sparkle buttons everywhere. We’re going to do some crazy stuff here — things we’re going to build into the way you interact with creating content, with expressing yourself digitally. We want to give you more power, more control, and make you more effective at creating.</p>\n</blockquote>\n\n\n\n<p class=\"wp-block-paragraph\">Jeff Paul echoed this sentiment, emphasizing that AI should make developers more productive by handling repetitive work and freeing them to focus on higher-level decisions. Felix Arntz expanded the idea further, describing how Google sees AI as a way to make the web more accessible and intuitive, especially for new creators who may not have formal technical training.</p>\n\n\n\n<figure class=\"wp-block-image size-large\"><img data-recalc-dims=\"1\" loading=\"lazy\" decoding=\"async\" width=\"1024\" height=\"572\" src=\"https://i0.wp.com/wordpress.org/news/files/2025/12/panel.jpg?resize=1024%2C572&#038;ssl=1\" alt=\"\" class=\"wp-image-19462\" srcset=\"https://i0.wp.com/wordpress.org/news/files/2025/12/panel-scaled.jpg?resize=1024%2C572&amp;ssl=1 1024w, https://i0.wp.com/wordpress.org/news/files/2025/12/panel-scaled.jpg?resize=300%2C168&amp;ssl=1 300w, https://i0.wp.com/wordpress.org/news/files/2025/12/panel-scaled.jpg?resize=768%2C429&amp;ssl=1 768w, https://i0.wp.com/wordpress.org/news/files/2025/12/panel-scaled.jpg?resize=1536%2C858&amp;ssl=1 1536w, https://i0.wp.com/wordpress.org/news/files/2025/12/panel-scaled.jpg?resize=2048%2C1144&amp;ssl=1 2048w\" sizes=\"auto, (max-width: 1000px) 100vw, 1000px\" /><figcaption class=\"wp-element-caption\">From left to right: Mary Hubbard, Matt Mullenweg, Jeff Paul, Felix Arntz, James LePage</figcaption></figure>\n\n\n\n<p class=\"wp-block-paragraph\">Looking ahead, the panelists predicted deeper contextual integrations, AI-assisted debugging and scaffolding for developers, and workflows where agents can take on sequences of tasks while remaining directed by human decisions. They also highlighted the importance of standards, shared protocols, and privacy-focused design as essential components of WordPress’s long-term approach.</p>\n\n\n\n<blockquote class=\"wp-block-quote is-layout-flow wp-block-quote-is-layout-flow\">\n<p class=\"wp-block-paragraph\">The next 20 years looks like WordPress remaining what it is today, which is the center of the open web.</p>\n</blockquote>\n\n\n\n<p class=\"wp-block-paragraph\">The panel closed on a forward-looking but steady note. AI is accelerating, but WordPress is designing its foundations with flexibility and values that endure. The tools may change, but the commitment to openness, agency, and creative freedom remains the compass.</p>\n\n\n\n<h2 class=\"wp-block-heading\">Questions That Push Us Forward</h2>\n\n\n\n<p class=\"wp-block-paragraph\">Matt introduced the Q&amp;A as one of his favorite parts of State of the Word because it reveals what people are imagining, struggling with, or eager to build.</p>\n\n\n\n<figure class=\"wp-block-image size-large\"><img data-recalc-dims=\"1\" loading=\"lazy\" decoding=\"async\" width=\"1024\" height=\"576\" src=\"https://i0.wp.com/wordpress.org/news/files/2025/12/State-of-the-Word-2025-QandA.jpg?resize=1024%2C576&#038;ssl=1\" alt=\"Q&amp;A\" class=\"wp-image-19512\" srcset=\"https://i0.wp.com/wordpress.org/news/files/2025/12/State-of-the-Word-2025-QandA-scaled.jpg?resize=1024%2C576&amp;ssl=1 1024w, https://i0.wp.com/wordpress.org/news/files/2025/12/State-of-the-Word-2025-QandA-scaled.jpg?resize=300%2C169&amp;ssl=1 300w, https://i0.wp.com/wordpress.org/news/files/2025/12/State-of-the-Word-2025-QandA-scaled.jpg?resize=768%2C432&amp;ssl=1 768w, https://i0.wp.com/wordpress.org/news/files/2025/12/State-of-the-Word-2025-QandA-scaled.jpg?resize=1536%2C864&amp;ssl=1 1536w, https://i0.wp.com/wordpress.org/news/files/2025/12/State-of-the-Word-2025-QandA-scaled.jpg?resize=2048%2C1152&amp;ssl=1 2048w\" sizes=\"auto, (max-width: 1000px) 100vw, 1000px\" /></figure>\n\n\n\n<p class=\"wp-block-paragraph\">The first question addressed the growing interconnectedness of today’s web. What happens, a participant asked, when a major provider like Cloudflare goes down? As tools and agents rely more heavily on external services, failures can cascade. Matt acknowledged that outages are increasingly visible, but also argued that each one strengthens the system.</p>\n\n\n\n<blockquote class=\"wp-block-quote is-layout-flow wp-block-quote-is-layout-flow\">\n<p class=\"wp-block-paragraph\">&#8220;Every failure, every edge case, everything that you never imagined is just another opportunity to find that new edge case,” he said. Resilience is not avoidance of failure, but the ability to grow stronger after it.</p>\n</blockquote>\n\n\n\n<p class=\"wp-block-paragraph\">Another question focused on the longevity of web content. With platforms shutting down or links breaking over time, how can creators ensure their work endures? Matt pointed to the Internet Archive as one of the great stabilizers of the open web. He highlighted a <a href=\"https://wordpress.org/plugins/internet-archive-wayback-machine-link-fixer/\">new plugin</a> that automatically scans posts and replaces dead links with archived versions, helping preserve the historical fabric of the web even as individual services come and go.</p>\n\n\n\n<p class=\"wp-block-paragraph\">The next question turned to real-time collaboration inside WordPress. A participant asked how co-editing fits into the future of WordPress and how these tools might help creators work more confidently. Matt talked about how collaboration tools can support people who are just starting their creative journeys — whether they are entrepreneurs, students, or first-time site builders. He described real-time editing as part of a broader vision of WordPress “just doing the work for you” in high-pressure or early-stage creative moments.</p>\n\n\n\n<p class=\"wp-block-paragraph\">The final question considered long-term decision-making. Matt noted that predicting what will change is difficult, but identifying what will remain the same is much easier. For WordPress, he said, the invariant is clear: people will always want agency, openness, and the ability to publish on their own terms. These values guide decisions not only in the present, but across decades of future evolution.</p>\n\n\n\n<h2 class=\"wp-block-heading\">TBPN Podcast Appearance</h2>\n\n\n\n<figure class=\"wp-block-embed is-type-video is-provider-youtube wp-block-embed-youtube wp-embed-aspect-16-9 wp-has-aspect-ratio\"><div class=\"wp-block-embed__wrapper\">\n<iframe loading=\"lazy\" title=\"&#x1f534; CODE RED &#x1f534;, Dell Donates Size, Bun Acquired, AWS CEO Joins, Tae Kim Tells All\" width=\"500\" height=\"281\" src=\"https://www.youtube.com/embed/eBQh57HuJzk?start=10036&#038;feature=oembed\" frameborder=\"0\" allow=\"accelerometer; autoplay; clipboard-write; encrypted-media; gyroscope; picture-in-picture; web-share\" referrerpolicy=\"strict-origin-when-cross-origin\" allowfullscreen></iframe>\n</div></figure>\n\n\n\n<p class=\"wp-block-paragraph\">After the Q&amp;A, the keynote shifted gears with a live crossover segment featuring TBPN (the Technology Business Programming Network), a tech-focused podcast. The segment introduced a lively, unscripted energy into the room.</p>\n\n\n\n<p class=\"wp-block-paragraph\">The hosts kicked things off by asking Matt what the “word of the year” should be. He chose “freedom”, connecting it directly to the core philosophy of open source. He described open source licenses as a kind of “bill of rights for software,” giving users inalienable rights that no company can revoke. In a world increasingly shaped by software platforms and digital ecosystems, these freedoms form the heart of what keeps the web open and accessible.</p>\n\n\n\n<p class=\"wp-block-paragraph\">Conversation then moved to <a href=\"https://www.beeper.com/\">Beeper</a>, the multi-network messaging client. Asked whether Beeper aims to “tear down walled gardens,” Matt rejected that framing. Instead, he offered a more collaborative metaphor: bringing gardens together. Most people have friends and colleagues scattered across WhatsApp, Instagram, LinkedIn, Messenger, and SMS. Beeper doesn’t replace those apps — it brings messages together into a unified interface..</p>\n\n\n\n<p class=\"wp-block-paragraph\">The conversation eventually returned to publishing. Matt referenced the same principle he noted earlier: the importance of identifying what won’t change. For WordPress, he said, that means doubling down on freedom, agency, and the ability to publish without gatekeepers. Even as AI evolves, even as platforms shift, even as new tools emerge, these are the values that will guide the project forward.</p>\n\n\n\n<h2 class=\"wp-block-heading\">Building the Web We Believe In</h2>\n\n\n\n<p class=\"wp-block-paragraph\">As the keynote drew to a close, Matt returned to a message that had threaded through every section of the evening. The future of WordPress is not arriving from outside forces — it is being crafted, questioned, tested, and expanded by the people who show up. Contributors, students, educators, community organizers, designers, developers, business owners, and first-time site builders all play a role in shaping the platform.</p>\n\n\n\n<p class=\"wp-block-paragraph\">He spoke about the opportunities ahead: new tools that expand what creators can build, collaborative features that make teamwork feel natural, and AI systems that enhance creativity rather than diminish it. Across continents, generations, and skill levels, people are discovering WordPress as a path to learning, empowerment, and expression.</p>\n\n\n\n<p class=\"wp-block-paragraph\">The values that brought the project this far remain the ones that will carry it forward: freedom, participation, learning, and community. These aren’t abstract principles. They are lived every day in the decisions contributors make, the ideas they pursue, and the care they bring to the work.</p>\n\n\n\n<h3 class=\"wp-block-heading\">Future Events</h3>\n\n\n\n<p class=\"wp-block-paragraph\">If you’re feeling inspired to revisit past moments from the project’s annual address, the <a href=\"https://www.youtube.com/playlist?list=PL1pJFUVKQ7ES1piZxljCvMTJCYpVBnwYU\">State of the Word YouTube playlist</a> offers a look back at years of community milestones and product progress. The excitement continues into 2026, with major WordPress events already on the horizon: <a href=\"https://asia.wordcamp.org/2026/\">WordCamp Asia</a> in Mumbai, India,<a href=\"https://europe.wordcamp.org/2026/\">WordCamp Europe</a> in Kraków, Poland, and <a href=\"https://us.wordcamp.org/2026/\">WordCamp US</a> in Phoenix. We hope to see you there as the community continues building what comes next.</p>\n\";s:7:\"attribs\";a:0:{}s:8:\"xml_base\";s:0:\"\";s:17:\"xml_base_explicit\";b:0;s:8:\"xml_lang\";s:0:\"\";}}}s:30:\"com-wordpress:feed-additions:1\";a:1:{s:7:\"post-id\";a:1:{i:0;a:5:{s:4:\"data\";s:5:\"19447\";s:7:\"attribs\";a:0:{}s:8:\"xml_base\";s:0:\"\";s:17:\"xml_base_explicit\";b:0;s:8:\"xml_lang\";s:0:\"\";}}}}}i:9;a:6:{s:4:\"data\";s:66:\"\n		\n		\n		\n		\n		\n				\n		\n		\n		\n		\n\n					\n										\n					\n		\n		\n			\";s:7:\"attribs\";a:0:{}s:8:\"xml_base\";s:0:\"\";s:17:\"xml_base_explicit\";b:0;s:8:\"xml_lang\";s:0:\"\";s:5:\"child\";a:4:{s:0:\"\";a:6:{s:5:\"title\";a:1:{i:0;a:5:{s:4:\"data\";s:24:\"WordPress 6.9 “Gene”\";s:7:\"attribs\";a:0:{}s:8:\"xml_base\";s:0:\"\";s:17:\"xml_base_explicit\";b:0;s:8:\"xml_lang\";s:0:\"\";}}s:4:\"link\";a:1:{i:0;a:5:{s:4:\"data\";s:40:\"https://wordpress.org/news/2025/12/gene/\";s:7:\"attribs\";a:0:{}s:8:\"xml_base\";s:0:\"\";s:17:\"xml_base_explicit\";b:0;s:8:\"xml_lang\";s:0:\"\";}}s:7:\"pubDate\";a:1:{i:0;a:5:{s:4:\"data\";s:31:\"Tue, 02 Dec 2025 20:12:21 +0000\";s:7:\"attribs\";a:0:{}s:8:\"xml_base\";s:0:\"\";s:17:\"xml_base_explicit\";b:0;s:8:\"xml_lang\";s:0:\"\";}}s:8:\"category\";a:4:{i:0;a:5:{s:4:\"data\";s:7:\"General\";s:7:\"attribs\";a:0:{}s:8:\"xml_base\";s:0:\"\";s:17:\"xml_base_explicit\";b:0;s:8:\"xml_lang\";s:0:\"\";}i:1;a:5:{s:4:\"data\";s:8:\"Releases\";s:7:\"attribs\";a:0:{}s:8:\"xml_base\";s:0:\"\";s:17:\"xml_base_explicit\";b:0;s:8:\"xml_lang\";s:0:\"\";}i:2;a:5:{s:4:\"data\";s:3:\"6.9\";s:7:\"attribs\";a:0:{}s:8:\"xml_base\";s:0:\"\";s:17:\"xml_base_explicit\";b:0;s:8:\"xml_lang\";s:0:\"\";}i:3;a:5:{s:4:\"data\";s:8:\"releases\";s:7:\"attribs\";a:0:{}s:8:\"xml_base\";s:0:\"\";s:17:\"xml_base_explicit\";b:0;s:8:\"xml_lang\";s:0:\"\";}}s:4:\"guid\";a:1:{i:0;a:5:{s:4:\"data\";s:35:\"https://wordpress.org/news/?p=19398\";s:7:\"attribs\";a:1:{s:0:\"\";a:1:{s:11:\"isPermaLink\";s:5:\"false\";}}s:8:\"xml_base\";s:0:\"\";s:17:\"xml_base_explicit\";b:0;s:8:\"xml_lang\";s:0:\"\";}}s:11:\"description\";a:1:{i:0;a:5:{s:4:\"data\";s:495:\"WordPress 6.9, code-named \"Gene,\" brings major upgrades to how teams collaborate and create. The Notes feature introduces block-level commenting to streamline reviewing and polishing content, navigating across the entire dashboard with the Command Palette is now faster for power users, and the new Abilities API provides a standardized way to open the door for AI-powered and automated workflows. Combined with all the performance and accessibility improvements, 6.9 is one to write home about.\";s:7:\"attribs\";a:0:{}s:8:\"xml_base\";s:0:\"\";s:17:\"xml_base_explicit\";b:0;s:8:\"xml_lang\";s:0:\"\";}}}s:32:\"http://purl.org/dc/elements/1.1/\";a:1:{s:7:\"creator\";a:1:{i:0;a:5:{s:4:\"data\";s:14:\"Matt Mullenweg\";s:7:\"attribs\";a:0:{}s:8:\"xml_base\";s:0:\"\";s:17:\"xml_base_explicit\";b:0;s:8:\"xml_lang\";s:0:\"\";}}}s:40:\"http://purl.org/rss/1.0/modules/content/\";a:1:{s:7:\"encoded\";a:1:{i:0;a:5:{s:4:\"data\";s:82636:\"\n<figure class=\"wp-block-image size-large\"><img data-recalc-dims=\"1\" loading=\"lazy\" decoding=\"async\" width=\"1024\" height=\"535\" src=\"https://i0.wp.com/wordpress.org/news/files/2025/12/Release-Edition-Featured-Image-6.9.png?resize=1024%2C535&#038;ssl=1\" alt=\"WordPress 6.9 Release Edition Featured Image\" class=\"wp-image-19404\" srcset=\"https://i0.wp.com/wordpress.org/news/files/2025/12/Release-Edition-Featured-Image-6.9-scaled.png?resize=1024%2C535&amp;ssl=1 1024w, https://i0.wp.com/wordpress.org/news/files/2025/12/Release-Edition-Featured-Image-6.9-scaled.png?resize=300%2C157&amp;ssl=1 300w, https://i0.wp.com/wordpress.org/news/files/2025/12/Release-Edition-Featured-Image-6.9-scaled.png?resize=768%2C401&amp;ssl=1 768w, https://i0.wp.com/wordpress.org/news/files/2025/12/Release-Edition-Featured-Image-6.9-scaled.png?resize=1536%2C802&amp;ssl=1 1536w, https://i0.wp.com/wordpress.org/news/files/2025/12/Release-Edition-Featured-Image-6.9-scaled.png?resize=2048%2C1070&amp;ssl=1 2048w\" sizes=\"auto, (max-width: 1000px) 100vw, 1000px\" /></figure>\n\n\n\n<p class=\"wp-block-paragraph\">Each WordPress release celebrates an artist who has made an indelible mark on the world of music. WordPress 6.9, code-named “Gene,” honors the American Jazz pianist Gene Harris.&nbsp;</p>\n\n\n\n<p class=\"wp-block-paragraph\">A piano veteran, self taught at the age of six, Harris infused mainstream jazz with elements of soul, blues, and gospel, creating a warm, signature sound that is both elegant and iconic. Harris’ bluesy jazz lived at the intersection of worlds, weaving a rich landscape of texture and mood, with a thread of soulfulness that ignited listeners.</p>\n\n\n\n<h2 class=\"wp-block-heading\">Welcome to WordPress 6.9</h2>\n\n\n\n<p class=\"wp-block-paragraph\">WordPress 6.9 brings major upgrades to how teams collaborate and create. The new Notes feature introduces block-level commenting when writing posts and pages that streamlines reviews, while the expanded Command Palette makes it faster for power users to navigate and operate across the entire dashboard. The new Abilities API provides a standardized, machine-readable permissions system that opens the door for next generation AI-powered and automated workflows. This release also delivers notable performance improvements for faster page loads and adds several practical new blocks alongside a more visual drag and drop to help creators build richer, more dynamic content.</p>\n\n\n\n<p class=\"wp-block-paragraph\"><a href=\"https://wordpress.org/wordpress-6.9.zip\">Download WordPress 6.9 &#8220;Gene&#8221;</a></p>\n\n\n\n<h2 class=\"wp-block-heading\">Introducing Notes: Seamless, Block-Level Collaboration</h2>\n\n\n\n<p class=\"wp-block-paragraph\"><strong>Collaborate Smarter</strong> : Leave Feedback Right Where You&#8217;re Working</p>\n\n\n\n<p class=\"wp-block-paragraph\">With notes attached directly to blocks in the post editor, your team can stay aligned, track changes, and turn feedback into action all in one place. Whether you&#8217;re working on copy or refining design in your posts or pages, collaboration happens seamlessly on the canvas itself.</p>\n\n\n\n<figure class=\"wp-block-image size-full\"><img data-recalc-dims=\"1\" loading=\"lazy\" decoding=\"async\" width=\"1360\" height=\"840\" src=\"https://i0.wp.com/wordpress.org/news/files/2025/12/post-notes.png?resize=1360%2C840&#038;ssl=1\" alt=\"View of people interacting with notes in a post.\" class=\"wp-image-19428\" srcset=\"https://i0.wp.com/wordpress.org/news/files/2025/12/post-notes.png?w=1360&amp;ssl=1 1360w, https://i0.wp.com/wordpress.org/news/files/2025/12/post-notes.png?resize=300%2C185&amp;ssl=1 300w, https://i0.wp.com/wordpress.org/news/files/2025/12/post-notes.png?resize=1024%2C632&amp;ssl=1 1024w, https://i0.wp.com/wordpress.org/news/files/2025/12/post-notes.png?resize=768%2C474&amp;ssl=1 768w\" sizes=\"auto, (max-width: 1000px) 100vw, 1000px\" /></figure>\n\n\n\n<h2 class=\"wp-block-heading\">Command Palette Throughout the Dashboard</h2>\n\n\n\n<p class=\"wp-block-paragraph\"><strong>Your tools are always at hand.</strong></p>\n\n\n\n<p class=\"wp-block-paragraph\">Access the Command Palette from any part of the dashboard, whether you&#8217;re writing your latest post, deep in design in the Site Editor, or browsing your plugins. Everything you need, just a few keystrokes away.</p>\n\n\n\n<figure class=\"wp-block-image size-full\"><img data-recalc-dims=\"1\" loading=\"lazy\" decoding=\"async\" width=\"1360\" height=\"840\" src=\"https://i0.wp.com/wordpress.org/news/files/2025/12/post-command-palette.png?resize=1360%2C840&#038;ssl=1\" alt=\"Command palette showing the ability to navigate across different parts of the site, including templates, Settings, and all posts.\" class=\"wp-image-19430\" srcset=\"https://i0.wp.com/wordpress.org/news/files/2025/12/post-command-palette.png?w=1360&amp;ssl=1 1360w, https://i0.wp.com/wordpress.org/news/files/2025/12/post-command-palette.png?resize=300%2C185&amp;ssl=1 300w, https://i0.wp.com/wordpress.org/news/files/2025/12/post-command-palette.png?resize=1024%2C632&amp;ssl=1 1024w, https://i0.wp.com/wordpress.org/news/files/2025/12/post-command-palette.png?resize=768%2C474&amp;ssl=1 768w\" sizes=\"auto, (max-width: 1000px) 100vw, 1000px\" /></figure>\n\n\n\n<h2 class=\"wp-block-heading\">Fit text to container</h2>\n\n\n\n<p class=\"wp-block-paragraph\"><strong>Content that adapts.</strong></p>\n\n\n\n<p class=\"wp-block-paragraph\">There&#8217;s a new typography option for text-based blocks that&#8217;s been added to the Paragraph and Heading blocks. This new option automatically adjusts font size to fill its container perfectly, making it ideal for banners, callouts, and standout moments in your design.</p>\n\n\n\n<figure class=\"wp-block-image size-full\"><img data-recalc-dims=\"1\" loading=\"lazy\" decoding=\"async\" width=\"1360\" height=\"840\" src=\"https://i0.wp.com/wordpress.org/news/files/2025/12/post-fit-text.png?resize=1360%2C840&#038;ssl=1\" alt=\"&quot;Novem&quot; text selected and stretching across the interface.\" class=\"wp-image-19431\" srcset=\"https://i0.wp.com/wordpress.org/news/files/2025/12/post-fit-text.png?w=1360&amp;ssl=1 1360w, https://i0.wp.com/wordpress.org/news/files/2025/12/post-fit-text.png?resize=300%2C185&amp;ssl=1 300w, https://i0.wp.com/wordpress.org/news/files/2025/12/post-fit-text.png?resize=1024%2C632&amp;ssl=1 1024w, https://i0.wp.com/wordpress.org/news/files/2025/12/post-fit-text.png?resize=768%2C474&amp;ssl=1 768w\" sizes=\"auto, (max-width: 1000px) 100vw, 1000px\" /></figure>\n\n\n\n<h2 class=\"wp-block-heading\">The Abilities API</h2>\n\n\n\n<p class=\"wp-block-paragraph\"><strong>Unlocking the next generation of site interactions.</strong></p>\n\n\n\n<p class=\"wp-block-paragraph\">WordPress 6.9 lays the groundwork for the future of automation with the unified Abilities API. By creating a standardized registry for site functionality, developers can now register, validate, and execute actions consistently across any context—from PHP and REST endpoints to AI agents—paving the way for smarter, more connected WordPress experiences.</p>\n\n\n\n<figure class=\"wp-block-image size-large\"><img data-recalc-dims=\"1\" loading=\"lazy\" decoding=\"async\" width=\"1024\" height=\"632\" src=\"https://i0.wp.com/wordpress.org/news/files/2025/12/abilities-api.png?resize=1024%2C632&#038;ssl=1\" alt=\"Abstract view of circles around a plugin icon with sparkles, indicating AI functionality.\" class=\"wp-image-19432\" srcset=\"https://i0.wp.com/wordpress.org/news/files/2025/12/abilities-api.png?resize=1024%2C632&amp;ssl=1 1024w, https://i0.wp.com/wordpress.org/news/files/2025/12/abilities-api.png?resize=300%2C185&amp;ssl=1 300w, https://i0.wp.com/wordpress.org/news/files/2025/12/abilities-api.png?resize=768%2C474&amp;ssl=1 768w, https://i0.wp.com/wordpress.org/news/files/2025/12/abilities-api.png?w=1360&amp;ssl=1 1360w\" sizes=\"auto, (max-width: 1000px) 100vw, 1000px\" /></figure>\n\n\n\n<h2 class=\"wp-block-heading\">Accessibility Improvements</h2>\n\n\n\n<p class=\"wp-block-paragraph\">More than 30 accessibility fixes sharpen the core WordPress experience. These updates improve screen reader announcements, hide unnecessary CSS-generated content from assistive tech, fix cursor placement issues, and make sure typing focus stays put even when users click an autocomplete suggestion.</p>\n\n\n\n<h2 class=\"wp-block-heading\">Performance enhancements</h2>\n\n\n\n<p class=\"wp-block-paragraph\">WordPress 6.9 delivers significant frontend performance enhancements, optimizing the site loading experience for visitors. 6.9 boasts an improved LCP (Largest Contentful Paint) through on-demand block styles for classic themes, minifying block theme styles, and increasing the limit for inline styles &#8211; removing blockages to page rendering and clearing the rendering path by deprioritizing non-critical scripts. This release comes with many more performance boosts, including optimized database queries, refined caching, improved spawning of WP Cron, and a new template enhancement output buffer that opens the door for more future optimizations.</p>\n\n\n\n<h3 class=\"wp-block-heading\">And much more</h3>\n\n\n\n<p class=\"wp-block-paragraph\">For a comprehensive overview of all the new features and enhancements in WordPress 6.9, please visit the feature-showcase website.</p>\n\n\n\n<p class=\"wp-block-paragraph\"><a href=\"https://wordpress.org/download/releases/6-9\">Check out What&#8217;s New</a></p>\n\n\n\n<h2 class=\"wp-block-heading\">Learn more about WordPress 6.9</h2>\n\n\n\n<p class=\"wp-block-paragraph\"><a href=\"https://learn.wordpress.org/\">Learn WordPress</a> is a free resource for new and experienced WordPress users. Learn is stocked with how-to videos on using various features in WordPress, <a href=\"https://learn.wordpress.org/social-learning/\">interactive workshops</a> for exploring topics in-depth, and lesson plans for diving deep into specific areas of WordPress.</p>\n\n\n\n<p class=\"wp-block-paragraph\">Read the <a href=\"https://wordpress.org/documentation/wordpress-version/version-6.9\">WordPress 6.9 Release Notes</a> for information on installation, enhancements, fixed issues, release contributors, learning resources, and the list of file changes.</p>\n\n\n\n<p class=\"wp-block-paragraph\">Explore the <a href=\"https://make.wordpress.org/core/wordpress-6-9-field-guide/\">WordPress 6.9 Field Guide</a>. Learn about the changes in this release with detailed developer notes to help you build with WordPress.</p>\n\n\n\n<h2 class=\"wp-block-heading\">The 6.9 release squad</h2>\n\n\n\n<p class=\"wp-block-paragraph\">Every release comes to you from a dedicated team of enthusiastic contributors who help keep things on track and moving smoothly. The team that has led 6.9 is a cross-functional group of contributors who are always ready to champion ideas, remove blockers, and resolve issues.</p>\n\n\n\n<ul class=\"wp-block-list\">\n<li>Release Lead: <a href=\"https://profiles.wordpress.org/matt/\">Matt Mullenweg</a></li>\n\n\n\n<li>Release Coordination: <a href=\"https://profiles.wordpress.org/akshayar/\">Akshaya Rane</a>, <a href=\"https://profiles.wordpress.org/amykamala/\">Amy Kamala</a></li>\n\n\n\n<li>Tech Leads: <a href=\"https://profiles.wordpress.org/davidbaumwald/\">David Baumwald</a>, <a href=\"https://profiles.wordpress.org/ellatrix/\">Ella van Durpe</a>, <a href=\"https://profiles.wordpress.org/priethor/\">Héctor Prieto</a></li>\n\n\n\n<li>Design Lead: <a href=\"https://profiles.wordpress.org/fcoveram/\">Francisco Vera</a></li>\n\n\n\n<li>Triage Leads: <a href=\"https://profiles.wordpress.org/wildworks/\">Aki Hamano</a>, <a href=\"https://profiles.wordpress.org/welcher/\">Ryan Welcher</a></li>\n\n\n\n<li>Test Leads: <a href=\"https://profiles.wordpress.org/psykro/\">Jonathan Bossenger</a>, <a href=\"https://profiles.wordpress.org/krupajnanda/\">Krupa Nanda</a></li>\n</ul>\n\n\n\n<h2 class=\"wp-block-heading\">Thank you, contributors</h2>\n\n\n\n<p class=\"wp-block-paragraph\">The mission of WordPress is to <a href=\"https://wordpress.org/about/\">democratize publishing</a> and embody the <a href=\"https://opensource.org/osd-annotated\">freedoms that come with open source</a>. A global and diverse community of people collaborating to strengthen the software supports this effort.</p>\n\n\n\n<p class=\"wp-block-paragraph\">WordPress 6.9 reflects the tireless efforts and passion of more than 900+ contributors in countries all over the world. This release also welcomed over 279 first-time contributors!</p>\n\n\n\n<p class=\"wp-block-paragraph\">Their collaboration delivered more than 340 enhancements and fixes, ensuring a stable release for all &#8211; a testament to the power and capability of the WordPress open source community.</p>\n\n\n\n<p class=\"wp-block-paragraph\"><p class=\"has-small-font-size\"><a href=\"https://profiles.wordpress.org/o-o/\">2046</a> · <a href=\"https://profiles.wordpress.org/aakashverma1/\">Aakash Verma</a> · <a href=\"https://profiles.wordpress.org/jorbin/\">Aaron Jorbin</a> · <a href=\"https://profiles.wordpress.org/aaronrobertshaw/\">Aaron Robertshaw</a> · <a href=\"https://profiles.wordpress.org/aarti1318/\">Aarti Chauhan</a> · <a href=\"https://profiles.wordpress.org/thehercules/\">Aashish Sharma</a> · <a href=\"https://profiles.wordpress.org/aatospaja/\">aatospaja</a> · <a href=\"https://profiles.wordpress.org/abduremon/\">Abdur Rahman Emon</a> · <a href=\"https://profiles.wordpress.org/hurayraiit/\">Abu Hurayra</a> · <a href=\"https://profiles.wordpress.org/acmoifr/\">acmoifr</a> · <a href=\"https://profiles.wordpress.org/kawauso/\">Adam Harley (Kawauso)</a> · <a href=\"https://profiles.wordpress.org/adamsilverstein/\">Adam Silverstein</a> · <a href=\"https://profiles.wordpress.org/zieladam/\">Adam Zieliński</a> · <a href=\"https://profiles.wordpress.org/oztaser/\">Adil &#214;ztaşer</a> · <a href=\"https://profiles.wordpress.org/adityab98/\">Aditya Bansode</a> · <a href=\"https://profiles.wordpress.org/b1ink0/\">Aditya Dhade</a> · <a href=\"https://profiles.wordpress.org/adityashah2411/\">aditya shah</a> · <a href=\"https://profiles.wordpress.org/iamadisingh/\">Aditya Singh</a> · <a href=\"https://profiles.wordpress.org/aduth/\">aduth</a> · <a href=\"https://profiles.wordpress.org/agulbra/\">agulbra</a> · <a href=\"https://profiles.wordpress.org/elazzabi/\">Ahmed</a> · <a href=\"https://profiles.wordpress.org/chaion07/\">Ahmed Kabir Chaion</a> · <a href=\"https://profiles.wordpress.org/ajaxstardust/\">ajaxStardust</a> · <a href=\"https://profiles.wordpress.org/ajitbohra/\">Ajit Bohra</a> · <a href=\"https://profiles.wordpress.org/akanshusingh/\">Akanshu Singh</a> · <a href=\"https://profiles.wordpress.org/akeda/\">Akeda Bagus</a> · <a href=\"https://profiles.wordpress.org/wildworks/\">Aki Hamano</a> · <a href=\"https://profiles.wordpress.org/atachibana/\">Akira Tachibana</a> · <a href=\"https://profiles.wordpress.org/wpfy/\">Akramul Hasan</a> · <a href=\"https://profiles.wordpress.org/akshat2802/\">Akshat Kakkad</a> · <a href=\"https://profiles.wordpress.org/akshaydhere/\">Akshay Dhere</a> · <a href=\"https://profiles.wordpress.org/akshayar/\">Akshaya Rane</a> · <a href=\"https://profiles.wordpress.org/aljullu/\">Albert Juh&#233; Lluveras</a> · <a href=\"https://profiles.wordpress.org/alejandrogonzalvo/\">alejandrogonzalvo</a> · <a href=\"https://profiles.wordpress.org/alexcu21/\">Alex Cuadra</a> · <a href=\"https://profiles.wordpress.org/ajlende/\">Alex Lende</a> · <a href=\"https://profiles.wordpress.org/alexclassroom/\">Alex Lion (阿力獅)</a> · <a href=\"https://profiles.wordpress.org/alexstine/\">Alex Stine</a> · <a href=\"https://profiles.wordpress.org/albigdd/\">Alexander Bigga</a> · <a href=\"https://profiles.wordpress.org/alexandrebuffet/\">Alexandre Buffet</a> · <a href=\"https://profiles.wordpress.org/alexus450/\">Alexei Samarschi</a> · <a href=\"https://profiles.wordpress.org/alexius08/\">Alexis Pandaan</a> · <a href=\"https://profiles.wordpress.org/alordiel/\">alordiel</a> · <a href=\"https://profiles.wordpress.org/mrfoxtalbot/\">Alvaro G&#243;mez</a> · <a href=\"https://profiles.wordpress.org/amanandhishoe/\">amanandhishoe</a> · <a href=\"https://profiles.wordpress.org/alh0319/\">Amber Hinds</a> · <a href=\"https://profiles.wordpress.org/amin7/\">Amin</a> · <a href=\"https://profiles.wordpress.org/theaminuldev/\">Aminul Is