-- Table structure for table `wp_5_wc_product_attributes_lookup`
--

CREATE TABLE `wp_5_wc_product_attributes_lookup` (
  `product_id` bigint NOT NULL,
  `product_or_parent_id` bigint NOT NULL,
  `taxonomy` varchar(32) CHARACTER SET utf8mb4 COLLATE utf8mb4_unicode_520_ci NOT NULL,
  `term_id` bigint NOT NULL,
  `is_variation_attribute` tinyint(1) NOT NULL,
  `in_stock` tinyint(1) NOT NULL,
  PRIMARY KEY (`product_or_parent_id`,`term_id`,`product_id`,`taxonomy`),
  KEY `is_variation_attribute_term_id` (`is_variation_attribute`,`term_id`)
) ENGINE=InnoDB DEFAULT CHARSET=utf8mb4 COLLATE=utf8mb4_unicode_520_ci;

--
-- Dumping data for table `wp_5_wc_product_attributes_lookup`
--

INSERT INTO `wp_5_wc_product_attributes_lookup` VALUES (13,13,'pa_color',26,0,1),(14,14,'pa_color',22,0,1),(16,16,'pa_color',20,0,0),(16,16,'pa_color',21,0,0),(16,16,'pa_color',22,0,0),(16,16,'pa_size',23,0,0),(16,16,'pa_size',24,0,0),(16,16,'pa_size',25,0,0),(20,20,'pa_color',20,0,0),(20,20,'pa_color',21,0,0),(20,20,'pa_color',22,0,0),(29,29,'pa_color',27,0,1),(33,33,'pa_color',20,0,1);

--
-- Table structure for table `wp_5_wc_product_download_directories`
--

CREATE TABLE `wp_5_wc_product_download_directories` (
  `url_id` bigint unsigned NOT NULL AUTO_INCREMENT,
  `url` varchar(256) CHARACTER SET utf8mb4 COLLATE utf8mb4_unicode_520_ci NOT NULL,
  `enabled` tinyint(1) NOT NULL DEFAULT '0',
  PRIMARY KEY (`url_id`),
  KEY `url` (`url`(191))
) ENGINE=InnoDB AUTO_INCREMENT=3 DEFAULT CHARSET=utf8mb4 COLLATE=utf8mb4_unicode_520_ci;

--
-- Dumping data for table `wp_5_wc_product_download_directories`
--

INSERT INTO `wp_5_wc_product_download_directories` VALUES (1,'file:///var/www/html/easywp.site/wp-content/uploads/sites/5/woocommerce_uploads/',1),(2,'https://easywp.site/mobile/wp-content/uploads/sites/5/woocommerce_uploads/',1);

--
-- Table structure for table `wp_5_wc_product_meta_lookup`
--

CREATE TABLE `wp_5_wc_product_meta_lookup` (
  `product_id` bigint NOT NULL,
  `sku` varchar(100) CHARACTER SET utf8mb4 COLLATE utf8mb4_unicode_520_ci DEFAULT '',
  `global_unique_id` varchar(100) CHARACTER SET utf8mb4 COLLATE utf8mb4_unicode_520_ci DEFAULT '',
  `virtual` tinyint(1) DEFAULT '0',
  `downloadable` tinyint(1) DEFAULT '0',
  `min_price` decimal(19,4) DEFAULT NULL,
  `max_price` decimal(19,4) DEFAULT NULL,
  `onsale` tinyint(1) DEFAULT '0',
  `stock_quantity` double DEFAULT NULL,
  `stock_status` varchar(100) CHARACTER SET utf8mb4 COLLATE utf8mb4_unicode_520_ci DEFAULT 'instock',
  `rating_count` bigint DEFAULT '0',
  `average_rating` decimal(3,2) DEFAULT '0.00',
  `total_sales` bigint DEFAULT '0',
  `tax_status` varchar(100) CHARACTER SET utf8mb4 COLLATE utf8mb4_unicode_520_ci DEFAULT 'taxable',
  `tax_class` varchar(100) CHARACTER SET utf8mb4 COLLATE utf8mb4_unicode_520_ci DEFAULT '',
  PRIMARY KEY (`product_id`),
  KEY `virtual` (`virtual`),
  KEY `downloadable` (`downloadable`),
  KEY `stock_status` (`stock_status`),
  KEY `stock_quantity` (`stock_quantity`),
  KEY `onsale` (`onsale`),
  KEY `min_max_price` (`min_price`,`max_price`),
  KEY `sku` (`sku`(50))
) ENGINE=InnoDB DEFAULT CHARSET=utf8mb4 COLLATE=utf8mb4_unicode_520_ci;

--
-- Dumping data for table `wp_5_wc_product_meta_lookup`
--

INSERT INTO `wp_5_wc_product_meta_lookup` VALUES (12,'woo-hoodie-with-logo','',0,0,0.0000,0.0000,0,NULL,'instock',0,0.00,0,'taxable',''),(13,'woo-tshirt','',0,0,18.0000,18.0000,0,NULL,'instock',0,0.00,8,'taxable',''),(14,'woo-beanie','',0,0,18.0000,18.0000,1,NULL,'instock',0,0.00,6,'taxable',''),(16,'woo-vneck-tee','',0,0,0.0000,0.0000,0,NULL,'outofstock',0,0.00,0,'taxable',''),(20,'woo-hoodie','',0,0,0.0000,0.0000,0,NULL,'outofstock',0,0.00,0,'taxable',''),(27,'woo-belt','',0,0,55.0000,55.0000,1,NULL,'instock',0,0.00,17,'taxable',''),(29,'woo-cap','',0,0,16.0000,16.0000,1,NULL,'instock',0,0.00,4,'taxable',''),(31,'woo-sunglasses','',0,0,90.0000,90.0000,0,NULL,'instock',0,0.00,12,'taxable',''),(33,'woo-polo','',0,0,20.0000,20.0000,0,NULL,'instock',0,0.00,11,'taxable',''),(35,'logo-collection','',0,0,18.0000,18.0000,0,NULL,'instock',0,0.00,0,'taxable','');

--
-- Table structure for table `wp_5_wc_rate_limits`
--

CREATE TABLE `wp_5_wc_rate_limits` (
  `rate_limit_id` bigint unsigned NOT NULL AUTO_INCREMENT,
  `rate_limit_key` varchar(200) CHARACTER SET utf8mb4 COLLATE utf8mb4_unicode_520_ci NOT NULL,
  `rate_limit_expiry` bigint unsigned NOT NULL,
  `rate_limit_remaining` smallint NOT NULL DEFAULT '0',
  PRIMARY KEY (`rate_limit_id`),
  UNIQUE KEY `rate_limit_key` (`rate_limit_key`(191))
) ENGINE=InnoDB DEFAULT CHARSET=utf8mb4 COLLATE=utf8mb4_unicode_520_ci;

--
-- Dumping data for table `wp_5_wc_rate_limits`
--


--
-- Table structure for table `wp_5_wc_reserved_stock`
--

CREATE TABLE `wp_5_wc_reserved_stock` (
  `order_id` bigint NOT NULL,
  `product_id` bigint NOT NULL,
  `stock_quantity` double NOT NULL DEFAULT '0',
  `timestamp` datetime NOT NULL DEFAULT '0000-00-00 00:00:00',
  `expires` datetime NOT NULL DEFAULT '0000-00-00 00:00:00',
  PRIMARY KEY (`order_id`,`product_id`)
) ENGINE=InnoDB DEFAULT CHARSET=utf8mb4 COLLATE=utf8mb4_unicode_520_ci;

--
-- Dumping data for table `wp_5_wc_reserved_stock`
--


--
-- Table structure for table `wp_5_wc_tax_rate_classes`
--

CREATE TABLE `wp_5_wc_tax_rate_classes` (
  `tax_rate_class_id` bigint unsigned NOT NULL AUTO_INCREMENT,
  `name` varchar(200) CHARACTER SET utf8mb4 COLLATE utf8mb4_unicode_520_ci NOT NULL DEFAULT '',
  `slug` varchar(200) CHARACTER SET utf8mb4 COLLATE utf8mb4_unicode_520_ci NOT NULL DEFAULT '',
  PRIMARY KEY (`tax_rate_class_id`),
  UNIQUE KEY `slug` (`slug`(191))
) ENGINE=InnoDB AUTO_INCREMENT=3 DEFAULT CHARSET=utf8mb4 COLLATE=utf8mb4_unicode_520_ci;

--
-- Dumping data for table `wp_5_wc_tax_rate_classes`
--

INSERT INTO `wp_5_wc_tax_rate_classes` VALUES (1,'Reduced rate','reduced-rate'),(2,'Zero rate','zero-rate');

--
-- Table structure for table `wp_5_wc_webhooks`
--

CREATE TABLE `wp_5_wc_webhooks` (
  `webhook_id` bigint unsigned NOT NULL AUTO_INCREMENT,
  `status` varchar(200) CHARACTER SET utf8mb4 COLLATE utf8mb4_unicode_520_ci NOT NULL,
  `name` text CHARACTER SET utf8mb4 COLLATE utf8mb4_unicode_520_ci NOT NULL,
  `user_id` bigint unsigned NOT NULL,
  `delivery_url` text CHARACTER SET utf8mb4 COLLATE utf8mb4_unicode_520_ci NOT NULL,
  `secret` text CHARACTER SET utf8mb4 COLLATE utf8mb4_unicode_520_ci NOT NULL,
  `topic` varchar(200) CHARACTER SET utf8mb4 COLLATE utf8mb4_unicode_520_ci NOT NULL,
  `date_created` datetime NOT NULL DEFAULT '0000-00-00 00:00:00',
  `date_created_gmt` datetime NOT NULL DEFAULT '0000-00-00 00:00:00',
  `date_modified` datetime NOT NULL DEFAULT '0000-00-00 00:00:00',
  `date_modified_gmt` datetime NOT NULL DEFAULT '0000-00-00 00:00:00',
  `api_version` smallint NOT NULL,
  `failure_count` smallint NOT NULL DEFAULT '0',
  `pending_delivery` tinyint(1) NOT NULL DEFAULT '0',
  PRIMARY KEY (`webhook_id`),
  KEY `user_id` (`user_id`)
) ENGINE=InnoDB DEFAULT CHARSET=utf8mb4 COLLATE=utf8mb4_unicode_520_ci;

--
-- Dumping data for table `wp_5_wc_webhooks`
--


--
-- Table structure for table `wp_5_wca_referrals`
--

CREATE TABLE `wp_5_wca_referrals` (
  `id` int NOT NULL AUTO_INCREMENT,
  `affiliate` int NOT NULL,
  `type` varchar(32) CHARACTER SET utf8mb4 COLLATE utf8mb4_unicode_520_ci NOT NULL,
  `visit` int NOT NULL DEFAULT '0',
  `order_id` int NOT NULL,
  `products` text CHARACTER SET utf8mb4 COLLATE utf8mb4_unicode_520_ci NOT NULL,
  `order_total` float(16,2) NOT NULL,
  `commission` float(16,2) NOT NULL,
  `payment_status` varchar(16) CHARACTER SET utf8mb4 COLLATE utf8mb4_unicode_520_ci NOT NULL,
  `transaction_id` int NOT NULL DEFAULT '0',
  `time` int NOT NULL,
  PRIMARY KEY (`id`),
  KEY `affiliate_index` (`affiliate`),
  KEY `visit_index` (`visit`),
  KEY `order_id_index` (`order_id`),
  KEY `payment_status_index` (`payment_status`),
  KEY `transaction_id_index` (`transaction_id`),
  KEY `time_index` (`time`)
) ENGINE=InnoDB AUTO_INCREMENT=7 DEFAULT CHARSET=utf8mb4 COLLATE=utf8mb4_unicode_520_ci;

--
-- Dumping data for table `wp_5_wca_referrals`
--

INSERT INTO `wp_5_wca_referrals` VALUES (1,3,'sale',1,48,'a:5:{i:31;s:10:\"Sunglasses\";i:29;s:3:\"Cap\";i:27;s:4:\"Belt\";i:33;s:4:\"Polo\";i:13;s:7:\"T-Shirt\";}',395.00,79.00,'approved',0,1772424983),(2,3,'sale',2,49,'a:5:{i:31;s:10:\"Sunglasses\";i:14;s:6:\"Beanie\";i:27;s:4:\"Belt\";i:33;s:4:\"Polo\";i:13;s:7:\"T-Shirt\";}',1479.00,295.80,'approved',0,1772425556),(3,5,'sale',5,52,'a:1:{i:31;s:10:\"Sunglasses\";}',90.00,18.00,'paid',1,1772429470),(4,6,'sale',10,59,'a:1:{i:27;s:4:\"Belt\";}',55.00,11.00,'pending',0,1772431883),(5,5,'sale',11,61,'a:1:{i:27;s:4:\"Belt\";}',110.00,22.00,'pending',0,1772434047),(6,5,'sale',12,62,'a:1:{i:27;s:4:\"Belt\";}',165.00,33.00,'paid',1,1772434231);

--
-- Table structure for table `wp_5_wca_shortlinks`
--

CREATE TABLE `wp_5_wca_shortlinks` (
  `id` int NOT NULL AUTO_INCREMENT,
  `affiliate` int NOT NULL,
  `page_url` text NOT NULL,
  `campaign` varchar(200) NOT NULL,
  `identifier` text NOT NULL,
  `time` int NOT NULL,
  UNIQUE KEY `id` (`id`),
  KEY `affiliate_index` (`affiliate`),
  KEY `time_index` (`time`)
) ENGINE=InnoDB AUTO_INCREMENT=4 DEFAULT CHARSET=utf8mb4 COLLATE=utf8mb4_0900_ai_ci;

--
-- Dumping data for table `wp_5_wca_shortlinks`
--

INSERT INTO `wp_5_wca_shortlinks` VALUES (1,3,'https://easywp.site/mobile/shop/?add-to-cart=31&ref=3&campaign=summer','summer','E0Tn4r',1772424057),(2,3,'https://easywp.site/mobile/become-our-affiliate/?ref=3&campaign=easy','easy','SOkleP',1772425103),(3,8,'https://easywp.site/mobile/become-our-affiliate/?ref=8&campaign=up','up','A3ngOS',1772428526);

--
-- Table structure for table `wp_5_wca_transactions`
--

CREATE TABLE `wp_5_wca_transactions` (
  `id` int NOT NULL AUTO_INCREMENT,
  `affiliate` int NOT NULL,
  `amount` float(16,2) NOT NULL,
  `payment_method` varchar(255) CHARACTER SET utf8mb4 COLLATE utf8mb4_unicode_520_ci NOT NULL,
  `payment_details` longtext CHARACTER SET utf8mb4 COLLATE utf8mb4_unicode_520_ci,
  `txn_id` varchar(255) CHARACTER SET utf8mb4 COLLATE utf8mb4_unicode_520_ci NOT NULL,
  `status` varchar(16) CHARACTER SET utf8mb4 COLLATE utf8mb4_unicode_520_ci NOT NULL,
  `notes` text CHARACTER SET utf8mb4 COLLATE utf8mb4_unicode_520_ci,
  `request_at` int NOT NULL,
  `process_at` int NOT NULL,
  PRIMARY KEY (`id`),
  KEY `affiliate_index` (`affiliate`),
  KEY `status_index` (`status`),
  KEY `request_at_index` (`request_at`),
  KEY `process_at_index` (`process_at`)
) ENGINE=InnoDB AUTO_INCREMENT=2 DEFAULT CHARSET=utf8mb4 COLLATE=utf8mb4_unicode_520_ci;

--
-- Dumping data for table `wp_5_wca_transactions`
--

INSERT INTO `wp_5_wca_transactions` VALUES (1,5,51.00,'manual',NULL,'MANUAL-1772436472-5','completed',NULL,1772436472,1772436472);

--
-- Table structure for table `wp_5_wca_visits`
--

CREATE TABLE `wp_5_wca_visits` (
  `id` int NOT NULL AUTO_INCREMENT,
  `affiliate` int NOT NULL,
  `referral` int NOT NULL DEFAULT '0',
  `page_url` varchar(255) CHARACTER SET utf8mb4 COLLATE utf8mb4_unicode_520_ci NOT NULL,
  `referrer_url` varchar(255) CHARACTER SET utf8mb4 COLLATE utf8mb4_unicode_520_ci NOT NULL DEFAULT '',
  `campaign` varchar(255) CHARACTER SET utf8mb4 COLLATE utf8mb4_unicode_520_ci NOT NULL DEFAULT '',
  `ip` varchar(15) CHARACTER SET utf8mb4 COLLATE utf8mb4_unicode_520_ci NOT NULL,
  `time` int NOT NULL,
  PRIMARY KEY (`id`),
  KEY `affiliate_index` (`affiliate`),
  KEY `referral_index` (`referral`),
  KEY `time_index` (`time`)
) ENGINE=InnoDB AUTO_INCREMENT=13 DEFAULT CHARSET=utf8mb4 COLLATE=utf8mb4_unicode_520_ci;

--
-- Dumping data for table `wp_5_wca_visits`
--

INSERT INTO `wp_5_wca_visits` VALUES (1,3,1,'https://easywp.site/mobile/shop','','summer','27.147.186.29',1772424902),(2,3,2,'https://easywp.site/mobile/become-our-affiliate','','easy','27.147.186.29',1772425117),(3,9,0,'https://easywp.site/mobile/shop','','black-friday','27.147.186.29',1772427455),(4,9,0,'https://easywp.site/mobile/product/sunglasses','','summer-sale','27.147.186.29',1772427659),(5,5,3,'https://easywp.site/mobile/shop','','','103.163.50.178',1772428458),(6,8,0,'https://easywp.site/mobile/become-our-affiliate','','up','27.147.186.29',1772428578),(7,9,0,'https://easywp.site/mobile/product/sunglasses','','summer-sale','98.94.31.223',1772430289),(8,9,0,'https://easywp.site/mobile/product/sunglasses','','summer-sale','3.85.26.137',1772430291),(9,9,0,'https://easywp.site/mobile/product/sunglasses','','summer-sale','27.147.186.29',1772430384),(10,6,4,'https://easywp.site/mobile/product/belt','','','103.163.50.178',1772431763),(11,5,5,'https://easywp.site/mobile/become-our-affiliate','','','103.163.50.178',1772432986),(12,5,6,'https://easywp.site/mobile/product/belt','','','103.163.50.178',1772434138);

--
-- Table structure for table `wp_5_woocommerce_api_keys`
--

CREATE TABLE `wp_5_woocommerce_api_keys` (
  `key_id` bigint unsigned NOT NULL AUTO_INCREMENT,
  `user_id` bigint unsigned NOT NULL,
  `description` varchar(200) CHARACTER SET utf8mb4 COLLATE utf8mb4_unicode_520_ci DEFAULT NULL,
  `permissions` varchar(10) CHARACTER SET utf8mb4 COLLATE utf8mb4_unicode_520_ci NOT NULL,
  `consumer_key` char(64) CHARACTER SET utf8mb4 COLLATE utf8mb4_unicode_520_ci NOT NULL,
  `consumer_secret` char(43) CHARACTER SET utf8mb4 COLLATE utf8mb4_unicode_520_ci NOT NULL,
  `nonces` longtext CHARACTER SET utf8mb4 COLLATE utf8mb4_unicode_520_ci,
  `truncated_key` char(7) CHARACTER SET utf8mb4 COLLATE utf8mb4_unicode_520_ci NOT NULL,
  `last_access` datetime DEFAULT NULL,
  PRIMARY KEY (`key_id`),
  KEY `consumer_key` (`consumer_key`),
  KEY `consumer_secret` (`consumer_secret`)
) ENGINE=InnoDB DEFAULT CHARSET=utf8mb4 COLLATE=utf8mb4_unicode_520_ci;

--
-- Dumping data for table `wp_5_woocommerce_api_keys`
--


--
-- Table structure for table `wp_5_woocommerce_attribute_taxonomies`
--

CREATE TABLE `wp_5_woocommerce_attribute_taxonomies` (
  `attribute_id` bigint unsigned NOT NULL AUTO_INCREMENT,
  `attribute_name` varchar(200) CHARACTER SET utf8mb4 COLLATE utf8mb4_unicode_520_ci NOT NULL,
  `attribute_label` varchar(200) CHARACTER SET utf8mb4 COLLATE utf8mb4_unicode_520_ci DEFAULT NULL,
  `attribute_type` varchar(20) CHARACTER SET utf8mb4 COLLATE utf8mb4_unicode_520_ci NOT NULL,
  `attribute_orderby` varchar(20) CHARACTER SET utf8mb4 COLLATE utf8mb4_unicode_520_ci NOT NULL,
  `attribute_public` int NOT NULL DEFAULT '1',
  PRIMARY KEY (`attribute_id`),
  KEY `attribute_name` (`attribute_name`(20))
) ENGINE=InnoDB AUTO_INCREMENT=3 DEFAULT CHARSET=utf8mb4 COLLATE=utf8mb4_unicode_520_ci;

--
-- Dumping data for table `wp_5_woocommerce_attribute_taxonomies`
--

INSERT INTO `wp_5_woocommerce_attribute_taxonomies` VALUES (1,'color','Color','select','menu_order',0),(2,'size','Size','select','menu_order',0);

--
-- Table structure for table `wp_5_woocommerce_downloadable_product_permissions`
--

CREATE TABLE `wp_5_woocommerce_downloadable_product_permissions` (
  `permission_id` bigint unsigned NOT NULL AUTO_INCREMENT,
  `download_id` varchar(36) CHARACTER SET utf8mb4 COLLATE utf8mb4_unicode_520_ci NOT NULL,
  `product_id` bigint unsigned NOT NULL,
  `order_id` bigint unsigned NOT NULL DEFAULT '0',
  `order_key` varchar(200) CHARACTER SET utf8mb4 COLLATE utf8mb4_unicode_520_ci NOT NULL,
  `user_email` varchar(200) CHARACTER SET utf8mb4 COLLATE utf8mb4_unicode_520_ci NOT NULL,
  `user_id` bigint unsigned DEFAULT NULL,
  `downloads_remaining` varchar(9) CHARACTER SET utf8mb4 COLLATE utf8mb4_unicode_520_ci DEFAULT NULL,
  `access_granted` datetime NOT NULL DEFAULT '0000-00-00 00:00:00',
  `access_expires` datetime DEFAULT NULL,
  `download_count` bigint unsigned NOT NULL DEFAULT '0',
  PRIMARY KEY (`permission_id`),
  KEY `download_order_key_product` (`product_id`,`order_id`,`order_key`(16),`download_id`),
  KEY `download_order_product` (`download_id`,`order_id`,`product_id`),
  KEY `order_id` (`order_id`),
  KEY `user_order_remaining_expires` (`user_id`,`order_id`,`downloads_remaining`,`access_expires`),
  KEY `idx_user_email` (`user_email`(100))
) ENGINE=InnoDB DEFAULT CHARSET=utf8mb4 COLLATE=utf8mb4_unicode_520_ci;

--
-- Dumping data for table `wp_5_woocommerce_downloadable_product_permissions`
--


--
-- Table structure for table `wp_5_woocommerce_log`
--

CREATE TABLE `wp_5_woocommerce_log` (
  `log_id` bigint unsigned NOT NULL AUTO_INCREMENT,
  `timestamp` datetime NOT NULL,
  `level` smallint NOT NULL,
  `source` varchar(200) CHARACTER SET utf8mb4 COLLATE utf8mb4_unicode_520_ci NOT NULL,
  `message` longtext CHARACTER SET utf8mb4 COLLATE utf8mb4_unicode_520_ci NOT NULL,
  `context` longtext CHARACTER SET utf8mb4 COLLATE utf8mb4_unicode_520_ci,
  PRIMARY KEY (`log_id`),
  KEY `level` (`level`)
) ENGINE=InnoDB DEFAULT CHARSET=utf8mb4 COLLATE=utf8mb4_unicode_520_ci;

--
-- Dumping data for table `wp_5_woocommerce_log`
--


--
-- Table structure for table `wp_5_woocommerce_order_itemmeta`
--

CREATE TABLE `wp_5_woocommerce_order_itemmeta` (
  `meta_id` bigint unsigned NOT NULL AUTO_INCREMENT,
  `order_item_id` bigint unsigned NOT NULL,
  `meta_key` varchar(255) CHARACTER SET utf8mb4 COLLATE utf8mb4_unicode_520_ci DEFAULT NULL,
  `meta_value` longtext CHARACTER SET utf8mb4 COLLATE utf8mb4_unicode_520_ci,
  PRIMARY KEY (`meta_id`),
  KEY `order_item_id` (`order_item_id`),
  KEY `meta_key` (`meta_key`(32))
) ENGINE=InnoDB AUTO_INCREMENT=493 DEFAULT CHARSET=utf8mb4 COLLATE=utf8mb4_unicode_520_ci;

--
-- Dumping data for table `wp_5_woocommerce_order_itemmeta`
--

INSERT INTO `wp_5_woocommerce_order_itemmeta` VALUES (1,1,'_product_id','31'),(2,1,'_variation_id','0'),(3,1,'_qty','3'),(4,1,'_tax_class',''),(5,1,'_line_subtotal','270'),(6,1,'_line_subtotal_tax','0'),(7,1,'_line_total','270'),(8,1,'_line_tax','0'),(9,1,'_line_tax_data','a:2:{s:5:\"total\";a:0:{}s:8:\"subtotal\";a:0:{}}'),(10,2,'_product_id','29'),(11,2,'_variation_id','0'),(12,2,'_qty','2'),(13,2,'_tax_class',''),(14,2,'_line_subtotal','32'),(15,2,'_line_subtotal_tax','0'),(16,2,'_line_total','32'),(17,2,'_line_tax','0'),(18,2,'_line_tax_data','a:2:{s:5:\"total\";a:0:{}s:8:\"subtotal\";a:0:{}}'),(19,3,'_product_id','27'),(20,3,'_variation_id','0'),(21,3,'_qty','1'),(22,3,'_tax_class',''),(23,3,'_line_subtotal','55'),(24,3,'_line_subtotal_tax','0'),(25,3,'_line_total','55'),(26,3,'_line_tax','0'),(27,3,'_line_tax_data','a:2:{s:5:\"total\";a:0:{}s:8:\"subtotal\";a:0:{}}'),(28,4,'_product_id','33'),(29,4,'_variation_id','0'),(30,4,'_qty','1'),(31,4,'_tax_class',''),(32,4,'_line_subtotal','20'),(33,4,'_line_subtotal_tax','0'),(34,4,'_line_total','20'),(35,4,'_line_tax','0'),(36,4,'_line_tax_data','a:2:{s:5:\"total\";a:0:{}s:8:\"subtotal\";a:0:{}}'),(37,5,'_product_id','13'),(38,5,'_variation_id','0'),(39,5,'_qty','1'),(40,5,'_tax_class',''),(41,5,'_line_subtotal','18'),(42,5,'_line_subtotal_tax','0'),(43,5,'_line_total','18'),(44,5,'_line_tax','0'),(45,5,'_line_tax_data','a:2:{s:5:\"total\";a:0:{}s:8:\"subtotal\";a:0:{}}'),(46,6,'method_id','free_shipping'),(47,6,'instance_id','1'),(48,6,'cost','0'),(49,6,'total_tax','0'),(50,6,'taxes','a:1:{s:5:\"total\";a:0:{}}'),(51,6,'Items','Sunglasses &times; 3, Cap &times; 2, Belt &times; 1, Polo &times; 1, T-Shirt &times; 1'),(307,37,'_product_id','31'),(308,37,'_variation_id','0'),(309,37,'_qty','8'),(310,37,'_tax_class',''),(311,37,'_line_subtotal','720'),(312,37,'_line_subtotal_tax','0'),(313,37,'_line_total','720'),(314,37,'_line_tax','0'),(315,37,'_line_tax_data','a:2:{s:5:\"total\";a:0:{}s:8:\"subtotal\";a:0:{}}'),(316,38,'_product_id','14'),(317,38,'_variation_id','0'),(318,38,'_qty','6'),(319,38,'_tax_class',''),(320,38,'_line_subtotal','108'),(321,38,'_line_subtotal_tax','0'),(322,38,'_line_total','108'),(323,38,'_line_tax','0'),(324,38,'_line_tax_data','a:2:{s:5:\"total\";a:0:{}s:8:\"subtotal\";a:0:{}}'),(325,39,'_product_id','27'),(326,39,'_variation_id','0'),(327,39,'_qty','7'),(328,39,'_tax_class',''),(329,39,'_line_subtotal','385'),(330,39,'_line_subtotal_tax','0'),(331,39,'_line_total','385'),(332,39,'_line_tax','0'),(333,39,'_line_tax_data','a:2:{s:5:\"total\";a:0:{}s:8:\"subtotal\";a:0:{}}'),(334,40,'_product_id','33'),(335,40,'_variation_id','0'),(336,40,'_qty','7'),(337,40,'_tax_class',''),(338,40,'_line_subtotal','140'),(339,40,'_line_subtotal_tax','0'),(340,40,'_line_total','140'),(341,40,'_line_tax','0'),(342,40,'_line_tax_data','a:2:{s:5:\"total\";a:0:{}s:8:\"subtotal\";a:0:{}}'),(343,41,'_product_id','13'),(344,41,'_variation_id','0'),(345,41,'_qty','7'),(346,41,'_tax_class',''),(347,41,'_line_subtotal','126'),(348,41,'_line_subtotal_tax','0'),(349,41,'_line_total','126'),(350,41,'_line_tax','0'),(351,41,'_line_tax_data','a:2:{s:5:\"total\";a:0:{}s:8:\"subtotal\";a:0:{}}'),(352,42,'method_id','free_shipping'),(353,42,'instance_id','1'),(354,42,'cost','0'),(355,42,'total_tax','0'),(356,42,'taxes','a:1:{s:5:\"total\";a:0:{}}'),(357,42,'Items','Sunglasses &times; 8, Beanie &times; 6, Belt &times; 7, Polo &times; 7, T-Shirt &times; 7'),(358,43,'_product_id','27'),(359,43,'_variation_id','0'),(360,43,'_qty','3'),(361,43,'_tax_class',''),(362,43,'_line_subtotal','165'),(363,43,'_line_subtotal_tax','0'),(364,43,'_line_total','165'),(365,43,'_line_tax','0'),(366,43,'_line_tax_data','a:2:{s:5:\"total\";a:0:{}s:8:\"subtotal\";a:0:{}}'),(367,44,'method_id','free_shipping'),(368,44,'instance_id','1'),(369,44,'cost','0'),(370,44,'total_tax','0'),(371,44,'taxes','a:1:{s:5:\"total\";a:0:{}}'),(372,44,'Items','Belt &times; 3'),(373,45,'_product_id','31'),(374,45,'_variation_id','0'),(375,45,'_qty','1'),(376,45,'_tax_class',''),(377,45,'_line_subtotal','90'),(378,45,'_line_subtotal_tax','0'),(379,45,'_line_total','90'),(380,45,'_line_tax','0'),(381,45,'_line_tax_data','a:2:{s:5:\"total\";a:0:{}s:8:\"subtotal\";a:0:{}}'),(388,47,'_product_id','31'),(389,47,'_variation_id','0'),(390,47,'_qty','1'),(391,47,'_tax_class',''),(392,47,'_line_subtotal','90'),(393,47,'_line_subtotal_tax','0'),(394,47,'_line_total','90'),(395,47,'_line_tax','0'),(396,47,'_line_tax_data','a:2:{s:5:\"total\";a:0:{}s:8:\"subtotal\";a:0:{}}'),(397,48,'method_id','free_shipping'),(398,48,'instance_id','1'),(399,48,'cost','0'),(400,48,'total_tax','0'),(401,48,'taxes','a:1:{s:5:\"total\";a:0:{}}'),(402,48,'Items','Sunglasses &times; 1'),(403,49,'_product_id','33'),(404,49,'_variation_id','0'),(405,49,'_qty','3'),(406,49,'_tax_class',''),(407,49,'_line_subtotal','60'),(408,49,'_line_subtotal_tax','0'),(409,49,'_line_total','60'),(410,49,'_line_tax','0'),(411,49,'_line_tax_data','a:2:{s:5:\"total\";a:0:{}s:8:\"subtotal\";a:0:{}}'),(412,50,'method_id','free_shipping'),(413,50,'instance_id','1'),(414,50,'cost','0'),(415,50,'total_tax','0'),(416,50,'taxes','a:1:{s:5:\"total\";a:0:{}}'),(417,50,'Items','Polo &times; 3'),(418,51,'_product_id','27'),(419,51,'_variation_id','0'),(420,51,'_qty','1'),(421,51,'_tax_class',''),(422,51,'_line_subtotal','55'),(423,51,'_line_subtotal_tax','0'),(424,51,'_line_total','55'),(425,51,'_line_tax','0'),(426,51,'_line_tax_data','a:2:{s:5:\"total\";a:0:{}s:8:\"subtotal\";a:0:{}}'),(427,52,'method_id','free_shipping'),(428,52,'instance_id','1'),(429,52,'cost','0'),(430,52,'total_tax','0'),(431,52,'taxes','a:1:{s:5:\"total\";a:0:{}}'),(432,52,'Items','Belt &times; 1'),(433,53,'_product_id','27'),(434,53,'_variation_id','0'),(435,53,'_qty','1'),(436,53,'_tax_class',''),(437,53,'_line_subtotal','55'),(438,53,'_line_subtotal_tax','0'),(439,53,'_line_total','55'),(440,53,'_line_tax','0'),(441,53,'_line_tax_data','a:2:{s:5:\"total\";a:0:{}s:8:\"subtotal\";a:0:{}}'),(442,54,'method_id','free_shipping'),(443,54,'instance_id','1'),(444,54,'cost','0'),(445,54,'total_tax','0'),(446,54,'taxes','a:1:{s:5:\"total\";a:0:{}}'),(447,54,'Items','Belt &times; 1'),(448,55,'_product_id','29'),(449,55,'_variation_id','0'),(450,55,'_qty','2'),(451,55,'_tax_class',''),(452,55,'_line_subtotal','32'),(453,55,'_line_subtotal_tax','0'),(454,55,'_line_total','32'),(455,55,'_line_tax','0'),(456,55,'_line_tax_data','a:2:{s:5:\"total\";a:0:{}s:8:\"subtotal\";a:0:{}}'),(457,56,'method_id','free_shipping'),(458,56,'instance_id','1'),(459,56,'cost','0'),(460,56,'total_tax','0'),(461,56,'taxes','a:1:{s:5:\"total\";a:0:{}}'),(462,56,'Items','Cap &times; 2'),(463,57,'_product_id','27'),(464,57,'_variation_id','0'),(465,57,'_qty','2'),(466,57,'_tax_class',''),(467,57,'_line_subtotal','110'),(468,57,'_line_subtotal_tax','0'),(469,57,'_line_total','110'),(470,57,'_line_tax','0'),(471,57,'_line_tax_data','a:2:{s:5:\"total\";a:0:{}s:8:\"subtotal\";a:0:{}}'),(472,58,'method_id','free_shipping'),(473,58,'instance_id','1'),(474,58,'cost','0'),(475,58,'total_tax','0'),(476,58,'taxes','a:1:{s:5:\"total\";a:0:{}}'),(477,58,'Items','Belt &times; 2'),(478,59,'_product_id','27'),(479,59,'_variation_id','0'),(480,59,'_qty','3'),(481,59,'_tax_class',''),(482,59,'_line_subtotal','165'),(483,59,'_line_subtotal_tax','0'),(484,59,'_line_total','165'),(485,59,'_line_tax','0'),(486,59,'_line_tax_data','a:2:{s:5:\"total\";a:0:{}s:8:\"subtotal\";a:0:{}}'),(487,60,'method_id','free_shipping'),(488,60,'instance_id','1'),(489,60,'cost','0'),(490,60,'total_tax','0'),(491,60,'taxes','a:1:{s:5:\"total\";a:0:{}}'),(492,60,'Items','Belt &times; 3');

--
-- Table structure for table `wp_5_woocommerce_order_items`
--

CREATE TABLE `wp_5_woocommerce_order_items` (
  `order_item_id` bigint unsigned NOT NULL AUTO_INCREMENT,
  `order_item_name` text CHARACTER SET utf8mb4 COLLATE utf8mb4_unicode_520_ci NOT NULL,
  `order_item_type` varchar(200) CHARACTER SET utf8mb4 COLLATE utf8mb4_unicode_520_ci NOT NULL DEFAULT '',
  `order_id` bigint unsigned NOT NULL,
  PRIMARY KEY (`order_item_id`),
  KEY `order_id` (`order_id`)
) ENGINE=InnoDB AUTO_INCREMENT=61 DEFAULT CHARSET=utf8mb4 COLLATE=utf8mb4_unicode_520_ci;

--
-- Dumping data for table `wp_5_woocommerce_order_items`
--

INSERT INTO `wp_5_woocommerce_order_items` VALUES (1,'Sunglasses','line_item',48),(2,'Cap','line_item',48),(3,'Belt','line_item',48),(4,'Polo','line_item',48),(5,'T-Shirt','line_item',48),(6,'Free shipping','shipping',48),(37,'Sunglasses','line_item',49),(38,'Beanie','line_item',49),(39,'Belt','line_item',49),(40,'Polo','line_item',49),(41,'T-Shirt','line_item',49),(42,'Free shipping','shipping',49),(43,'Belt','line_item',50),(44,'Free shipping','shipping',50),(45,'Sunglasses','line_item',51),(47,'Sunglasses','line_item',52),(48,'Free shipping','shipping',52),(49,'Polo','line_item',57),(50,'Free shipping','shipping',57),(51,'Belt','line_item',58),(52,'Free shipping','shipping',58),(53,'Belt','line_item',59),(54,'Free shipping','shipping',59),(55,'Cap','line_item',60),(56,'Free shipping','shipping',60),(57,'Belt','line_item',61),(58,'Free shipping','shipping',61),(59,'Belt','line_item',62),(60,'Free shipping','shipping',62);

--
-- Table structure for table `wp_5_woocommerce_payment_tokenmeta`
--

CREATE TABLE `wp_5_woocommerce_payment_tokenmeta` (
  `meta_id` bigint unsigned NOT NULL AUTO_INCREMENT,
  `payment_token_id` bigint unsigned NOT NULL,
  `meta_key` varchar(255) CHARACTER SET utf8mb4 COLLATE utf8mb4_unicode_520_ci DEFAULT NULL,
  `meta_value` longtext CHARACTER SET utf8mb4 COLLATE utf8mb4_unicode_520_ci,
  PRIMARY KEY (`meta_id`),
  KEY `payment_token_id` (`payment_token_id`),
  KEY `meta_key` (`meta_key`(32))
) ENGINE=InnoDB DEFAULT CHARSET=utf8mb4 COLLATE=utf8mb4_unicode_520_ci;

--
-- Dumping data for table `wp_5_woocommerce_payment_tokenmeta`
--


--
-- Table structure for table `wp_5_woocommerce_payment_tokens`
--

CREATE TABLE `wp_5_woocommerce_payment_tokens` (
  `token_id` bigint unsigned NOT NULL AUTO_INCREMENT,
  `gateway_id` varchar(200) CHARACTER SET utf8mb4 COLLATE utf8mb4_unicode_520_ci NOT NULL,
  `token` text CHARACTER SET utf8mb4 COLLATE utf8mb4_unicode_520_ci NOT NULL,
  `user_id` bigint unsigned NOT NULL DEFAULT '0',
  `type` varchar(200) CHARACTER SET utf8mb4 COLLATE utf8mb4_unicode_520_ci NOT NULL,
  `is_default` tinyint(1) NOT NULL DEFAULT '0',
  PRIMARY KEY (`token_id`),
  KEY `user_id` (`user_id`)
) ENGINE=InnoDB DEFAULT CHARSET=utf8mb4 COLLATE=utf8mb4_unicode_520_ci;

--
-- Dumping data for table `wp_5_woocommerce_payment_tokens`
--


--
-- Table structure for table `wp_5_woocommerce_sessions`
--

CREATE TABLE `wp_5_woocommerce_sessions` (
  `session_id` bigint unsigned NOT NULL AUTO_INCREMENT,
  `session_key` char(32) CHARACTER SET utf8mb4 COLLATE utf8mb4_unicode_520_ci NOT NULL,
  `session_value` longtext CHARACTER SET utf8mb4 COLLATE utf8mb4_unicode_520_ci NOT NULL,
  `session_expiry` bigint unsigned NOT NULL,
  PRIMARY KEY (`session_id`),
  UNIQUE KEY `session_key` (`session_key`),
  KEY `session_expiry` (`session_expiry`)
) ENGINE=InnoDB AUTO_INCREMENT=180 DEFAULT CHARSET=utf8mb4 COLLATE=utf8mb4_unicode_520_ci;

--
-- Dumping data for table `wp_5_woocommerce_sessions`
--

INSERT INTO `wp_5_woocommerce_sessions` VALUES (179,'1','a:1:{s:8:\"customer\";s:760:\"a:28:{s:2:\"id\";s:1:\"1\";s:13:\"date_modified\";s:0:\"\";s:10:\"first_name\";s:0:\"\";s:9:\"last_name\";s:0:\"\";s:7:\"company\";s:0:\"\";s:5:\"phone\";s:0:\"\";s:5:\"email\";s:17:\"n.mukto@gmail.com\";s:7:\"address\";s:0:\"\";s:9:\"address_1\";s:0:\"\";s:9:\"address_2\";s:0:\"\";s:4:\"city\";s:0:\"\";s:5:\"state\";s:2:\"DE\";s:8:\"postcode\";s:0:\"\";s:7:\"country\";s:2:\"US\";s:19:\"shipping_first_name\";s:0:\"\";s:18:\"shipping_last_name\";s:0:\"\";s:16:\"shipping_company\";s:0:\"\";s:14:\"shipping_phone\";s:0:\"\";s:16:\"shipping_address\";s:0:\"\";s:18:\"shipping_address_1\";s:0:\"\";s:18:\"shipping_address_2\";s:0:\"\";s:13:\"shipping_city\";s:0:\"\";s:14:\"shipping_state\";s:2:\"DE\";s:17:\"shipping_postcode\";s:0:\"\";s:16:\"shipping_country\";s:2:\"US\";s:13:\"is_vat_exempt\";s:0:\"\";s:19:\"calculated_shipping\";s:0:\"\";s:9:\"meta_data\";a:0:{}}\";}',1773060782);

--
-- Table structure for table `wp_5_woocommerce_shipping_zone_locations`
--

CREATE TABLE `wp_5_woocommerce_shipping_zone_locations` (
  `location_id` bigint unsigned NOT NULL AUTO_INCREMENT,
  `zone_id` bigint unsigned NOT NULL,
  `location_code` varchar(200) CHARACTER SET utf8mb4 COLLATE utf8mb4_unicode_520_ci NOT NULL,
  `location_type` varchar(40) CHARACTER SET utf8mb4 COLLATE utf8mb4_unicode_520_ci NOT NULL,
  PRIMARY KEY (`location_id`),
  KEY `zone_id` (`zone_id`),
  KEY `location_type_code` (`location_type`(10),`location_code`(20))
) ENGINE=InnoDB AUTO_INCREMENT=2 DEFAULT CHARSET=utf8mb4 COLLATE=utf8mb4_unicode_520_ci;

--
-- Dumping data for table `wp_5_woocommerce_shipping_zone_locations`
--

INSERT INTO `wp_5_woocommerce_shipping_zone_locations` VALUES (1,1,'US','country');

--
-- Table structure for table `wp_5_woocommerce_shipping_zone_methods`
--

CREATE TABLE `wp_5_woocommerce_shipping_zone_methods` (
  `zone_id` bigint unsigned NOT NULL,
  `instance_id` bigint unsigned NOT NULL AUTO_INCREMENT,
  `method_id` varchar(200) CHARACTER SET utf8mb4 COLLATE utf8mb4_unicode_520_ci NOT NULL,
  `method_order` bigint unsigned NOT NULL,
  `is_enabled` tinyint(1) NOT NULL DEFAULT '1',
  PRIMARY KEY (`instance_id`)
) ENGINE=InnoDB AUTO_INCREMENT=2 DEFAULT CHARSET=utf8mb4 COLLATE=utf8mb4_unicode_520_ci;

--
-- Dumping data for table `wp_5_woocommerce_shipping_zone_methods`
--

INSERT INTO `wp_5_woocommerce_shipping_zone_methods` VALUES (1,1,'free_shipping',1,1);

--
-- Table structure for table `wp_5_woocommerce_shipping_zones`
--

CREATE TABLE `wp_5_woocommerce_shipping_zones` (
  `zone_id` bigint unsigned NOT NULL AUTO_INCREMENT,
  `zone_name` varchar(200) CHARACTER SET utf8mb4 COLLATE utf8mb4_unicode_520_ci NOT NULL,
  `zone_order` bigint unsigned NOT NULL,
  PRIMARY KEY (`zone_id`)
) ENGINE=InnoDB AUTO_INCREMENT=2 DEFAULT CHARSET=utf8mb4 COLLATE=utf8mb4_unicode_520_ci;

--
-- Dumping data for table `wp_5_woocommerce_shipping_zones`
--

INSERT INTO `wp_5_woocommerce_shipping_zones` VALUES (1,'United States (US)',0);

--
-- Table structure for table `wp_5_woocommerce_tax_rate_locations`
--

CREATE TABLE `wp_5_woocommerce_tax_rate_locations` (
  `location_id` bigint unsigned NOT NULL AUTO_INCREMENT,
  `location_code` varchar(200) CHARACTER SET utf8mb4 COLLATE utf8mb4_unicode_520_ci NOT NULL,
  `tax_rate_id` bigint unsigned NOT NULL,
  `location_type` varchar(40) CHARACTER SET utf8mb4 COLLATE utf8mb4_unicode_520_ci NOT NULL,
  PRIMARY KEY (`location_id`),
  KEY `tax_rate_id` (`tax_rate_id`),
  KEY `location_type_code` (`location_type`(10),`location_code`(20))
) ENGINE=InnoDB DEFAULT CHARSET=utf8mb4 COLLATE=utf8mb4_unicode_520_ci;

--
-- Dumping data for table `wp_5_woocommerce_tax_rate_locations`
--


--
-- Table structure for table `wp_5_woocommerce_tax_rates`
--

CREATE TABLE `wp_5_woocommerce_tax_rates` (
  `tax_rate_id` bigint unsigned NOT NULL AUTO_INCREMENT,
  `tax_rate_country` varchar(2) CHARACTER SET utf8mb4 COLLATE utf8mb4_unicode_520_ci NOT NULL DEFAULT '',
  `tax_rate_state` varchar(200) CHARACTER SET utf8mb4 COLLATE utf8mb4_unicode_520_ci NOT NULL DEFAULT '',
  `tax_rate` varchar(8) CHARACTER SET utf8mb4 COLLATE utf8mb4_unicode_520_ci NOT NULL DEFAULT '',
  `tax_rate_name` varchar(200) CHARACTER SET utf8mb4 COLLATE utf8mb4_unicode_520_ci NOT NULL DEFAULT '',
  `tax_rate_priority` bigint unsigned NOT NULL,
  `tax_rate_compound` int NOT NULL DEFAULT '0',
  `tax_rate_shipping` int NOT NULL DEFAULT '1',
  `tax_rate_order` bigint unsigned NOT NULL,
  `tax_rate_class` varchar(200) CHARACTER SET utf8mb4 COLLATE utf8mb4_unicode_520_ci NOT NULL DEFAULT '',
  PRIMARY KEY (`tax_rate_id`),
  KEY `tax_rate_country` (`tax_rate_country`),
  KEY `tax_rate_state` (`tax_rate_state`(2)),
  KEY `tax_rate_class` (`tax_rate_class`(10)),
  KEY `tax_rate_priority` (`tax_rate_priority`)
) ENGINE=InnoDB DEFAULT CHARSET=utf8mb4 COLLATE=utf8mb4_unicode_520_ci;

--
-- Dumping data for table `wp_5_woocommerce_tax_rates`
--


--
-- Table structure for table `wp_6_actionscheduler_actions`
--

CREATE TABLE `wp_6_actionscheduler_actions` (
  `action_id` bigint unsigned NOT NULL AUTO_INCREMENT,
  `hook` varchar(191) CHARACTER SET utf8mb4 COLLATE utf8mb4_unicode_520_ci NOT NULL,
  `status` varchar(20) CHARACTER SET utf8mb4 COLLATE utf8mb4_unicode_520_ci NOT NULL,
  `scheduled_date_gmt` datetime DEFAULT '0000-00-00 00:00:00',
  `scheduled_date_local` datetime DEFAULT '0000-00-00 00:00:00',
  `priority` tinyint unsigned NOT NULL DEFAULT '10',
  `args` varchar(191) CHARACTER SET utf8mb4 COLLATE utf8mb4_unicode_520_ci DEFAULT NULL,
  `schedule` longtext CHARACTER SET utf8mb4 COLLATE utf8mb4_unicode_520_ci,
  `group_id` bigint unsigned NOT NULL DEFAULT '0',
  `attempts` int NOT NULL DEFAULT '0',
  `last_attempt_gmt` datetime DEFAULT '0000-00-00 00:00:00',
  `last_attempt_local` datetime DEFAULT '0000-00-00 00:00:00',
  `claim_id` bigint unsigned NOT NULL DEFAULT '0',
  `extended_args` varchar(8000) CHARACTER SET utf8mb4 COLLATE utf8mb4_unicode_520_ci DEFAULT NULL,
  PRIMARY KEY (`action_id`),
  KEY `hook_status_scheduled_date_gmt` (`hook`(163),`status`,`scheduled_date_gmt`),
  KEY `status_scheduled_date_gmt` (`status`,`scheduled_date_gmt`),
  KEY `scheduled_date_gmt` (`scheduled_date_gmt`),
  KEY `args` (`args`),
  KEY `group_id` (`group_id`),
  KEY `last_attempt_gmt` (`last_attempt_gmt`),
  KEY `claim_id_status_priority_scheduled_date_gmt` (`claim_id`,`status`,`priority`,`scheduled_date_gmt`),
  KEY `status_last_attempt_gmt` (`status`,`last_attempt_gmt`),
  KEY `status_claim_id` (`status`,`claim_id`)
) ENGINE=InnoDB AUTO_INCREMENT=73 DEFAULT CHARSET=utf8mb4 COLLATE=utf8mb4_unicode_520_ci;

--
-- Dumping data for table `wp_6_actionscheduler_actions`
--

INSERT INTO `wp_6_actionscheduler_actions` VALUES (6,'action_scheduler_run_recurring_actions_schedule_hook','complete','2026-03-01 14:38:03','2026-03-01 14:38:03',20,'[]','O:32:\"ActionScheduler_IntervalSchedule\":5:{s:22:\"\0*\0scheduled_timestamp\";i:1772375883;s:18:\"\0*\0first_timestamp\";i:1772375883;s:13:\"\0*\0recurrence\";i:86400;s:49:\"\0ActionScheduler_IntervalSchedule\0start_timestamp\";i:1772375883;s:53:\"\0ActionScheduler_IntervalSchedule\0interval_in_seconds\";i:86400;}',1,1,'2026-03-01 14:38:06','2026-03-01 14:38:06',1,NULL),(7,'action_scheduler/migration_hook','complete','2026-03-01 14:39:06','2026-03-01 14:39:06',10,'[]','O:30:\"ActionScheduler_SimpleSchedule\":2:{s:22:\"\0*\0scheduled_timestamp\";i:1772375946;s:41:\"\0ActionScheduler_SimpleSchedule\0timestamp\";i:1772375946;}',2,1,'2026-03-01 14:39:58','2026-03-01 14:39:58',4,NULL),(8,'woocommerce_scheduled_sales','complete','2026-03-02 00:00:00','2026-03-02 00:00:00',10,'[]','O:32:\"ActionScheduler_IntervalSchedule\":5:{s:22:\"\0*\0scheduled_timestamp\";i:1772409600;s:18:\"\0*\0first_timestamp\";i:1772409600;s:13:\"\0*\0recurrence\";i:86400;s:49:\"\0ActionScheduler_IntervalSchedule\0start_timestamp\";i:1772409600;s:53:\"\0ActionScheduler_IntervalSchedule\0interval_in_seconds\";i:86400;}',3,1,'2026-03-02 02:21:55','2026-03-02 02:21:55',18,NULL),(9,'woocommerce_cancel_unpaid_orders','complete','2026-03-01 15:38:06','2026-03-01 15:38:06',10,'[]','O:30:\"ActionScheduler_SimpleSchedule\":2:{s:22:\"\0*\0scheduled_timestamp\";i:1772379486;s:41:\"\0ActionScheduler_SimpleSchedule\0timestamp\";i:1772379486;}',3,1,'2026-03-02 02:21:55','2026-03-02 02:21:55',18,NULL),(10,'woocommerce_cleanup_personal_data','complete','2026-03-01 14:38:16','2026-03-01 14:38:16',10,'[]','O:32:\"ActionScheduler_IntervalSchedule\":5:{s:22:\"\0*\0scheduled_timestamp\";i:1772375896;s:18:\"\0*\0first_timestamp\";i:1772375896;s:13:\"\0*\0recurrence\";i:86400;s:49:\"\0ActionScheduler_IntervalSchedule\0start_timestamp\";i:1772375896;s:53:\"\0ActionScheduler_IntervalSchedule\0interval_in_seconds\";i:86400;}',3,1,'2026-03-01 14:39:58','2026-03-01 14:39:58',4,NULL),(11,'woocommerce_cleanup_logs','complete','2026-03-02 03:00:00','2026-03-02 03:00:00',10,'[]','O:32:\"ActionScheduler_IntervalSchedule\":5:{s:22:\"\0*\0scheduled_timestamp\";i:1772420400;s:18:\"\0*\0first_timestamp\";i:1772420400;s:13:\"\0*\0recurrence\";i:86400;s:49:\"\0ActionScheduler_IntervalSchedule\0start_timestamp\";i:1772420400;s:53:\"\0ActionScheduler_IntervalSchedule\0interval_in_seconds\";i:86400;}',3,1,'2026-03-02 03:00:25','2026-03-02 03:00:25',39,NULL),(12,'woocommerce_cleanup_sessions','complete','2026-03-02 06:00:00','2026-03-02 06:00:00',10,'[]','O:32:\"ActionScheduler_IntervalSchedule\":5:{s:22:\"\0*\0scheduled_timestamp\";i:1772431200;s:18:\"\0*\0first_timestamp\";i:1772431200;s:13:\"\0*\0recurrence\";i:43200;s:49:\"\0ActionScheduler_IntervalSchedule\0start_timestamp\";i:1772431200;s:53:\"\0ActionScheduler_IntervalSchedule\0interval_in_seconds\";i:43200;}',3,1,'2026-03-02 06:00:48','2026-03-02 06:00:48',205,NULL),(13,'woocommerce_geoip_updater','complete','2026-03-02 06:00:00','2026-03-02 06:00:00',10,'[]','O:32:\"ActionScheduler_IntervalSchedule\":5:{s:22:\"\0*\0scheduled_timestamp\";i:1772431200;s:18:\"\0*\0first_timestamp\";i:1772431200;s:13:\"\0*\0recurrence\";i:1296000;s:49:\"\0ActionScheduler_IntervalSchedule\0start_timestamp\";i:1772431200;s:53:\"\0ActionScheduler_IntervalSchedule\0interval_in_seconds\";i:1296000;}',3,1,'2026-03-02 06:00:48','2026-03-02 06:00:48',205,NULL),(14,'woocommerce_cleanup_rate_limits_wrapper','complete','2026-03-02 03:00:00','2026-03-02 03:00:00',10,'[]','O:32:\"ActionScheduler_IntervalSchedule\":5:{s:22:\"\0*\0scheduled_timestamp\";i:1772420400;s:18:\"\0*\0first_timestamp\";i:1772420400;s:13:\"\0*\0recurrence\";i:86400;s:49:\"\0ActionScheduler_IntervalSchedule\0start_timestamp\";i:1772420400;s:53:\"\0ActionScheduler_IntervalSchedule\0interval_in_seconds\";i:86400;}',3,1,'2026-03-02 03:00:25','2026-03-02 03:00:25',39,NULL),(15,'wc_admin_daily_wrapper','complete','2026-03-01 14:38:06','2026-03-01 14:38:06',10,'[]','O:32:\"ActionScheduler_IntervalSchedule\":5:{s:22:\"\0*\0scheduled_timestamp\";i:1772375886;s:18:\"\0*\0first_timestamp\";i:1772375886;s:13:\"\0*\0recurrence\";i:86400;s:49:\"\0ActionScheduler_IntervalSchedule\0start_timestamp\";i:1772375886;s:53:\"\0ActionScheduler_IntervalSchedule\0interval_in_seconds\";i:86400;}',3,1,'2026-03-01 14:38:08','2026-03-01 14:38:08',2,NULL),(16,'generate_category_lookup_table_wrapper','complete','2026-03-01 14:38:16','2026-03-01 14:38:16',10,'[]','O:30:\"ActionScheduler_SimpleSchedule\":2:{s:22:\"\0*\0scheduled_timestamp\";i:1772375896;s:41:\"\0ActionScheduler_SimpleSchedule\0timestamp\";i:1772375896;}',3,1,'2026-03-01 14:39:58','2026-03-01 14:39:58',4,NULL),(17,'woocommerce_refresh_order_count_cache','complete','2026-03-02 02:38:06','2026-03-02 02:38:06',10,'[\"shop_order\"]','O:32:\"ActionScheduler_IntervalSchedule\":5:{s:22:\"\0*\0scheduled_timestamp\";i:1772419086;s:18:\"\0*\0first_timestamp\";i:1772419086;s:13:\"\0*\0recurrence\";i:43200;s:49:\"\0ActionScheduler_IntervalSchedule\0start_timestamp\";i:1772419086;s:53:\"\0ActionScheduler_IntervalSchedule\0interval_in_seconds\";i:43200;}',4,1,'2026-03-02 02:38:16','2026-03-02 02:38:16',23,NULL),(18,'action_scheduler_run_recurring_actions_schedule_hook','pending','2026-03-02 14:38:06','2026-03-02 14:38:06',20,'[]','O:32:\"ActionScheduler_IntervalSchedule\":5:{s:22:\"\0*\0scheduled_timestamp\";i:1772462286;s:18:\"\0*\0first_timestamp\";i:1772375883;s:13:\"\0*\0recurrence\";i:86400;s:49:\"\0ActionScheduler_IntervalSchedule\0start_timestamp\";i:1772462286;s:53:\"\0ActionScheduler_IntervalSchedule\0interval_in_seconds\";i:86400;}',1,0,'0000-00-00 00:00:00','0000-00-00 00:00:00',0,NULL),(19,'wc_admin_daily_wrapper','pending','2026-03-02 14:38:08','2026-03-02 14:38:08',10,'[]','O:32:\"ActionScheduler_IntervalSchedule\":5:{s:22:\"\0*\0scheduled_timestamp\";i:1772462288;s:18:\"\0*\0first_timestamp\";i:1772375886;s:13:\"\0*\0recurrence\";i:86400;s:49:\"\0ActionScheduler_IntervalSchedule\0start_timestamp\";i:1772462288;s:53:\"\0ActionScheduler_IntervalSchedule\0interval_in_seconds\";i:86400;}',3,0,'0000-00-00 00:00:00','0000-00-00 00:00:00',0,NULL),(20,'wc-admin_process_pending_orders_batch','complete','2026-03-01 14:38:08','2026-03-01 14:38:08',10,'[]','O:32:\"ActionScheduler_IntervalSchedule\":5:{s:22:\"\0*\0scheduled_timestamp\";i:1772375888;s:18:\"\0*\0first_timestamp\";i:1772375888;s:13:\"\0*\0recurrence\";i:43200;s:49:\"\0ActionScheduler_IntervalSchedule\0start_timestamp\";i:1772375888;s:53:\"\0ActionScheduler_IntervalSchedule\0interval_in_seconds\";i:43200;}',5,1,'2026-03-01 14:39:57','2026-03-01 14:39:57',4,NULL),(21,'woocommerce_cleanup_draft_orders','complete','2026-03-01 14:38:09','2026-03-01 14:38:09',10,'[]','O:32:\"ActionScheduler_IntervalSchedule\":5:{s:22:\"\0*\0scheduled_timestamp\";i:1772375889;s:18:\"\0*\0first_timestamp\";i:1772375889;s:13:\"\0*\0recurrence\";i:86400;s:49:\"\0ActionScheduler_IntervalSchedule\0start_timestamp\";i:1772375889;s:53:\"\0ActionScheduler_IntervalSchedule\0interval_in_seconds\";i:86400;}',6,1,'2026-03-01 14:39:57','2026-03-01 14:39:57',4,NULL),(22,'woocommerce_update_marketplace_suggestions','complete','2026-03-01 14:38:11','2026-03-01 14:38:11',10,'[]','O:30:\"ActionScheduler_SimpleSchedule\":2:{s:22:\"\0*\0scheduled_timestamp\";i:1772375891;s:41:\"\0ActionScheduler_SimpleSchedule\0timestamp\";i:1772375891;}',6,1,'2026-03-01 14:39:57','2026-03-01 14:39:57',4,NULL),(23,'wc-admin_process_pending_orders_batch','complete','2026-03-02 02:39:57','2026-03-02 02:39:57',10,'[]','O:32:\"ActionScheduler_IntervalSchedule\":5:{s:22:\"\0*\0scheduled_timestamp\";i:1772419197;s:18:\"\0*\0first_timestamp\";i:1772375888;s:13:\"\0*\0recurrence\";i:43200;s:49:\"\0ActionScheduler_IntervalSchedule\0start_timestamp\";i:1772419197;s:53:\"\0ActionScheduler_IntervalSchedule\0interval_in_seconds\";i:43200;}',5,1,'2026-03-02 02:40:32','2026-03-02 02:40:32',26,NULL),(25,'woocommerce_cleanup_personal_data','pending','2026-03-02 14:39:58','2026-03-02 14:39:58',10,'[]','O:32:\"ActionScheduler_IntervalSchedule\":5:{s:22:\"\0*\0scheduled_timestamp\";i:1772462398;s:18:\"\0*\0first_timestamp\";i:1772375896;s:13:\"\0*\0recurrence\";i:86400;s:49:\"\0ActionScheduler_IntervalSchedule\0start_timestamp\";i:1772462398;s:53:\"\0ActionScheduler_IntervalSchedule\0interval_in_seconds\";i:86400;}',3,0,'0000-00-00 00:00:00','0000-00-00 00:00:00',0,NULL),(26,'woocommerce_cancel_unpaid_orders','complete','2026-03-02 03:21:55','2026-03-02 03:21:55',10,'[]','O:30:\"ActionScheduler_SimpleSchedule\":2:{s:22:\"\0*\0scheduled_timestamp\";i:1772421715;s:41:\"\0ActionScheduler_SimpleSchedule\0timestamp\";i:1772421715;}',3,1,'2026-03-02 03:22:05','2026-03-02 03:22:05',55,NULL),(27,'woocommerce_scheduled_sales','pending','2026-03-03 02:21:55','2026-03-03 02:21:55',10,'[]','O:32:\"ActionScheduler_IntervalSchedule\":5:{s:22:\"\0*\0scheduled_timestamp\";i:1772504515;s:18:\"\0*\0first_timestamp\";i:1772409600;s:13:\"\0*\0recurrence\";i:86400;s:49:\"\0ActionScheduler_IntervalSchedule\0start_timestamp\";i:1772504515;s:53:\"\0ActionScheduler_IntervalSchedule\0interval_in_seconds\";i:86400;}',3,0,'0000-00-00 00:00:00','0000-00-00 00:00:00',0,NULL),(29,'wc-admin_process_pending_orders_batch','pending','2026-03-02 14:40:32','2026-03-02 14:40:32',10,'[]','O:32:\"ActionScheduler_IntervalSchedule\":5:{s:22:\"\0*\0scheduled_timestamp\";i:1772462432;s:18:\"\0*\0first_timestamp\";i:1772375888;s:13:\"\0*\0recurrence\";i:43200;s:49:\"\0ActionScheduler_IntervalSchedule\0start_timestamp\";i:1772462432;s:53:\"\0ActionScheduler_IntervalSchedule\0interval_in_seconds\";i:43200;}',5,0,'0000-00-00 00:00:00','0000-00-00 00:00:00',0,NULL),(30,'woocommerce_cleanup_logs','pending','2026-03-03 03:00:25','2026-03-03 03:00:25',10,'[]','O:32:\"ActionScheduler_IntervalSchedule\":5:{s:22:\"\0*\0scheduled_timestamp\";i:1772506825;s:18:\"\0*\0first_timestamp\";i:1772420400;s:13:\"\0*\0recurrence\";i:86400;s:49:\"\0ActionScheduler_IntervalSchedule\0start_timestamp\";i:1772506825;s:53:\"\0ActionScheduler_IntervalSchedule\0interval_in_seconds\";i:86400;}',3,0,'0000-00-00 00:00:00','0000-00-00 00:00:00',0,NULL),(31,'woocommerce_cleanup_rate_limits_wrapper','pending','2026-03-03 03:00:25','2026-03-03 03:00:25',10,'[]','O:32:\"ActionScheduler_IntervalSchedule\":5:{s:22:\"\0*\0scheduled_timestamp\";i:1772506825;s:18:\"\0*\0first_timestamp\";i:1772420400;s:13:\"\0*\0recurrence\";i:86400;s:49:\"\0ActionScheduler_IntervalSchedule\0start_timestamp\";i:1772506825;s:53:\"\0ActionScheduler_IntervalSchedule\0interval_in_seconds\";i:86400;}',3,0,'0000-00-00 00:00:00','0000-00-00 00:00:00',0,NULL),(32,'woocommerce_run_product_attribute_lookup_update_callback','complete','2026-03-02 03:17:05','2026-03-02 03:17:05',10,'[12,1]','O:30:\"ActionScheduler_SimpleSchedule\":2:{s:22:\"\0*\0scheduled_timestamp\";i:1772421425;s:41:\"\0ActionScheduler_SimpleSchedule\0timestamp\";i:1772421425;}',7,1,'2026-03-02 03:18:05','2026-03-02 03:18:05',50,NULL),(33,'woocommerce_run_product_attribute_lookup_update_callback','complete','2026-03-02 03:17:05','2026-03-02 03:17:05',10,'[13,1]','O:30:\"ActionScheduler_SimpleSchedule\":2:{s:22:\"\0*\0scheduled_timestamp\";i:1772421425;s:41:\"\0ActionScheduler_SimpleSchedule\0timestamp\";i:1772421425;}',7,1,'2026-03-02 03:18:05','2026-03-02 03:18:05',50,NULL),(34,'woocommerce_run_product_attribute_lookup_update_callback','complete','2026-03-02 03:17:05','2026-03-02 03:17:05',10,'[14,1]','O:30:\"ActionScheduler_SimpleSchedule\":2:{s:22:\"\0*\0scheduled_timestamp\";i:1772421425;s:41:\"\0ActionScheduler_SimpleSchedule\0timestamp\";i:1772421425;}',7,1,'2026-03-02 03:18:05','2026-03-02 03:18:05',50,NULL),(35,'woocommerce_admin/stored_state_setup_for_products/async/run_remote_notifications','failed','2026-03-02 03:17:04','2026-03-02 03:17:04',10,'[]','O:28:\"ActionScheduler_NullSchedule\":0:{}',6,1,'2026-03-02 03:18:05','2026-03-02 03:18:05',50,NULL),(36,'woocommerce_run_product_attribute_lookup_update_callback','complete','2026-03-02 03:17:06','2026-03-02 03:17:06',10,'[16,1]','O:30:\"ActionScheduler_SimpleSchedule\":2:{s:22:\"\0*\0scheduled_timestamp\";i:1772421426;s:41:\"\0ActionScheduler_SimpleSchedule\0timestamp\";i:1772421426;}',7,1,'2026-03-02 03:18:05','2026-03-02 03:18:05',50,NULL),(37,'woocommerce_run_product_attribute_lookup_update_callback','complete','2026-03-02 03:17:07','2026-03-02 03:17:07',10,'[20,1]','O:30:\"ActionScheduler_SimpleSchedule\":2:{s:22:\"\0*\0scheduled_timestamp\";i:1772421427;s:41:\"\0ActionScheduler_SimpleSchedule\0timestamp\";i:1772421427;}',7,1,'2026-03-02 03:18:05','2026-03-02 03:18:05',50,NULL),(38,'woocommerce_run_product_attribute_lookup_update_callback','complete','2026-03-02 03:17:10','2026-03-02 03:17:10',10,'[27,1]','O:30:\"ActionScheduler_SimpleSchedule\":2:{s:22:\"\0*\0scheduled_timestamp\";i:1772421430;s:41:\"\0ActionScheduler_SimpleSchedule\0timestamp\";i:1772421430;}',7,1,'2026-03-02 03:18:06','2026-03-02 03:18:06',50,NULL),(39,'woocommerce_run_product_attribute_lookup_update_callback','complete','2026-03-02 03:17:10','2026-03-02 03:17:10',10,'[29,1]','O:30:\"ActionScheduler_SimpleSchedule\":2:{s:22:\"\0*\0scheduled_timestamp\";i:1772421430;s:41:\"\0ActionScheduler_SimpleSchedule\0timestamp\";i:1772421430;}',7,1,'2026-03-02 03:18:06','2026-03-02 03:18:06',50,NULL),(40,'woocommerce_run_product_attribute_lookup_update_callback','complete','2026-03-02 03:17:11','2026-03-02 03:17:11',10,'[31,1]','O:30:\"ActionScheduler_SimpleSchedule\":2:{s:22:\"\0*\0scheduled_timestamp\";i:1772421431;s:41:\"\0ActionScheduler_SimpleSchedule\0timestamp\";i:1772421431;}',7,1,'2026-03-02 03:18:06','2026-03-02 03:18:06',50,NULL),(41,'woocommerce_run_product_attribute_lookup_update_callback','complete','2026-03-02 03:17:11','2026-03-02 03:17:11',10,'[33,1]','O:30:\"ActionScheduler_SimpleSchedule\":2:{s:22:\"\0*\0scheduled_timestamp\";i:1772421431;s:41:\"\0ActionScheduler_SimpleSchedule\0timestamp\";i:1772421431;}',7,1,'2026-03-02 03:18:06','2026-03-02 03:18:06',50,NULL),(42,'woocommerce_run_product_attribute_lookup_update_callback','complete','2026-03-02 03:17:12','2026-03-02 03:17:12',10,'[35,1]','O:30:\"ActionScheduler_SimpleSchedule\":2:{s:22:\"\0*\0scheduled_timestamp\";i:1772421432;s:41:\"\0ActionScheduler_SimpleSchedule\0timestamp\";i:1772421432;}',7,1,'2026-03-02 03:18:06','2026-03-02 03:18:06',50,NULL),(43,'woocommerce_cancel_unpaid_orders','complete','2026-03-02 04:22:05','2026-03-02 04:22:05',10,'[]','O:30:\"ActionScheduler_SimpleSchedule\":2:{s:22:\"\0*\0scheduled_timestamp\";i:1772425325;s:41:\"\0ActionScheduler_SimpleSchedule\0timestamp\";i:1772425325;}',3,1,'2026-03-02 04:22:11','2026-03-02 04:22:11',115,NULL),(44,'wc_schedule_pending_batch_processes','complete','2026-03-02 04:16:22','2026-03-02 04:16:22',10,'[]','O:30:\"ActionScheduler_SimpleSchedule\":2:{s:22:\"\0*\0scheduled_timestamp\";i:1772424982;s:41:\"\0ActionScheduler_SimpleSchedule\0timestamp\";i:1772424982;}',8,1,'2026-03-02 04:17:04','2026-03-02 04:17:04',107,NULL),(45,'wc_run_batch_process','complete','2026-03-02 04:17:04','2026-03-02 04:17:04',10,'[\"Automattic\\\\WooCommerce\\\\Internal\\\\Logging\\\\OrderLogsDeletionProcessor\"]','O:30:\"ActionScheduler_SimpleSchedule\":2:{s:22:\"\0*\0scheduled_timestamp\";i:1772425024;s:41:\"\0ActionScheduler_SimpleSchedule\0timestamp\";i:1772425024;}',6,1,'2026-03-02 04:17:04','2026-03-02 04:17:04',108,NULL),(46,'woocommerce_cancel_unpaid_orders','complete','2026-03-02 05:22:11','2026-03-02 05:22:11',10,'[]','O:30:\"ActionScheduler_SimpleSchedule\":2:{s:22:\"\0*\0scheduled_timestamp\";i:1772428931;s:41:\"\0ActionScheduler_SimpleSchedule\0timestamp\";i:1772428931;}',3,1,'2026-03-02 05:23:43','2026-03-02 05:23:43',171,NULL),(47,'wc_schedule_pending_batch_processes','complete','2026-03-02 04:25:55','2026-03-02 04:25:55',10,'[]','O:30:\"ActionScheduler_SimpleSchedule\":2:{s:22:\"\0*\0scheduled_timestamp\";i:1772425555;s:41:\"\0ActionScheduler_SimpleSchedule\0timestamp\";i:1772425555;}',8,1,'2026-03-02 04:26:03','2026-03-02 04:26:03',121,NULL),(48,'wc_run_batch_process','complete','2026-03-02 04:26:03','2026-03-02 04:26:03',10,'[\"Automattic\\\\WooCommerce\\\\Internal\\\\Logging\\\\OrderLogsDeletionProcessor\"]','O:30:\"ActionScheduler_SimpleSchedule\":2:{s:22:\"\0*\0scheduled_timestamp\";i:1772425563;s:41:\"\0ActionScheduler_SimpleSchedule\0timestamp\";i:1772425563;}',6,1,'2026-03-02 04:26:03','2026-03-02 04:26:03',122,NULL),(49,'wc_schedule_pending_batch_processes','complete','2026-03-02 05:09:51','2026-03-02 05:09:51',10,'[]','O:30:\"ActionScheduler_SimpleSchedule\":2:{s:22:\"\0*\0scheduled_timestamp\";i:1772428191;s:41:\"\0ActionScheduler_SimpleSchedule\0timestamp\";i:1772428191;}',8,1,'2026-03-02 05:10:05','2026-03-02 05:10:05',159,NULL),(50,'wc_run_batch_process','complete','2026-03-02 05:10:05','2026-03-02 05:10:05',10,'[\"Automattic\\\\WooCommerce\\\\Internal\\\\Logging\\\\OrderLogsDeletionProcessor\"]','O:30:\"ActionScheduler_SimpleSchedule\":2:{s:22:\"\0*\0scheduled_timestamp\";i:1772428205;s:41:\"\0ActionScheduler_SimpleSchedule\0timestamp\";i:1772428205;}',6,1,'2026-03-02 05:10:05','2026-03-02 05:10:05',160,NULL),(51,'woocommerce_cancel_unpaid_orders','complete','2026-03-02 06:23:43','2026-03-02 06:23:43',10,'[]','O:30:\"ActionScheduler_SimpleSchedule\":2:{s:22:\"\0*\0scheduled_timestamp\";i:1772432623;s:41:\"\0ActionScheduler_SimpleSchedule\0timestamp\";i:1772432623;}',3,1,'2026-03-02 06:24:07','2026-03-02 06:24:07',234,NULL),(52,'wc_schedule_pending_batch_processes','complete','2026-03-02 05:31:09','2026-03-02 05:31:09',10,'[]','O:30:\"ActionScheduler_SimpleSchedule\":2:{s:22:\"\0*\0scheduled_timestamp\";i:1772429469;s:41:\"\0ActionScheduler_SimpleSchedule\0timestamp\";i:1772429469;}',8,1,'2026-03-02 05:31:09','2026-03-02 05:31:09',175,NULL),(53,'wc_run_batch_process','complete','2026-03-02 05:31:09','2026-03-02 05:31:09',10,'[\"Automattic\\\\WooCommerce\\\\Internal\\\\Logging\\\\OrderLogsDeletionProcessor\"]','O:30:\"ActionScheduler_SimpleSchedule\":2:{s:22:\"\0*\0scheduled_timestamp\";i:1772429469;s:41:\"\0ActionScheduler_SimpleSchedule\0timestamp\";i:1772429469;}',6,1,'2026-03-02 05:31:09','2026-03-02 05:31:09',176,NULL),(54,'woocommerce_cleanup_sessions','pending','2026-03-02 18:00:48','2026-03-02 18:00:48',10,'[]','O:32:\"ActionScheduler_IntervalSchedule\":5:{s:22:\"\0*\0scheduled_timestamp\";i:1772474448;s:18:\"\0*\0first_timestamp\";i:1772431200;s:13:\"\0*\0recurrence\";i:43200;s:49:\"\0ActionScheduler_IntervalSchedule\0start_timestamp\";i:1772474448;s:53:\"\0ActionScheduler_IntervalSchedule\0interval_in_seconds\";i:43200;}',3,0,'0000-00-00 00:00:00','0000-00-00 00:00:00',0,NULL),(55,'woocommerce_geoip_updater','pending','2026-03-17 06:00:48','2026-03-17 06:00:48',10,'[]','O:32:\"ActionScheduler_IntervalSchedule\":5:{s:22:\"\0*\0scheduled_timestamp\";i:1773727248;s:18:\"\0*\0first_timestamp\";i:1772431200;s:13:\"\0*\0recurrence\";i:1296000;s:49:\"\0ActionScheduler_IntervalSchedule\0start_timestamp\";i:1773727248;s:53:\"\0ActionScheduler_IntervalSchedule\0interval_in_seconds\";i:1296000;}',3,0,'0000-00-00 00:00:00','0000-00-00 00:00:00',0,NULL),(56,'wc_schedule_pending_batch_processes','complete','2026-03-02 06:06:33','2026-03-02 06:06:33',10,'[]','O:30:\"ActionScheduler_SimpleSchedule\":2:{s:22:\"\0*\0scheduled_timestamp\";i:1772431593;s:41:\"\0ActionScheduler_SimpleSchedule\0timestamp\";i:1772431593;}',8,1,'2026-03-02 06:06:49','2026-03-02 06:06:49',214,NULL),(57,'wc_run_batch_process','complete','2026-03-02 06:06:49','2026-03-02 06:06:49',10,'[\"Automattic\\\\WooCommerce\\\\Internal\\\\Logging\\\\OrderLogsDeletionProcessor\"]','O:30:\"ActionScheduler_SimpleSchedule\":2:{s:22:\"\0*\0scheduled_timestamp\";i:1772431609;s:41:\"\0ActionScheduler_SimpleSchedule\0timestamp\";i:1772431609;}',6,1,'2026-03-02 06:06:49','2026-03-02 06:06:49',215,NULL),(58,'wc_schedule_pending_batch_processes','complete','2026-03-02 06:11:22','2026-03-02 06:11:22',10,'[]','O:30:\"ActionScheduler_SimpleSchedule\":2:{s:22:\"\0*\0scheduled_timestamp\";i:1772431882;s:41:\"\0ActionScheduler_SimpleSchedule\0timestamp\";i:1772431882;}',8,1,'2026-03-02 06:13:57','2026-03-02 06:13:57',222,NULL),(59,'wc_run_batch_process','complete','2026-03-02 06:13:57','2026-03-02 06:13:57',10,'[\"Automattic\\\\WooCommerce\\\\Internal\\\\Logging\\\\OrderLogsDeletionProcessor\"]','O:30:\"ActionScheduler_SimpleSchedule\":2:{s:22:\"\0*\0scheduled_timestamp\";i:1772432037;s:41:\"\0ActionScheduler_SimpleSchedule\0timestamp\";i:1772432037;}',6,1,'2026-03-02 06:13:57','2026-03-02 06:13:57',223,NULL),(60,'woocommerce_cancel_unpaid_orders','complete','2026-03-02 07:24:07','2026-03-02 07:24:07',10,'[]','O:30:\"ActionScheduler_SimpleSchedule\":2:{s:22:\"\0*\0scheduled_timestamp\";i:1772436247;s:41:\"\0ActionScheduler_SimpleSchedule\0timestamp\";i:1772436247;}',3,1,'2026-03-02 07:25:05','2026-03-02 07:25:05',282,NULL),(61,'wc_schedule_pending_batch_processes','complete','2026-03-02 06:24:35','2026-03-02 06:24:35',10,'[]','O:30:\"ActionScheduler_SimpleSchedule\":2:{s:22:\"\0*\0scheduled_timestamp\";i:1772432675;s:41:\"\0ActionScheduler_SimpleSchedule\0timestamp\";i:1772432675;}',8,1,'2026-03-02 06:25:10','2026-03-02 06:25:10',237,NULL),(62,'wc_run_batch_process','complete','2026-03-02 06:25:10','2026-03-02 06:25:10',10,'[\"Automattic\\\\WooCommerce\\\\Internal\\\\Logging\\\\OrderLogsDeletionProcessor\"]','O:30:\"ActionScheduler_SimpleSchedule\":2:{s:22:\"\0*\0scheduled_timestamp\";i:1772432710;s:41:\"\0ActionScheduler_SimpleSchedule\0timestamp\";i:1772432710;}',6,1,'2026-03-02 06:25:10','2026-03-02 06:25:10',238,NULL),(63,'wc_schedule_pending_batch_processes','complete','2026-03-02 06:47:26','2026-03-02 06:47:26',10,'[]','O:30:\"ActionScheduler_SimpleSchedule\":2:{s:22:\"\0*\0scheduled_timestamp\";i:1772434046;s:41:\"\0ActionScheduler_SimpleSchedule\0timestamp\";i:1772434046;}',8,1,'2026-03-02 06:48:07','2026-03-02 06:48:07',259,NULL),(64,'wc_run_batch_process','complete','2026-03-02 06:48:07','2026-03-02 06:48:07',10,'[\"Automattic\\\\WooCommerce\\\\Internal\\\\Logging\\\\OrderLogsDeletionProcessor\"]','O:30:\"ActionScheduler_SimpleSchedule\":2:{s:22:\"\0*\0scheduled_timestamp\";i:1772434087;s:41:\"\0ActionScheduler_SimpleSchedule\0timestamp\";i:1772434087;}',6,1,'2026-03-02 06:48:07','2026-03-02 06:48:07',260,NULL),(65,'wc_schedule_pending_batch_processes','complete','2026-03-02 06:50:30','2026-03-02 06:50:30',10,'[]','O:30:\"ActionScheduler_SimpleSchedule\":2:{s:22:\"\0*\0scheduled_timestamp\";i:1772434230;s:41:\"\0ActionScheduler_SimpleSchedule\0timestamp\";i:1772434230;}',8,1,'2026-03-02 06:51:26','2026-03-02 06:51:26',264,NULL),(66,'wc_run_batch_process','complete','2026-03-02 06:51:26','2026-03-02 06:51:26',10,'[\"Automattic\\\\WooCommerce\\\\Internal\\\\Logging\\\\OrderLogsDeletionProcessor\"]','O:30:\"ActionScheduler_SimpleSchedule\":2:{s:22:\"\0*\0scheduled_timestamp\";i:1772434286;s:41:\"\0ActionScheduler_SimpleSchedule\0timestamp\";i:1772434286;}',6,1,'2026-03-02 06:51:26','2026-03-02 06:51:26',265,NULL),(67,'woocommerce_cancel_unpaid_orders','complete','2026-03-02 08:25:04','2026-03-02 08:25:04',10,'[]','O:30:\"ActionScheduler_SimpleSchedule\":2:{s:22:\"\0*\0scheduled_timestamp\";i:1772439904;s:41:\"\0ActionScheduler_SimpleSchedule\0timestamp\";i:1772439904;}',3,1,'2026-03-02 08:25:04','2026-03-02 08:25:04',299,NULL),(68,'woocommerce_cancel_unpaid_orders','complete','2026-03-02 09:25:04','2026-03-02 09:25:04',10,'[]','O:30:\"ActionScheduler_SimpleSchedule\":2:{s:22:\"\0*\0scheduled_timestamp\";i:1772443504;s:41:\"\0ActionScheduler_SimpleSchedule\0timestamp\";i:1772443504;}',3,1,'2026-03-02 12:45:29','2026-03-02 12:45:29',305,NULL),(69,'woocommerce_cancel_unpaid_orders','pending','2026-03-02 13:45:29','2026-03-02 13:45:29',10,'[]','O:30:\"ActionScheduler_SimpleSchedule\":2:{s:22:\"\0*\0scheduled_timestamp\";i:1772459129;s:41:\"\0ActionScheduler_SimpleSchedule\0timestamp\";i:1772459129;}',3,0,'0000-00-00 00:00:00','0000-00-00 00:00:00',0,NULL),(70,'action_scheduler/migration_hook','complete','2026-03-02 12:49:01','2026-03-02 12:49:01',10,'[]','O:30:\"ActionScheduler_SimpleSchedule\":2:{s:22:\"\0*\0scheduled_timestamp\";i:1772455741;s:41:\"\0ActionScheduler_SimpleSchedule\0timestamp\";i:1772455741;}',2,1,'2026-03-02 12:49:24','2026-03-02 12:49:24',310,NULL),(71,'woocommerce_cleanup_draft_orders','complete','2026-03-02 12:48:01','2026-03-02 12:48:01',10,'[]','O:32:\"ActionScheduler_IntervalSchedule\":5:{s:22:\"\0*\0scheduled_timestamp\";i:1772455681;s:18:\"\0*\0first_timestamp\";i:1772455681;s:13:\"\0*\0recurrence\";i:86400;s:49:\"\0ActionScheduler_IntervalSchedule\0start_timestamp\";i:1772455681;s:53:\"\0ActionScheduler_IntervalSchedule\0interval_in_seconds\";i:86400;}',6,1,'2026-03-02 12:49:24','2026-03-02 12:49:24',310,NULL),(72,'woocommerce_cleanup_draft_orders','pending','2026-03-03 12:49:24','2026-03-03 12:49:24',10,'[]','O:32:\"ActionScheduler_IntervalSchedule\":5:{s:22:\"\0*\0scheduled_timestamp\";i:1772542164;s:18:\"\0*\0first_timestamp\";i:1772455681;s:13:\"\0*\0recurrence\";i:86400;s:49:\"\0ActionScheduler_IntervalSchedule\0start_timestamp\";i:1772542164;s:53:\"\0ActionScheduler_IntervalSchedule\0interval_in_seconds\";i:86400;}',6,0,'0000-00-00 00:00:00','0000-00-00 00:00:00',0,NULL);

--
-- Table structure for table `wp_6_actionscheduler_claims`
--

CREATE TABLE `wp_6_actionscheduler_claims` (
  `claim_id` bigint unsigned NOT NULL AUTO_INCREMENT,
  `date_created_gmt` datetime DEFAULT '0000-00-00 00:00:00',
  PRIMARY KEY (`claim_id`),
  KEY `date_created_gmt` (`date_created_gmt`)
) ENGINE=InnoDB AUTO_INCREMENT=317 DEFAULT CHARSET=utf8mb4 COLLATE=utf8mb4_unicode_520_ci;

--
-- Dumping data for table `wp_6_actionscheduler_claims`
--


--
-- Table structure for table `wp_6_actionscheduler_groups`
--

CREATE TABLE `wp_6_actionscheduler_groups` (
  `group_id` bigint unsigned NOT NULL AUTO_INCREMENT,
  `slug` varchar(255) CHARACTER SET utf8mb4 COLLATE utf8mb4_unicode_520_ci NOT NULL,
  PRIMARY KEY (`group_id`),
  KEY `slug` (`slug`(191))
) ENGINE=InnoDB AUTO_INCREMENT=9 DEFAULT CHARSET=utf8mb4 COLLATE=utf8mb4_unicode_520_ci;

--
-- Dumping data for table `wp_6_actionscheduler_groups`
--

INSERT INTO `wp_6_actionscheduler_groups` VALUES (1,'ActionScheduler'),(2,'action-scheduler-migration'),(3,'woocommerce'),(4,'count'),(5,'wc-admin-data'),(6,''),(7,'woocommerce-db-updates'),(8,'wc_batch_processes');

--
-- Table structure for table `wp_6_actionscheduler_logs`
--

CREATE TABLE `wp_6_actionscheduler_logs` (
  `log_id` bigint unsigned NOT NULL AUTO_INCREMENT,
  `action_id` bigint unsigned NOT NULL,
  `message` text CHARACTER SET utf8mb4 COLLATE utf8mb4_unicode_520_ci NOT NULL,
  `log_date_gmt` datetime DEFAULT '0000-00-00 00:00:00',
  `log_date_local` datetime DEFAULT '0000-00-00 00:00:00',
  PRIMARY KEY (`log_id`),
  KEY `action_id` (`action_id`),
  KEY `log_date_gmt` (`log_date_gmt`)
) ENGINE=InnoDB AUTO_INCREMENT=178 DEFAULT CHARSET=utf8mb4 COLLATE=utf8mb4_unicode_520_ci;

--
-- Dumping data for table `wp_6_actionscheduler_logs`
--

INSERT INTO `wp_6_actionscheduler_logs` VALUES (1,6,'action created','2026-03-01 14:38:03','2026-03-01 14:38:03'),(2,7,'action created','2026-03-01 14:38:06','2026-03-01 14:38:06'),(3,6,'action started via WP Cron','2026-03-01 14:38:06','2026-03-01 14:38:06'),(4,8,'action created','2026-03-01 14:38:06','2026-03-01 14:38:06'),(5,9,'action created','2026-03-01 14:38:06','2026-03-01 14:38:06'),(6,10,'action created','2026-03-01 14:38:06','2026-03-01 14:38:06'),(7,11,'action created','2026-03-01 14:38:06','2026-03-01 14:38:06'),(8,12,'action created','2026-03-01 14:38:06','2026-03-01 14:38:06'),(9,13,'action created','2026-03-01 14:38:06','2026-03-01 14:38:06'),(10,14,'action created','2026-03-01 14:38:06','2026-03-01 14:38:06'),(11,15,'action created','2026-03-01 14:38:06','2026-03-01 14:38:06'),(12,16,'action created','2026-03-01 14:38:06','2026-03-01 14:38:06'),(13,17,'action created','2026-03-01 14:38:06','2026-03-01 14:38:06'),(14,6,'action complete via WP Cron','2026-03-01 14:38:06','2026-03-01 14:38:06'),(15,18,'action created','2026-03-01 14:38:06','2026-03-01 14:38:06'),(16,15,'action started via WP Cron','2026-03-01 14:38:06','2026-03-01 14:38:06'),(17,15,'action complete via WP Cron','2026-03-01 14:38:08','2026-03-01 14:38:08'),(18,19,'action created','2026-03-01 14:38:08','2026-03-01 14:38:08'),(19,20,'action created','2026-03-01 14:38:08','2026-03-01 14:38:08'),(20,21,'action created','2026-03-01 14:38:09','2026-03-01 14:38:09'),(21,22,'action created','2026-03-01 14:38:11','2026-03-01 14:38:11'),(22,20,'action started via Async Request','2026-03-01 14:39:57','2026-03-01 14:39:57'),(23,20,'action complete via Async Request','2026-03-01 14:39:57','2026-03-01 14:39:57'),(24,23,'action created','2026-03-01 14:39:57','2026-03-01 14:39:57'),(25,21,'action started via Async Request','2026-03-01 14:39:57','2026-03-01 14:39:57'),(26,21,'action complete via Async Request','2026-03-01 14:39:57','2026-03-01 14:39:57'),(28,22,'action started via Async Request','2026-03-01 14:39:57','2026-03-01 14:39:57'),(29,22,'action complete via Async Request','2026-03-01 14:39:57','2026-03-01 14:39:57'),(30,10,'action started via Async Request','2026-03-01 14:39:57','2026-03-01 14:39:57'),(31,10,'action complete via Async Request','2026-03-01 14:39:58','2026-03-01 14:39:58'),(32,25,'action created','2026-03-01 14:39:58','2026-03-01 14:39:58'),(33,16,'action started via Async Request','2026-03-01 14:39:58','2026-03-01 14:39:58'),(34,16,'action complete via Async Request','2026-03-01 14:39:58','2026-03-01 14:39:58'),(35,7,'action started via Async Request','2026-03-01 14:39:58','2026-03-01 14:39:58'),(36,7,'action complete via Async Request','2026-03-01 14:39:58','2026-03-01 14:39:58'),(37,9,'action started via WP Cron','2026-03-02 02:21:55','2026-03-02 02:21:55'),(38,26,'action created','2026-03-02 02:21:55','2026-03-02 02:21:55'),(39,9,'action complete via WP Cron','2026-03-02 02:21:55','2026-03-02 02:21:55'),(40,8,'action started via WP Cron','2026-03-02 02:21:55','2026-03-02 02:21:55'),(41,8,'action complete via WP Cron','2026-03-02 02:21:55','2026-03-02 02:21:55'),(42,27,'action created','2026-03-02 02:21:55','2026-03-02 02:21:55'),(43,17,'action started via WP Cron','2026-03-02 02:38:16','2026-03-02 02:38:16'),(44,17,'action complete via WP Cron','2026-03-02 02:38:16','2026-03-02 02:38:16'),(46,23,'action started via Async Request','2026-03-02 02:40:32','2026-03-02 02:40:32'),(47,23,'action complete via Async Request','2026-03-02 02:40:32','2026-03-02 02:40:32'),(48,29,'action created','2026-03-02 02:40:32','2026-03-02 02:40:32'),(49,11,'action started via Async Request','2026-03-02 03:00:25','2026-03-02 03:00:25'),(50,11,'action complete via Async Request','2026-03-02 03:00:25','2026-03-02 03:00:25'),(51,30,'action created','2026-03-02 03:00:25','2026-03-02 03:00:25'),(52,14,'action started via Async Request','2026-03-02 03:00:25','2026-03-02 03:00:25'),(53,14,'action complete via Async Request','2026-03-02 03:00:25','2026-03-02 03:00:25'),(54,31,'action created','2026-03-02 03:00:25','2026-03-02 03:00:25'),(55,32,'action created','2026-03-02 03:17:04','2026-03-02 03:17:04'),(56,33,'action created','2026-03-02 03:17:04','2026-03-02 03:17:04'),(57,34,'action created','2026-03-02 03:17:04','2026-03-02 03:17:04'),(58,35,'action created','2026-03-02 03:17:04','2026-03-02 03:17:04'),(59,36,'action created','2026-03-02 03:17:05','2026-03-02 03:17:05'),(60,37,'action created','2026-03-02 03:17:06','2026-03-02 03:17:06'),(61,38,'action created','2026-03-02 03:17:09','2026-03-02 03:17:09'),(62,39,'action created','2026-03-02 03:17:09','2026-03-02 03:17:09'),(63,40,'action created','2026-03-02 03:17:10','2026-03-02 03:17:10'),(64,41,'action created','2026-03-02 03:17:10','2026-03-02 03:17:10'),(65,42,'action created','2026-03-02 03:17:11','2026-03-02 03:17:11'),(66,35,'action started via Async Request','2026-03-02 03:18:05','2026-03-02 03:18:05'),(67,35,'action failed via Async Request: Scheduled action for woocommerce_admin/stored_state_setup_for_products/async/run_remote_notifications will not be executed as no callbacks are registered.','2026-03-02 03:18:05','2026-03-02 03:18:05'),(68,32,'action started via Async Request','2026-03-02 03:18:05','2026-03-02 03:18:05'),(69,32,'action complete via Async Request','2026-03-02 03:18:05','2026-03-02 03:18:05'),(70,33,'action started via Async Request','2026-03-02 03:18:05','2026-03-02 03:18:05'),(71,33,'action complete via Async Request','2026-03-02 03:18:05','2026-03-02 03:18:05'),(72,34,'action started via Async Request','2026-03-02 03:18:05','2026-03-02 03:18:05'),(73,34,'action complete via Async Request','2026-03-02 03:18:05','2026-03-02 03:18:05'),(74,36,'action started via Async Request','2026-03-02 03:18:05','2026-03-02 03:18:05'),(75,36,'action complete via Async Request','2026-03-02 03:18:05','2026-03-02 03:18:05'),(76,37,'action started via Async Request','2026-03-02 03:18:05','2026-03-02 03:18:05'),(77,37,'action complete via Async Request','2026-03-02 03:18:05','2026-03-02 03:18:05'),(78,38,'action started via Async Request','2026-03-02 03:18:05','2026-03-02 03:18:05'),(79,38,'action complete via Async Request','2026-03-02 03:18:06','2026-03-02 03:18:06'),(80,39,'action started via Async Request','2026-03-02 03:18:06','2026-03-02 03:18:06'),(81,39,'action complete via Async Request','2026-03-02 03:18:06','2026-03-02 03:18:06'),(82,40,'action started via Async Request','2026-03-02 03:18:06','2026-03-02 03:18:06'),(83,40,'action complete via Async Request','2026-03-02 03:18:06','2026-03-02 03:18:06'),(84,41,'action started via Async Request','2026-03-02 03:18:06','2026-03-02 03:18:06'),(85,41,'action complete via Async Request','2026-03-02 03:18:06','2026-03-02 03:18:06'),(86,42,'action started via Async Request','2026-03-02 03:18:06','2026-03-02 03:18:06'),(87,42,'action complete via Async Request','2026-03-02 03:18:06','2026-03-02 03:18:06'),(88,26,'action started via WP Cron','2026-03-02 03:22:05','2026-03-02 03:22:05'),(89,43,'action created','2026-03-02 03:22:05','2026-03-02 03:22:05'),(90,26,'action complete via WP Cron','2026-03-02 03:22:05','2026-03-02 03:22:05'),(91,44,'action created','2026-03-02 04:16:22','2026-03-02 04:16:22'),(92,44,'action started via Async Request','2026-03-02 04:17:04','2026-03-02 04:17:04'),(93,45,'action created','2026-03-02 04:17:04','2026-03-02 04:17:04'),(94,44,'action complete via Async Request','2026-03-02 04:17:04','2026-03-02 04:17:04'),(95,45,'action started via Async Request','2026-03-02 04:17:04','2026-03-02 04:17:04'),(96,45,'action complete via Async Request','2026-03-02 04:17:04','2026-03-02 04:17:04'),(97,43,'action started via Async Request','2026-03-02 04:22:11','2026-03-02 04:22:11'),(98,46,'action created','2026-03-02 04:22:11','2026-03-02 04:22:11'),(99,43,'action complete via Async Request','2026-03-02 04:22:11','2026-03-02 04:22:11'),(100,47,'action created','2026-03-02 04:25:55','2026-03-02 04:25:55'),(101,47,'action started via WP Cron','2026-03-02 04:26:03','2026-03-02 04:26:03'),(102,48,'action created','2026-03-02 04:26:03','2026-03-02 04:26:03'),(103,47,'action complete via WP Cron','2026-03-02 04:26:03','2026-03-02 04:26:03'),(104,48,'action started via WP Cron','2026-03-02 04:26:03','2026-03-02 04:26:03'),(105,48,'action complete via WP Cron','2026-03-02 04:26:03','2026-03-02 04:26:03'),(106,49,'action created','2026-03-02 05:09:51','2026-03-02 05:09:51'),(107,49,'action started via WP Cron','2026-03-02 05:10:05','2026-03-02 05:10:05'),(108,50,'action created','2026-03-02 05:10:05','2026-03-02 05:10:05'),(109,49,'action complete via WP Cron','2026-03-02 05:10:05','2026-03-02 05:10:05'),(110,50,'action started via WP Cron','2026-03-02 05:10:05','2026-03-02 05:10:05'),(111,50,'action complete via WP Cron','2026-03-02 05:10:05','2026-03-02 05:10:05'),(112,46,'action started via Async Request','2026-03-02 05:23:43','2026-03-02 05:23:43'),(113,51,'action created','2026-03-02 05:23:43','2026-03-02 05:23:43'),(114,46,'action complete via Async Request','2026-03-02 05:23:43','2026-03-02 05:23:43'),(115,52,'action created','2026-03-02 05:31:09','2026-03-02 05:31:09'),(116,52,'action started via WP Cron','2026-03-02 05:31:09','2026-03-02 05:31:09'),(117,53,'action created','2026-03-02 05:31:09','2026-03-02 05:31:09'),(118,52,'action complete via WP Cron','2026-03-02 05:31:09','2026-03-02 05:31:09'),(119,53,'action started via WP Cron','2026-03-02 05:31:09','2026-03-02 05:31:09'),(120,53,'action complete via WP Cron','2026-03-02 05:31:09','2026-03-02 05:31:09'),(121,12,'action started via Async Request','2026-03-02 06:00:48','2026-03-02 06:00:48'),(122,12,'action complete via Async Request','2026-03-02 06:00:48','2026-03-02 06:00:48'),(123,54,'action created','2026-03-02 06:00:48','2026-03-02 06:00:48'),(124,13,'action started via Async Request','2026-03-02 06:00:48','2026-03-02 06:00:48'),(125,13,'action complete via Async Request','2026-03-02 06:00:48','2026-03-02 06:00:48'),(126,55,'action created','2026-03-02 06:00:48','2026-03-02 06:00:48'),(127,56,'action created','2026-03-02 06:06:33','2026-03-02 06:06:33'),(128,56,'action started via Async Request','2026-03-02 06:06:49','2026-03-02 06:06:49'),(129,57,'action created','2026-03-02 06:06:49','2026-03-02 06:06:49'),(130,56,'action complete via Async Request','2026-03-02 06:06:49','2026-03-02 06:06:49'),(131,57,'action started via Async Request','2026-03-02 06:06:49','2026-03-02 06:06:49'),(132,57,'action complete via Async Request','2026-03-02 06:06:49','2026-03-02 06:06:49'),(133,58,'action created','2026-03-02 06:11:22','2026-03-02 06:11:22'),(134,58,'action started via Async Request','2026-03-02 06:13:57','2026-03-02 06:13:57'),(135,59,'action created','2026-03-02 06:13:57','2026-03-02 06:13:57'),(136,58,'action complete via Async Request','2026-03-02 06:13:57','2026-03-02 06:13:57'),(137,59,'action started via Async Request','2026-03-02 06:13:57','2026-03-02 06:13:57'),(138,59,'action complete via Async Request','2026-03-02 06:13:57','2026-03-02 06:13:57'),(139,51,'action started via Async Request','2026-03-02 06:24:07','2026-03-02 06:24:07'),(140,60,'action created','2026-03-02 06:24:07','2026-03-02 06:24:07'),(141,51,'action complete via Async Request','2026-03-02 06:24:07','2026-03-02 06:24:07'),(142,61,'action created','2026-03-02 06:24:35','2026-03-02 06:24:35'),(143,61,'action started via WP Cron','2026-03-02 06:25:10','2026-03-02 06:25:10'),(144,62,'action created','2026-03-02 06:25:10','2026-03-02 06:25:10'),(145,61,'action complete via WP Cron','2026-03-02 06:25:10','2026-03-02 06:25:10'),(146,62,'action started via WP Cron','2026-03-02 06:25:10','2026-03-02 06:25:10'),(147,62,'action complete via WP Cron','2026-03-02 06:25:10','2026-03-02 06:25:10'),(148,63,'action created','2026-03-02 06:47:26','2026-03-02 06:47:26'),(149,63,'action started via WP Cron','2026-03-02 06:48:07','2026-03-02 06:48:07'),(150,64,'action created','2026-03-02 06:48:07','2026-03-02 06:48:07'),(151,63,'action complete via WP Cron','2026-03-02 06:48:07','2026-03-02 06:48:07'),(152,64,'action started via WP Cron','2026-03-02 06:48:07','2026-03-02 06:48:07'),(153,64,'action complete via WP Cron','2026-03-02 06:48:07','2026-03-02 06:48:07'),(154,65,'action created','2026-03-02 06:50:30','2026-03-02 06:50:30'),(155,65,'action started via Async Request','2026-03-02 06:51:26','2026-03-02 06:51:26'),(156,66,'action created','2026-03-02 06:51:26','2026-03-02 06:51:26'),(157,65,'action complete via Async Request','2026-03-02 06:51:26','2026-03-02 06:51:26'),(158,66,'action started via Async Request','2026-03-02 06:51:26','2026-03-02 06:51:26'),(159,66,'action complete via Async Request','2026-03-02 06:51:26','2026-03-02 06:51:26'),(160,60,'action started via Async Request','2026-03-02 07:25:04','2026-03-02 07:25:04'),(161,67,'action created','2026-03-02 07:25:05','2026-03-02 07:25:05'),(162,60,'action complete via Async Request','2026-03-02 07:25:05','2026-03-02 07:25:05'),(163,67,'action started via WP Cron','2026-03-02 08:25:04','2026-03-02 08:25:04'),(164,68,'action created','2026-03-02 08:25:04','2026-03-02 08:25:04'),(165,67,'action complete via WP Cron','2026-03-02 08:25:04','2026-03-02 08:25:04'),(166,68,'action started via Async Request','2026-03-02 12:45:29','2026-03-02 12:45:29'),(167,69,'action created','2026-03-02 12:45:29','2026-03-02 12:45:29'),(168,68,'action complete via Async Request','2026-03-02 12:45:29','2026-03-02 12:45:29'),(171,70,'action created','2026-03-02 12:48:01','2026-03-02 12:48:01'),(172,71,'action created','2026-03-02 12:48:01','2026-03-02 12:48:01'),(173,71,'action started via Async Request','2026-03-02 12:49:24','2026-03-02 12:49:24'),(174,71,'action complete via Async Request','2026-03-02 12:49:24','2026-03-02 12:49:24'),(175,72,'action created','2026-03-02 12:49:24','2026-03-02 12:49:24'),(176,70,'action started via Async Request','2026-03-02 12:49:24','2026-03-02 12:49:24'),(177,70,'action complete via Async Request','2026-03-02 12:49:24','2026-03-02 12:49:24');

--
-- Table structure for table `wp_6_fsmpt_email_logs`
--

CREATE TABLE `wp_6_fsmpt_email_logs` (
  `id` int unsigned NOT NULL AUTO_INCREMENT,
  `site_id` int unsigned DEFAULT NULL,
  `to` varchar(255) COLLATE utf8mb4_unicode_520_ci DEFAULT NULL,
  `from` varchar(255) COLLATE utf8mb4_unicode_520_ci DEFAULT NULL,
  `subject` varchar(255) COLLATE utf8mb4_unicode_520_ci DEFAULT NULL,
  `body` longtext COLLATE utf8mb4_unicode_520_ci,
  `headers` longtext COLLATE utf8mb4_unicode_520_ci,
  `attachments` longtext COLLATE utf8mb4_unicode_520_ci,
  `status` varchar(20) COLLATE utf8mb4_unicode_520_ci DEFAULT 'pending',
  `response` text COLLATE utf8mb4_unicode_520_ci,
  `extra` text COLLATE utf8mb4_unicode_520_ci,
  `retries` int unsigned DEFAULT '0',
  `resent_count` int unsigned DEFAULT '0',
  `source` varchar(255) COLLATE utf8mb4_unicode_520_ci DEFAULT NULL,
  `created_at` timestamp NULL DEFAULT NULL,
  `updated_at` timestamp NULL DEFAULT NULL,
  PRIMARY KEY (`id`),
  KEY `status` (`status`)
) ENGINE=InnoDB DEFAULT CHARSET=utf8mb4 COLLATE=utf8mb4_unicode_520_ci;

--
-- Dumping data for table `wp_6_fsmpt_email_logs`
--


--
-- Table structure for table `wp_6_wc_admin_note_actions`
--

CREATE TABLE `wp_6_wc_admin_note_actions` (
  `action_id` bigint unsigned NOT NULL AUTO_INCREMENT,
  `note_id` bigint unsigned NOT NULL,
  `name` varchar(255) CHARACTER SET utf8mb4 COLLATE utf8mb4_unicode_520_ci NOT NULL,
  `label` varchar(255) CHARACTER SET utf8mb4 COLLATE utf8mb4_unicode_520_ci NOT NULL,
  `query` longtext CHARACTER SET utf8mb4 COLLATE utf8mb4_unicode_520_ci NOT NULL,
  `status` varchar(255) CHARACTER SET utf8mb4 COLLATE utf8mb4_unicode_520_ci NOT NULL,
  `actioned_text` varchar(255) CHARACTER SET utf8mb4 COLLATE utf8mb4_unicode_520_ci NOT NULL,
  `nonce_action` varchar(255) CHARACTER SET utf8mb4 COLLATE utf8mb4_unicode_520_ci DEFAULT NULL,
  `nonce_name` varchar(255) CHARACTER SET utf8mb4 COLLATE utf8mb4_unicode_520_ci DEFAULT NULL,
  PRIMARY KEY (`action_id`),
  KEY `note_id` (`note_id`)
) ENGINE=InnoDB AUTO_INCREMENT=157 DEFAULT CHARSET=utf8mb4 COLLATE=utf8mb4_unicode_520_ci;

--
-- Dumping data for table `wp_6_wc_admin_note_actions`
--

INSERT INTO `wp_6_wc_admin_note_actions` VALUES (1,1,'try-the-new-templates','Try the new templates','?page=wc-settings&tab=email&try-new-templates','actioned','',NULL,NULL),(2,2,'scheduled-updates-enable','Enable','https://easywp.site/test/wp-admin/admin.php?page=wc-admin','actioned','Scheduled updates enabled',NULL,NULL),(72,50,'notify-refund-returns-page','Edit page','https://easywp.site/test/wp-admin/post.php?post=9&action=edit','actioned','',NULL,NULL),(80,56,'learn-more','Learn more','https://woocommerce.com/document/managing-orders/?utm_source=inbox&utm_medium=product','actioned','',NULL,NULL),(81,3,'learn-more','Learn more','https://woocommerce.com/posts/ecommerce-shipping-solutions-guide/?utm_source=inbox_note&utm_medium=product&utm_campaign=learn-more','actioned','',NULL,NULL),(82,4,'optimizing-the-checkout-flow','Learn more','https://woocommerce.com/posts/optimizing-woocommerce-checkout?utm_source=inbox_note&utm_medium=product&utm_campaign=optimizing-the-checkout-flow','actioned','',NULL,NULL),(83,5,'qualitative-feedback-from-new-users','Share feedback','https://automattic.survey.fm/woopayments-new-user-feedback','actioned','',NULL,NULL),(84,6,'share-feedback','Share feedback','http://automattic.survey.fm/paypal-feedback','unactioned','',NULL,NULL),(85,7,'get-started','Get started','https://woocommerce.com/products/google-listings-and-ads?utm_source=inbox_note&utm_medium=product&utm_campaign=get-started','actioned','',NULL,NULL),(86,8,'update-wc-subscriptions-3-0-15','View latest version','https://easywp.site/test/wp-admin/&page=wc-addons&section=helper','actioned','',NULL,NULL),(87,9,'update-wc-core-5-4-0','How to update WooCommerce','https://docs.woocommerce.com/document/how-to-update-woocommerce/','actioned','',NULL,NULL),(88,12,'ppxo-pps-install-paypal-payments-1','View upgrade guide','https://docs.woocommerce.com/document/woocommerce-paypal-payments/paypal-payments-upgrade-guide/','actioned','',NULL,NULL),(89,13,'ppxo-pps-install-paypal-payments-2','View upgrade guide','https://docs.woocommerce.com/document/woocommerce-paypal-payments/paypal-payments-upgrade-guide/','actioned','',NULL,NULL),(90,14,'learn-more','Learn more','https://woocommerce.com/posts/critical-vulnerability-detected-july-2021/?utm_source=inbox_note&utm_medium=product&utm_campaign=learn-more','unactioned','',NULL,NULL),(91,14,'dismiss','Dismiss','','actioned','',NULL,NULL),(92,15,'learn-more','Learn more','https://woocommerce.com/posts/critical-vulnerability-detected-july-2021/?utm_source=inbox_note&utm_medium=product&utm_campaign=learn-more','unactioned','',NULL,NULL),(93,15,'dismiss','Dismiss','','actioned','',NULL,NULL),(94,16,'learn-more','Learn more','https://woocommerce.com/posts/critical-vulnerability-detected-july-2021/?utm_source=inbox_note&utm_medium=product&utm_campaign=learn-more','unactioned','',NULL,NULL),(95,16,'dismiss','Dismiss','','actioned','',NULL,NULL),(96,17,'learn-more','Learn more','https://woocommerce.com/posts/critical-vulnerability-detected-july-2021/?utm_source=inbox_note&utm_medium=product&utm_campaign=learn-more','unactioned','',NULL,NULL),(97,17,'dismiss','Dismiss','','actioned','',NULL,NULL),(98,18,'share-feedback','Share feedback','https://automattic.survey.fm/store-management','unactioned','',NULL,NULL),(99,19,'learn-more','Learn more','https://developer.woocommerce.com/2022/03/10/woocommerce-3-5-10-6-3-1-security-releases/','unactioned','',NULL,NULL),(100,19,'woocommerce-core-paypal-march-2022-dismiss','Dismiss','','actioned','',NULL,NULL),(101,20,'learn-more','Learn more','https://developer.woocommerce.com/2022/03/10/woocommerce-3-5-10-6-3-1-security-releases/','unactioned','',NULL,NULL),(102,20,'dismiss','Dismiss','','actioned','',NULL,NULL),(103,21,'pinterest_03_2022_update','Update Instructions','https://woocommerce.com/document/pinterest-for-woocommerce/?utm_source=inbox_note&utm_medium=product&utm_campaign=pinterest_03_2022_update#section-3','actioned','',NULL,NULL),(104,22,'store_setup_survey_survey_q2_2022_share_your_thoughts','Tell us how it’s going','https://automattic.survey.fm/store-setup-survey-2022','actioned','',NULL,NULL),(105,23,'needs-update-eway-payment-gateway-rin-action-button-2022-12-20','See available updates','https://easywp.site/test/wp-admin/update-core.php','unactioned','',NULL,NULL),(106,23,'needs-update-eway-payment-gateway-rin-dismiss-button-2022-12-20','Dismiss','#','actioned','',NULL,NULL),(107,24,'updated-eway-payment-gateway-rin-action-button-2022-12-20','See all updates','https://easywp.site/test/wp-admin/update-core.php','unactioned','',NULL,NULL),(108,24,'updated-eway-payment-gateway-rin-dismiss-button-2022-12-20','Dismiss','#','actioned','',NULL,NULL),(109,25,'share-navigation-survey-feedback','Share feedback','https://automattic.survey.fm/new-ecommerce-plan-navigation','actioned','',NULL,NULL),(110,26,'woopay-beta-merchantrecruitment-activate-04MAY23','Activate WooPay','https://easywp.site/test/wp-admin/admin.php?page=wc-settings&tab=checkout&section=woocommerce_payments&method=platform_checkout','actioned','',NULL,NULL),(111,26,'woopay-beta-merchantrecruitment-activate-learnmore-04MAY23','Learn More','https://woocommerce.com/woopay-businesses/?utm_source=inbox_note&utm_medium=product&utm_campaign=woopay-beta-merchantrecruitment-activate-learnmore-04MAY23','unactioned','',NULL,NULL),(112,27,'woocommerce-wcpay-march-2023-update-needed-button','See Blog Post','https://developer.woocommerce.com/2023/03/23/critical-vulnerability-detected-in-woocommerce-payments-what-you-need-to-know','unactioned','',NULL,NULL),(113,27,'woocommerce-wcpay-march-2023-update-needed-dismiss-button','Dismiss','#','actioned','',NULL,NULL),(114,28,'tap_to_pay_iphone_q2_2023_no_wcpay','Simplify my payments','https://woocommerce.com/products/woocommerce-payments/?utm_source=inbox_note&utm_medium=product&utm_campaign=tap_to_pay_iphone_q2_2023_no_wcpay','actioned','',NULL,NULL),(115,29,'extension-settings','See available updates','https://easywp.site/test/wp-admin/update-core.php','unactioned','',NULL,NULL),(116,29,'dismiss','Dismiss','#','actioned','',NULL,NULL),(117,30,'woopay-beta-merchantrecruitment-update-WCPay-04MAY23','Update WooCommerce Payments','https://easywp.site/test/wp-admin/plugins.php?plugin_status=all','unactioned','',NULL,NULL),(118,30,'woopay-beta-merchantrecruitment-update-activate-04MAY23','Activate WooPay','https://easywp.site/test/wp-admin/admin.php?page=wc-settings&tab=checkout&section=woocommerce_payments&method=platform_checkout','actioned','',NULL,NULL),(119,31,'woopay-beta-existingmerchants-noaction-documentation-27APR23','Documentation','https://woocommerce.com/document/woopay-merchant-documentation/?utm_source=inbox_note&utm_medium=product&utm_campaign=woopay-beta-existingmerchants-noaction-documentation-27APR23','actioned','',NULL,NULL),(120,32,'woopay-beta-existingmerchants-update-WCPay-27APR23','Update WooCommerce Payments','https://easywp.site/test/wp-admin/plugins.php?plugin_status=all','actioned','',NULL,NULL),(121,33,'woopay-beta-merchantrecruitment-short-activate-04MAY23','Activate WooPay','https://easywp.site/test/wp-admin/admin.php?page=wc-settings&tab=checkout&section=woocommerce_payments&method=platform_checkout','actioned','',NULL,NULL),(122,33,'woopay-beta-merchantrecruitment-short-activate-learnmore-04MAY23','Learn More','https://woocommerce.com/woopay-businesses/?utm_source=inbox_note&utm_medium=product&utm_campaign=woopay-beta-merchantrecruitment-short-activate-learnmore-04MAY23','actioned','',NULL,NULL),(123,34,'woopay-beta-merchantrecruitment-short-update-WCPay-04MAY23','Update WooCommerce Payments','https://easywp.site/test/wp-admin/plugins.php?plugin_status=all','unactioned','',NULL,NULL),(124,34,'woopay-beta-merchantrecruitment-short-update-activate-04MAY23','Activate WooPay','https://easywp.site/test/wp-admin/admin.php?page=wc-settings&tab=checkout&section=woocommerce_payments&method=platform_checkout','actioned','',NULL,NULL),(125,35,'woopay-beta-merchantrecruitment-short-activate-button-09MAY23','Activate WooPay','https://easywp.site/test/wp-admin/admin.php?page=wc-settings&tab=checkout&section=woocommerce_payments&method=platform_checkout','unactioned','',NULL,NULL),(126,35,'woopay-beta-merchantrecruitment-short-activate-learnmore-button2-09MAY23','Learn More','https://woocommerce.com/woopay-businesses/?utm_source=inbox_note&utm_medium=product&utm_campaign=woopay-beta-merchantrecruitment-short-activate-learnmore-button2-09MAY23','unactioned','',NULL,NULL),(127,36,'woopay-beta-merchantrecruitment-short-update-WCPay-09MAY23','Update WooCommerce Payments','https://easywp.site/test/wp-admin/plugins.php?plugin_status=all','unactioned','',NULL,NULL),(128,36,'woopay-beta-merchantrecruitment-short-update-activate-09MAY23','Activate WooPay','https://easywp.site/test/wp-admin/admin.php?page=wc-settings&tab=checkout&section=woocommerce_payments&method=platform_checkout','unactioned','',NULL,NULL),(129,37,'woocommerce-WCSubscriptions-June-2023-updated-needed-Plugin-Settings','See available updates','https://easywp.site/test/wp-admin/plugins.php?plugin_status=all','unactioned','',NULL,NULL),(130,37,'woocommerce-WCSubscriptions-June-2023-updated-needed-dismiss','Dismiss','#','actioned','',NULL,NULL),(131,38,'woocommerce-WCReturnsWarranty-June-2023-updated-needed','See available updates','https://easywp.site/test/wp-admin/plugins.php?plugin_status=all','unactioned','',NULL,NULL),(132,38,'woocommerce-WCReturnsWarranty-June-2023-updated-needed','Dismiss','#','actioned','',NULL,NULL),(133,39,'woocommerce-WCOPC-June-2023-updated-needed','See available updates','https://easywp.site/test/wp-admin/plugins.php?plugin_status=all','actioned','',NULL,NULL),(134,39,'woocommerce-WCOPC-June-2023-updated-needed','Dismiss','https://easywp.site/test/wp-admin/#','actioned','',NULL,NULL),(135,40,'woocommerce-WCGC-July-2023-update-needed','See available updates','https://easywp.site/test/wp-admin/plugins.php?plugin_status=all','unactioned','',NULL,NULL),(136,40,'woocommerce-WCGC-July-2023-update-needed','Dismiss','#','actioned','',NULL,NULL),(137,41,'learn-more','Learn more','https://woocommerce.com/document/fedex/?utm_medium=product&utm_source=inbox_note&utm_campaign=learn-more#july-2023-api-outage','unactioned','',NULL,NULL),(138,42,'plugin-list','See available updates','https://easywp.site/test/wp-admin/plugins.php?plugin_status=all','unactioned','',NULL,NULL),(139,42,'dismiss','Dismiss','https://easywp.site/test/wp-admin/admin.php?page=wc-admin','actioned','',NULL,NULL),(140,43,'woocommerce-WCStripe-Aug-2023-update-needed','See available updates','https://easywp.site/test/wp-admin/update-core.php?','unactioned','',NULL,NULL),(141,43,'dismiss','Dismiss','#','actioned','',NULL,NULL),(142,44,'dismiss','Dismiss','#','actioned','',NULL,NULL),(143,45,'dismiss','Dismiss','#','actioned','',NULL,NULL),(144,46,'avalara_q3-2023_noAvaTax','Automate my sales tax','https://woocommerce.com/products/woocommerce-avatax/?utm_source=inbox_note&utm_medium=product&utm_campaign=avalara_q3-2023_noAvaTax','unactioned','',NULL,NULL),(145,47,'woocommerce-usermeta-Sept2023-productvendors','See available updates','https://easywp.site/test/wp-admin/plugins.php','unactioned','',NULL,NULL),(146,47,'dismiss','Dismiss','https://easywp.site/test/wp-admin/#','actioned','',NULL,NULL),(147,48,'woocommerce-STRIPE-Oct-2023-update-needed','See available updates','https://easywp.site/test/wp-admin/update-core.php','unactioned','',NULL,NULL),(148,48,'dismiss','Dismiss','#','actioned','',NULL,NULL),(149,49,'amazon-mcf-review-button-2023-12-07','Leave a review','https://woocommerce.com/products/woocommerce-amazon-fulfillment/?review&utm_source=inbox_note&utm_medium=product&utm_campaign=amazon-mcf-review-button-2023-12-07','actioned','',NULL,NULL),(150,49,'amazon-mcf-support-button-2023-12-07','Request support','https://woocommerce.com/my-account/contact-support/?utm_source=inbox_note&utm_medium=product&utm_campaign=amazon-mcf-support-button-2023-12-07','actioned','',NULL,NULL),(151,51,'view_docs','Learn about Deposit schedules','https://woocommerce.com/document/woopayments/deposits/deposit-schedule/?utm_source=inbox_note&utm_medium=product&utm_campaign=view_docs#available-funds','unactioned','',NULL,NULL),(152,52,'sirt-woo-2024-11-xss-admin','See available updates','https://easywp.site/test/wp-admin/update-core.php?','unactioned','',NULL,NULL),(153,52,'sirt-woo-2024-11-xss-admin','Dismiss','#','actioned','',NULL,NULL),(154,53,'paypal-braintree-sdk-depreciation-2025-02-20-button','Upgrade now','https://easywp.site/test/wp-admin/wp-admin/plugins.php','actioned','',NULL,NULL),(155,54,'uk-vat-notice-button-2025-04-30','Learn more about this extension','https://wordpress.org/plugins/eu-vat-for-woocommerce/','actioned','',NULL,NULL),(156,55,'paypal-braintree-sdk-depreciation-2025-05-30-button','Update now','https://easywp.site/test/wp-admin/wp-admin/plugins.php','unactioned','',NULL,NULL);

--
-- Table structure for table `wp_6_wc_admin_notes`
--

CREATE TABLE `wp_6_wc_admin_notes` (
  `note_id` bigint unsigned NOT NULL AUTO_INCREMENT,
  `name` varchar(255) CHARACTER SET utf8mb4 COLLATE utf8mb4_unicode_520_ci NOT NULL,
  `type` varchar(20) CHARACTER SET utf8mb4 COLLATE utf8mb4_unicode_520_ci NOT NULL,
  `locale` varchar(20) CHARACTER SET utf8mb4 COLLATE utf8mb4_unicode_520_ci NOT NULL,
  `title` longtext CHARACTER SET utf8mb4 COLLATE utf8mb4_unicode_520_ci NOT NULL,
  `content` longtext CHARACTER SET utf8mb4 COLLATE utf8mb4_unicode_520_ci NOT NULL,
  `content_data` longtext CHARACTER SET utf8mb4 COLLATE utf8mb4_unicode_520_ci,
  `status` varchar(200) CHARACTER SET utf8mb4 COLLATE utf8mb4_unicode_520_ci NOT NULL,
  `source` varchar(200) CHARACTER SET utf8mb4 COLLATE utf8mb4_unicode_520_ci NOT NULL,
  `date_created` datetime NOT NULL DEFAULT '0000-00-00 00:00:00',
  `date_reminder` datetime DEFAULT NULL,
  `is_snoozable` tinyint(1) NOT NULL DEFAULT '0',
  `layout` varchar(20) CHARACTER SET utf8mb4 COLLATE utf8mb4_unicode_520_ci NOT NULL DEFAULT '',
  `image` varchar(200) CHARACTER SET utf8mb4 COLLATE utf8mb4_unicode_520_ci DEFAULT NULL,
  `is_deleted` tinyint(1) NOT NULL DEFAULT '0',
  `is_read` tinyint(1) NOT NULL DEFAULT '0',
  `icon` varchar(200) CHARACTER SET utf8mb4 COLLATE utf8mb4_unicode_520_ci NOT NULL DEFAULT 'info',
  PRIMARY KEY (`note_id`)
) ENGINE=InnoDB AUTO_INCREMENT=57 DEFAULT CHARSET=utf8mb4 COLLATE=utf8mb4_unicode_520_ci;

--
-- Dumping data for table `wp_6_wc_admin_notes`
--

INSERT INTO `wp_6_wc_admin_notes` VALUES (1,'wc-admin-email-improvements','info','en_US','Store emails have had an upgrade!','We’ve made some exciting improvements to our email templates, including modern, shopper-friendly designs and new customization options. And if you’re using a block theme, you can automatically sync your theme styles! Head to your email settings to explore the new features.','{}','unactioned','woocommerce-admin','2026-03-01 14:38:06',NULL,0,'plain','',0,1,'info'),(2,'wc-admin-scheduled-updates-promotion','info','en_US','Analytics now supports scheduled updates','This provides improved performance to your store, enable it in Analytics &gt; Settings.','{}','unactioned','woocommerce-admin','2026-03-01 14:38:07',NULL,0,'plain','',0,1,'info'),(3,'your-first-product','info','en_US','Your first product','That’s huge! You’re well on your way to building a successful online store — now it’s time to think about how you’ll fulfill your orders.<br /><br />Read our shipping guide to learn best practices and options for putting together your shipping strategy. And for WooCommerce stores in the United States, you can print discounted shipping labels via USPS with <a href=\"https://href.li/?https://woocommerce.com/shipping\" target=\"_blank\">WooCommerce Shipping</a>.','{}','pending','woocommerce.com','2026-03-01 14:38:07',NULL,0,'plain','',0,0,'info'),(4,'wc-admin-optimizing-the-checkout-flow','info','en_US','Optimizing the checkout flow','It’s crucial to get your store’s checkout as smooth as possible to avoid losing sales. Let’s take a look at how you can optimize the checkout experience for your shoppers.','{}','pending','woocommerce.com','2026-03-01 14:38:07',NULL,0,'plain','',0,0,'info'),(5,'wc-payments-qualitative-feedback','info','en_US','WooPayments setup - let us know what you think','Congrats on enabling WooPayments for your store. Please share your feedback in this 2 minute survey to help us improve the setup process.','{}','pending','woocommerce.com','2026-03-01 14:38:07',NULL,0,'plain','',0,0,'info'),(6,'share-your-feedback-on-paypal','info','en_US','Share your feedback on PayPal','Share your feedback in this 2 minute survey about how we can make the process of accepting payments more useful for your store.','{}','pending','woocommerce.com','2026-03-01 14:38:07',NULL,0,'plain','',0,0,'info'),(7,'google_listings_and_ads_install','marketing','en_US','Drive traffic and sales with Google','Reach online shoppers to drive traffic and sales for your store by showcasing products across Google, for free or with ads.','{}','pending','woocommerce.com','2026-03-01 14:38:07',NULL,0,'plain','',0,0,'info'),(8,'wc-subscriptions-security-update-3-0-15','info','en_US','WooCommerce Subscriptions security update!','We recently released an important security update to WooCommerce Subscriptions. To ensure your site’s data is protected, please upgrade <strong>WooCommerce Subscriptions to version 3.0.15</strong> or later.<br /><br />Click the button below to view and update to the latest Subscriptions version, or log in to <a href=\"https://woocommerce.com/my-dashboard\">WooCommerce.com Dashboard</a> and navigate to your <strong>Downloads</strong> page.<br /><br />We recommend always using the latest version of WooCommerce Subscriptions, and other software running on your site, to ensure maximum security.<br /><br />If you have any questions we are here to help — just <a href=\"https://woocommerce.com/my-account/create-a-ticket/\">open a ticket</a>.','{}','pending','woocommerce.com','2026-03-01 14:38:07',NULL,0,'plain','',0,0,'info'),(9,'woocommerce-core-update-5-4-0','info','en_US','Update to WooCommerce 5.4.1 now','WooCommerce 5.4.1 addresses a checkout issue discovered in WooCommerce 5.4. We recommend upgrading to WooCommerce 5.4.1 as soon as possible.','{}','pending','woocommerce.com','2026-03-01 14:38:07',NULL,0,'plain','',0,0,'info'),(10,'wcpay-promo-2020-11','marketing','en_US','wcpay-promo-2020-11','wcpay-promo-2020-11','{}','pending','woocommerce.com','2026-03-01 14:38:07',NULL,0,'plain','',0,0,'info'),(11,'wcpay-promo-2020-12','marketing','en_US','wcpay-promo-2020-12','wcpay-promo-2020-12','{}','pending','woocommerce.com','2026-03-01 14:38:07',NULL,0,'plain','',0,0,'info'),(12,'ppxo-pps-upgrade-paypal-payments-1','info','en_US','Get the latest PayPal extension for WooCommerce','Heads up! There’s a new PayPal on the block!<br /><br />Now is a great time to upgrade to our latest <a href=\"https://woocommerce.com/products/woocommerce-paypal-payments/\" target=\"_blank\">PayPal extension</a> to continue to receive support and updates with PayPal.<br /><br />Get access to a full suite of PayPal payment methods, extensive currency and country coverage, and pay later options with the all-new PayPal extension for WooCommerce.','{}','pending','woocommerce.com','2026-03-01 14:38:07',NULL,0,'plain','',0,0,'info'),(13,'ppxo-pps-upgrade-paypal-payments-2','info','en_US','Upgrade your PayPal experience!','Get access to a full suite of PayPal payment methods, extensive currency and country coverage, offer subscription and recurring payments, and the new PayPal pay later options.<br /><br />Start using our <a href=\"https://woocommerce.com/products/woocommerce-paypal-payments/\" target=\"_blank\">latest PayPal today</a> to continue to receive support and updates.','{}','pending','woocommerce.com','2026-03-01 14:38:07',NULL,0,'plain','',0,0,'info'),(14,'woocommerce-core-sqli-july-2021-need-to-update','update','en_US','Action required: Critical vulnerabilities in WooCommerce','In response to a critical vulnerability identified on July 13, 2021, we are working with the WordPress Plugins Team to deploy software updates to stores running WooCommerce (versions 3.3 to 5.5) and the WooCommerce Blocks feature plugin (versions 2.5 to 5.5).<br /><br />Our investigation into this vulnerability is ongoing, but <strong>we wanted to let you know now about the importance of updating immediately</strong>.<br /><br />For more information on which actions you should take, as well as answers to FAQs, please urgently review our blog post detailing this issue.','{}','pending','woocommerce.com','2026-03-01 14:38:07',NULL,0,'plain','',0,0,'info'),(15,'woocommerce-blocks-sqli-july-2021-need-to-update','update','en_US','Action required: Critical vulnerabilities in WooCommerce Blocks','In response to a critical vulnerability identified on July 13, 2021, we are working with the WordPress Plugins Team to deploy software updates to stores running WooCommerce (versions 3.3 to 5.5) and the WooCommerce Blocks feature plugin (versions 2.5 to 5.5).<br /><br />Our investigation into this vulnerability is ongoing, but <strong>we wanted to let you know now about the importance of updating immediately</strong>.<br /><br />For more information on which actions you should take, as well as answers to FAQs, please urgently review our blog post detailing this issue.','{}','pending','woocommerce.com','2026-03-01 14:38:07',NULL,0,'plain','',0,0,'info'),(16,'woocommerce-core-sqli-july-2021-store-patched','update','en_US','Solved: Critical vulnerabilities patched in WooCommerce','In response to a critical vulnerability identified on July 13, 2021, we worked with the WordPress Plugins Team to deploy software updates to stores running WooCommerce (versions 3.3 to 5.5) and the WooCommerce Blocks feature plugin (versions 2.5 to 5.5).<br /><br /><strong>Your store has been updated to the latest secure version(s)</strong>. For more information and answers to FAQs, please review our blog post detailing this issue.','{}','pending','woocommerce.com','2026-03-01 14:38:07',NULL,0,'plain','',0,0,'info'),(17,'woocommerce-blocks-sqli-july-2021-store-patched','update','en_US','Solved: Critical vulnerabilities patched in WooCommerce Blocks','In response to a critical vulnerability identified on July 13, 2021, we worked with the WordPress Plugins Team to deploy software updates to stores running WooCommerce (versions 3.3 to 5.5) and the WooCommerce Blocks feature plugin (versions 2.5 to 5.5).<br /><br /><strong>Your store has been updated to the latest secure version(s)</strong>. For more information and answers to FAQs, please review our blog post detailing this issue.','{}','pending','woocommerce.com','2026-03-01 14:38:07',NULL,0,'plain','',0,0,'info'),(18,'habit-moment-survey','marketing','en_US','We’re all ears! Share your experience so far with WooCommerce','We’d love your input to shape the future of WooCommerce together. Feel free to share any feedback, ideas or suggestions that you have.','{}','pending','woocommerce.com','2026-03-01 14:38:07',NULL,0,'plain','',0,0,'info'),(19,'woocommerce-core-paypal-march-2022-updated','update','en_US','Security auto-update of WooCommerce','<strong>Your store has been updated to the latest secure version of WooCommerce</strong>. We worked with WordPress to deploy PayPal Standard security updates for stores running WooCommerce (version 3.5 to 6.3). It’s recommended to disable PayPal Standard, and use <a href=\"https://woocommerce.com/products/woocommerce-paypal-payments/\" target=\"_blank\">PayPal Payments</a> to accept PayPal.','{}','pending','woocommerce.com','2026-03-01 14:38:07',NULL,0,'plain','',0,0,'info'),(20,'woocommerce-core-paypal-march-2022-updated-nopp','update','en_US','Security auto-update of WooCommerce','<strong>Your store has been updated to the latest secure version of WooCommerce</strong>. We worked with WordPress to deploy security updates related to PayPal Standard payment gateway for stores running WooCommerce (version 3.5 to 6.3).','{}','pending','woocommerce.com','2026-03-01 14:38:07',NULL,0,'plain','',0,0,'info'),(21,'pinterest_03_2022_update','marketing','en_US','Your Pinterest for WooCommerce plugin is out of date!','Update to the latest version of Pinterest for WooCommerce to continue using this plugin and keep your store connected with Pinterest. To update, visit <strong>Plugins &gt; Installed Plugins</strong>, and click on “update now” under Pinterest for WooCommerce.','{}','pending','woocommerce.com','2026-03-01 14:38:07',NULL,0,'plain','',0,0,'info'),(22,'store_setup_survey_survey_q2_2022','survey','en_US','How is your store setup going?','Our goal is to make sure you have all the right tools to start setting up your store in the smoothest way possible.\r\nWe’d love to know if we hit our mark and how we can improve. To collect your thoughts, we made a 2-minute survey.','{}','pending','woocommerce.com','2026-03-01 14:38:07',NULL,0,'plain','',0,0,'info'),(23,'needs-update-eway-payment-gateway-rin-2022-12-20','update','en_US','Security vulnerability patched in WooCommerce Eway Gateway','In response to a potential vulnerability identified in WooCommerce Eway Gateway versions 3.1.0 to 3.5.0, we’ve worked to deploy security fixes and have released an updated version.\r\nNo external exploits have been detected, but we recommend you update to your latest supported version 3.1.26, 3.2.3, 3.3.1, 3.4.6, or 3.5.1','{}','pending','woocommerce.com','2026-03-01 14:38:07',NULL,0,'plain','',0,0,'info'),(24,'updated-eway-payment-gateway-rin-2022-12-20','update','en_US','WooCommerce Eway Gateway has been automatically updated','Your store is now running the latest secure version of WooCommerce Eway Gateway. We worked with the WordPress Plugins team to deploy a software update to stores running WooCommerce Eway Gateway (versions 3.1.0 to 3.5.0) in response to a security vulnerability that was discovered.','{}','pending','woocommerce.com','2026-03-01 14:38:07',NULL,0,'plain','',0,0,'info'),(25,'ecomm-wc-navigation-survey-2023','info','en_US','Navigating WooCommerce on WordPress.com','We are improving the WooCommerce navigation on WordPress.com and would love your help to make it better! Please share your experience with us in this 2-minute survey.','{}','pending','woocommerce.com','2026-03-01 14:38:07',NULL,0,'plain','',0,0,'info'),(26,'woopay-beta-merchantrecruitment-04MAY23','info','en_US','Increase conversions with WooPay — our fastest checkout yet','WooPay, a new express checkout feature built into WooCommerce Payments, is now available —and we’re inviting you to be one of the first to try it. \r\n<br><br>\r\nBoost conversions by offering your customers a simple, secure way to pay with a single click.\r\n<br><br>\r\nGet started in seconds.','{}','pending','woocommerce.com','2026-03-01 14:38:07',NULL,0,'plain','',0,0,'info'),(27,'woocommerce-wcpay-march-2023-update-needed','update','en_US','Action required: Security update for WooCommerce Payments','<strong>Your store requires a security update for WooCommerce Payments</strong>. Please update to the latest version of WooCommerce Payments immediately to address a potential vulnerability discovered on March 22. For more information on how to update, visit this WooCommerce Developer Blog Post.','{}','pending','woocommerce.com','2026-03-01 14:38:07',NULL,0,'plain','',0,0,'info'),(28,'tap_to_pay_iphone_q2_2023_no_wcpay','marketing','en_US','Accept in-person contactless payments on your iPhone','Tap to Pay on iPhone and WooCommerce Payments is quick, secure, and simple to set up — no extra terminals or card readers are needed. Accept contactless debit and credit cards, Apple Pay, and other NFC digital wallets in person.','{}','unactioned','woocommerce.com','2026-03-02 12:46:48',NULL,0,'plain','',0,0,'info'),(29,'woocommerce-WCPreOrders-april-2023-update-needed','update','en_US','Action required: Security update of WooCommerce Pre-Orders extension','<strong>Your store requires a security update for the WooCommerce Pre-Orders extension</strong>. Please update the WooCommerce Pre-Orders extension immediately to address a potential vulnerability discovered on April 11.','{}','pending','woocommerce.com','2026-03-01 14:38:07',NULL,0,'plain','',0,0,'info'),(30,'woopay-beta-merchantrecruitment-update-04MAY23','info','en_US','Increase conversions with WooPay — our fastest checkout yet','WooPay, a new express checkout feature built into WooCommerce Payments, is now available — and you’re invited to try it. \r\n<br /><br />\r\nBoost conversions by offering your customers a simple, secure way to pay with a single click.\r\n<br /><br />\r\nUpdate WooCommerce Payments to get started.','{}','pending','woocommerce.com','2026-03-01 14:38:07',NULL,0,'plain','',0,0,'info'),(31,'woopay-beta-existingmerchants-noaction-27APR23','info','en_US','WooPay is back!','Thanks for previously trying WooPay, the express checkout feature built into WooCommerce Payments. We’re excited to announce that WooPay availability has resumed. No action is required on your part.\r\n<br /><br />\r\nYou can now continue boosting conversions by offering your customers a simple, secure way to pay with a single click.','{}','pending','woocommerce.com','2026-03-01 14:38:07',NULL,0,'plain','',0,0,'info'),(32,'woopay-beta-existingmerchants-update-27APR23','info','en_US','WooPay is back!','Thanks for previously trying WooPay, the express checkout feature built into WooCommerce Payments. We’re excited to announce that WooPay availability has resumed.\r\n<br /><br />\r\n\r\nUpdate to the latest WooCommerce Payments version to continue boosting conversions by offering your customers a simple, secure way to pay with a single click.','{}','pending','woocommerce.com','2026-03-01 14:38:07',NULL,0,'plain','',0,0,'info'),(33,'woopay-beta-merchantrecruitment-short-04MAY23','info','en_US','Increase conversions with WooPay — our fastest checkout yet','Be one of the first to try WooPay, a new express checkout feature for WooCommerce Payments. \r\n<br><br>\r\nBoost conversions by letting customers pay with a single click.','{}','pending','woocommerce.com','2026-03-01 14:38:07',NULL,0,'plain','',0,0,'info'),(34,'woopay-beta-merchantrecruitment-short-update-04MAY23','info','en_US','Increase conversions with WooPay — our fastest checkout yet','Be one of the first to try WooPay, our new express checkout feature. <br>Boost conversions by letting customers pay with a single click. <br><br>Update to the latest version of WooCommerce Payments to get started.','{}','pending','woocommerce.com','2026-03-01 14:38:07',NULL,0,'plain','',0,0,'info'),(35,'woopay-beta-merchantrecruitment-short-09MAY23','info','en_US','Increase conversions with WooPay — our fastest checkout yet','Be one of the first to try WooPay, a new express checkout feature for WooCommerce Payments. \r\n<br><br>\r\nBoost conversions by letting customers pay with a single click.','{}','pending','woocommerce.com','2026-03-01 14:38:07',NULL,0,'plain','',0,0,'info'),(36,'woopay-beta-merchantrecruitment-short-update-09MAY23','info','en_US','Increase conversions with WooPay — our fastest checkout yet','Be one of the first to try WooPay, our new express checkout feature. <br>Boost conversions by letting customers pay with a single click. <br><br>Update to the latest version of WooCommerce Payments to get started.','{}','pending','woocommerce.com','2026-03-01 14:38:07',NULL,0,'plain','',0,0,'info'),(37,'woocommerce-WCSubscriptions-June-2023-updated-needed','marketing','en_US','Action required: Security update of WooCommerce Subscriptions','<strong>Your store requires a security update for the WooCommerce Subscriptions plugin</strong>. Please update the WooCommerce Subscriptions plugin immediately to address a potential vulnerability.','{}','pending','woocommerce.com','2026-03-01 14:38:08',NULL,0,'plain','',0,0,'info'),(38,'woocommerce-WCReturnsWarranty-June-2023-updated-needed','update','en_US','Action required: Security update of WooCommerce Returns and Warranty Requests extension','<strong>Your store requires a security update for the Returns and Warranty Requests extension</strong>.  Please update to the latest version of the WooCommerce Returns and Warranty Requests extension immediately to address a potential vulnerability discovered on May 31.','{}','pending','woocommerce.com','2026-03-01 14:38:08',NULL,0,'plain','',0,0,'info'),(39,'woocommerce-WCOPC-June-2023-updated-needed','update','en_US','Action required: Security update of WooCommerce One Page Checkout','<strong>Your shop requires a security update to address a vulnerability in the WooCommerce One Page Checkout extension</strong>. The fix for this vulnerability was released for this extension on June 13th. Please update immediately.','{}','pending','woocommerce.com','2026-03-01 14:38:08',NULL,0,'plain','',0,0,'info'),(40,'woocommerce-WCGC-July-2023-update-needed','update','en_US','Action required: Security update of WooCommerce GoCardless Extension','<strong>Your shop requires a security update to address a vulnerability in the WooCommerce GoCardless extension</strong>. The fix for this vulnerability was released on July 4th. Please update immediately.','{}','pending','woocommerce.com','2026-03-01 14:38:08',NULL,0,'plain','',0,0,'info'),(41,'woocommerce-shipping-fedex-api-outage-2023-07-16','warning','en_US','Scheduled FedEx API outage — July 2023','On July 16 there will be a full outage of the FedEx API from 04:00 to 08:00 AM UTC. Due to planned maintenance by FedEx, you\'ll be unable to provide FedEx shipping rates during this time. Follow the link below for more information and recommendations on how to minimize impact.','{}','pending','woocommerce.com','2026-03-01 14:38:08',NULL,0,'plain','',0,0,'info'),(42,'wcship-2023-07-hazmat-update-needed','update','en_US','Action required: USPS HAZMAT compliance update for WooCommerce Shipping & Tax extension','<strong>Your store requires an update for the WooCommerce Shipping extension</strong>. Please update to the latest version of the WooCommerce Shipping &amp; Tax extension immediately to ensure compliance with new USPS HAZMAT rules currently in effect.','{}','pending','woocommerce.com','2026-03-01 14:38:08',NULL,0,'plain','',0,0,'info'),(43,'woocommerce-WCStripe-Aug-2023-update-needed','update','en_US','Action required: Security update for WooCommerce Stripe plugin','<strong>Your shop requires an important security update for the  WooCommerce Stripe plugin</strong>. The fix for this vulnerability was released on July 31. Please update immediately.','{}','pending','woocommerce.com','2026-03-01 14:38:08',NULL,0,'plain','',0,0,'info'),(44,'woocommerce-WCStripe-Aug-2023-security-updated','update','en_US','Security update of WooCommerce Stripe plugin','<strong>Your store has been updated to the latest secure version of the WooCommerce Stripe plugin</strong>. This update was released on July 31.','{}','pending','woocommerce.com','2026-03-01 14:38:08',NULL,0,'plain','',0,0,'info'),(45,'woocommerce-WooPayments-Aug-2023-security-updated','update','en_US','Security update of WooPayments (WooCommerce Payments) plugin','<strong>Your store has been updated to the more secure version of WooPayments (WooCommerce Payments)</strong>. This update was released on July 31.','{}','pending','woocommerce.com','2026-03-01 14:38:08',NULL,0,'plain','',0,0,'info'),(46,'avalara_q3-2023_noAvaTax','marketing','en_US','Automatically calculate VAT in real time','Take the effort out of determining tax rates and sell confidently across borders with automated tax management from Avalara AvaTax— including built-in VAT calculation when you sell into or across the EU and UK. Save time and stay compliant when you let Avalara do the heavy lifting.','{}','pending','woocommerce.com','2026-03-01 14:38:08',NULL,0,'plain','',0,0,'info'),(47,'woocommerce-usermeta-Sept2023-productvendors','update','en_US','Your store requires a security update','<strong>Your shop needs an update to address a vulnerability in WooCommerce.</strong> The fix was released on Sept 15. Please update WooCommerce to the latest version immediately. <a href=\"https://developer.woocommerce.com/2023/09/16/woocommerce-vulnerability-reintroduced-from-7-0-1/\" />Read our developer update</a> for more information.','{}','pending','woocommerce.com','2026-03-01 14:38:08',NULL,0,'plain','',0,0,'info'),(48,'woocommerce-STRIPE-Oct-2023-update-needed','update','en_US','Action required: Security update for WooCommerce Stripe Gateway','<strong>Your shop requires a security update to address a vulnerability in the WooCommerce Stripe Gateway</strong>. The fix for this vulnerability was released on October 17. Please update immediately.','{}','pending','woocommerce.com','2026-03-01 14:38:08',NULL,0,'plain','',0,0,'info'),(49,'amazon-mcf-reviews-2023-12-07','marketing','en_US','Enjoying Amazon MCF for WooCommerce?','We\'re Never Settle, the developers behind Amazon MCF for WooCommerce, and would be deeply honored to have your review. Reviews help immensely as other users can learn how MCF can solve their needs too! Not happy or need help? Please reach out for support and we’d love to make things right!','{}','pending','woocommerce.com','2026-03-01 14:38:08',NULL,0,'plain','',0,0,'info'),(50,'wc-refund-returns-page','info','en_US','Setup a Refund and Returns Policy page to boost your store\'s credibility.','We have created a sample draft Refund and Returns Policy page for you. Please have a look and update it to fit your store.','{}','unactioned','woocommerce-core','2026-03-01 14:38:08',NULL,0,'plain','',0,1,'info'),(51,'remove_estimated_deposits_2024','marketing','en_US','Estimated deposits are going away','To provide more accurate deposit information and support the expansion of instant deposits, estimated deposit details will no longer be available in WooPayments. We recommend upgrading to the latest version of WooPayments for more detailed balance status information.','{}','pending','woocommerce.com','2026-03-01 14:38:08',NULL,0,'plain','',0,0,'info'),(52,'sirt-woo-2024-11-xss-admin','update','en_US','An important update is required for WooCommerce','This update addresses a security vulnerability that could allow unauthorized access to administrative privileges on your site. <a href=\"https://developer.woocommerce.com/2024/12/03/woocommerce-9-4-3-and-woocommerce-9-3-4-available-now/\">Learn more</a>.\r\n<br><br>\r\n<strong>Please ensure your site is updated to the latest version to stay secure.</strong>','{}','pending','woocommerce.com','2026-03-01 14:38:08',NULL,0,'plain','',0,0,'info'),(53,'paypal-braintree-sdk-depreciation-2025-02-20','update','en_US','Update required for your PayPal Braintree extension','To continue securely accepting payments, you must update your PayPal Braintree extension to version 3.2.4 or newer before June 30, 2025. Your current extension version will not support payment processing after this date due to an SSL certificate update.','{}','pending','woocommerce.com','2026-03-01 14:38:08',NULL,0,'plain','',0,0,'info'),(54,'uk-vat-notice-2025-04-30','warning','en_US','UK VAT numbers are no longer supported','Due to recent HM Revenue &amp; Customs (HMRC) VAT API changes, your EU VAT Number for WooCommerce extension can no longer validate UK VAT numbers. HMRC now requires merchants to register an API key, which this extension does not currently support. We recommend EU/UK VAT Validation Manager for WooCommerce as a replacement','{}','pending','woocommerce.com','2026-03-01 14:38:08',NULL,0,'plain','',0,0,'info'),(55,'paypal-braintree-sdk-depreciation-2025-05-30','update','en_US','Action required: Update the PayPal Braintree extension','Your PayPal Braintree extension is using an outdated SDK and will stop processing payments after June 30, 2025, due to a root SSL certificate expiration. To avoid service disruption, update to version 3.2.4 or newer immediately.','{}','pending','woocommerce.com','2026-03-01 14:38:08',NULL,0,'plain','',0,0,'info'),(56,'wc-admin-orders-milestone','info','en_US','First order received','Congratulations on getting your first order! Now is a great time to learn how to manage your orders.','{\"current_milestone\":1}','unactioned','woocommerce-admin','2026-03-02 04:38:43',NULL,0,'plain','',0,0,'info');

--
-- Table structure for table `wp_6_wc_category_lookup`
--

CREATE TABLE `wp_6_wc_category_lookup` (
  `category_tree_id` bigint unsigned NOT NULL,
  `category_id` bigint unsigned NOT NULL,
  PRIMARY KEY (`category_tree_id`,`category_id`)
) ENGINE=InnoDB DEFAULT CHARSET=utf8mb4 COLLATE=utf8mb4_unicode_520_ci;

--
-- Dumping data for table `wp_6_wc_category_lookup`
--

INSERT INTO `wp_6_wc_category_lookup` VALUES (15,15),(16,16),(16,17),(16,18),(16,19),(17,17),(18,18),(19,19);

--
-- Table structure for table `wp_6_wc_customer_lookup`
--

CREATE TABLE `wp_6_wc_customer_lookup` (
  `customer_id` bigint unsigned NOT NULL AUTO_INCREMENT,
  `user_id` bigint unsigned DEFAULT NULL,
  `username` varchar(60) CHARACTER SET utf8mb4 COLLATE utf8mb4_unicode_520_ci NOT NULL DEFAULT '',
  `first_name` varchar(255) CHARACTER SET utf8mb4 COLLATE utf8mb4_unicode_520_ci NOT NULL,
  `last_name` varchar(255) CHARACTER SET utf8mb4 COLLATE utf8mb4_unicode_520_ci NOT NULL,
  `email` varchar(100) CHARACTER SET utf8mb4 COLLATE utf8mb4_unicode_520_ci DEFAULT NULL,
  `date_last_active` timestamp NULL DEFAULT NULL,
  `date_registered` timestamp NULL DEFAULT NULL,
  `country` char(2) CHARACTER SET utf8mb4 COLLATE utf8mb4_unicode_520_ci NOT NULL DEFAULT '',
  `postcode` varchar(20) CHARACTER SET utf8mb4 COLLATE utf8mb4_unicode_520_ci NOT NULL DEFAULT '',
  `city` varchar(100) CHARACTER SET utf8mb4 COLLATE utf8mb4_unicode_520_ci NOT NULL DEFAULT '',
  `state` varchar(100) CHARACTER SET utf8mb4 COLLATE utf8mb4_unicode_520_ci NOT NULL DEFAULT '',
  PRIMARY KEY (`customer_id`),
  UNIQUE KEY `user_id` (`user_id`),
  KEY `email` (`email`)
) ENGINE=InnoDB DEFAULT CHARSET=utf8mb4 COLLATE=utf8mb4_unicode_520_ci;

--
-- Dumping data for table `wp_6_wc_customer_lookup`
--


--
-- Table structure for table `wp_6_wc_download_log`
--

CREATE TABLE `wp_6_wc_download_log` (
  `download_log_id` bigint unsigned NOT NULL AUTO_INCREMENT,
  `timestamp` datetime NOT NULL,
  `permission_id` bigint unsigned NOT NULL,
  `user_id` bigint unsigned DEFAULT NULL,
  `user_ip_address` varchar(100) CHARACTER SET utf8mb4 COLLATE utf8mb4_unicode_520_ci DEFAULT '',
  PRIMARY KEY (`download_log_id`),
  KEY `permission_id` (`permission_id`),
  KEY `timestamp` (`timestamp`)
) ENGINE=InnoDB DEFAULT CHARSET=utf8mb4 COLLATE=utf8mb4_unicode_520_ci;

--
-- Dumping data for table `wp_6_wc_download_log`
--


--
-- Table structure for table `wp_6_wc_order_addresses`
--

CREATE TABLE `wp_6_wc_order_addresses` (
  `id` bigint unsigned NOT NULL AUTO_INCREMENT,
  `order_id` bigint unsigned NOT NULL,
  `address_type` varchar(20) CHARACTER SET utf8mb4 COLLATE utf8mb4_unicode_520_ci DEFAULT NULL,
  `first_name` text CHARACTER SET utf8mb4 COLLATE utf8mb4_unicode_520_ci,
  `last_name` text CHARACTER SET utf8mb4 COLLATE utf8mb4_unicode_520_ci,
  `company` text CHARACTER SET utf8mb4 COLLATE utf8mb4_unicode_520_ci,
  `address_1` text CHARACTER SET utf8mb4 COLLATE utf8mb4_unicode_520_ci,
  `address_2` text CHARACTER SET utf8mb4 COLLATE utf8mb4_unicode_520_ci,
  `city` text CHARACTER SET utf8mb4 COLLATE utf8mb4_unicode_520_ci,
  `state` text CHARACTER SET utf8mb4 COLLATE utf8mb4_unicode_520_ci,
  `postcode` text CHARACTER SET utf8mb4 COLLATE utf8mb4_unicode_520_ci,
  `country` text CHARACTER SET utf8mb4 COLLATE utf8mb4_unicode_520_ci,
  `email` varchar(320) CHARACTER SET utf8mb4 COLLATE utf8mb4_unicode_520_ci DEFAULT NULL,
  `phone` varchar(100) CHARACTER SET utf8mb4 COLLATE utf8mb4_unicode_520_ci DEFAULT NULL,
  PRIMARY KEY (`id`),
  UNIQUE KEY `address_type_order_id` (`address_type`,`order_id`),
  KEY `order_id` (`order_id`),
  KEY `email` (`email`(191)),
  KEY `phone` (`phone`)
) ENGINE=InnoDB AUTO_INCREMENT=23 DEFAULT CHARSET=utf8mb4 COLLATE=utf8mb4_unicode_520_ci;

--
-- Dumping data for table `wp_6_wc_order_addresses`
--

INSERT INTO `wp_6_wc_order_addresses` VALUES (1,48,'billing','kaison','kaison',NULL,'651 N Broad St, Suite 201',NULL,'Abbeville','AL','19709','US','pobiget754@ostahie.com',NULL),(2,48,'shipping','kaison','kaison',NULL,'651 N Broad St, Suite 201',NULL,'Abbeville','AL','19709','US',NULL,NULL),(3,49,'billing','Maverick','Ezra',NULL,'srtytydu',NULL,'stuydyuiku','CA','20525','US','nibin45948@ostahie.com',NULL),(4,49,'shipping','Maverick','Ezra',NULL,'srtytydu',NULL,'stuydyuiku','CA','20525','US',NULL,NULL),(5,50,'billing','Benjamin','Clarke',NULL,'125, Down Town Street',NULL,'Newyork','NY','14785','US','benjamin@gmail.com','478965412'),(6,50,'shipping','Benjamin','Clarke',NULL,'125, Down Town Street',NULL,'Newyork','NY','14785','US',NULL,'478965412'),(7,51,'billing','Lesley','Cooper',NULL,'a:10:{s:10:\"first_name\";s:12:\"Md. Mustakim\";s:9:\"last_name\";s:5:\"Ahmed\";s:5:\"email\";s:22:\"mustakimoorg@gmail.com\";s:5:\"phone\";s:0:\"\";s:9:\"address_1\";s:26:\"Matikata, Dhaka cantonment\";s:9:\"address_2\";s:0:\"\";s:7:\"country\";s:2:\"US\";s:5:\"state\";s:7:\"Alabama\";s:4:\"city\";s:9:\"Abbeville\";s:8:\"postcode\";s:4:\"4400\";}',NULL,'Delaware','AL-03','4400','AL','test@gmail.com','+8802323232'),(8,51,'shipping','Lesley','Cooper',NULL,'a:10:{s:10:\"first_name\";s:12:\"Md. Mustakim\";s:9:\"last_name\";s:5:\"Ahmed\";s:5:\"email\";s:22:\"mustakimoorg@gmail.com\";s:5:\"phone\";s:0:\"\";s:9:\"address_1\";s:26:\"Matikata, Dhaka cantonment\";s:9:\"address_2\";s:0:\"\";s:7:\"country\";s:2:\"US\";s:5:\"state\";s:7:\"Alabama\";s:4:\"city\";s:9:\"Abbeville\";s:8:\"postcode\";s:4:\"4400\";}',NULL,'Delaware','AL-03','4400','AL',NULL,'+8802323232'),(9,52,'billing','Natalia ','Kuznetsova',NULL,'45/A, Street Mart',NULL,'New York','NY','78945','US','natalia@gmail.com','18396548'),(10,52,'shipping','Natalia ','Kuznetsova',NULL,'45/A, Street Mart',NULL,'New York','NY','78945','US',NULL,'18396548'),(11,57,'billing','Marco ','Bianchi',NULL,'Hill Track Villa',NULL,'Delaware','DE','47826','US','marco@gmail.com',NULL),(12,57,'shipping','Marco ','Bianchi',NULL,'Hill Track Villa',NULL,'Delaware','DE','47826','US',NULL,NULL),(13,58,'billing',NULL,NULL,NULL,NULL,NULL,NULL,'DE',NULL,'US','sophia@gmail.com',NULL),(14,58,'shipping',NULL,NULL,NULL,NULL,NULL,NULL,'DE',NULL,'US',NULL,NULL),(15,59,'billing','Gabriel','Moreau',NULL,'North Pole, Hill Side',NULL,'Florida','FL','14789','US','gabriel@gmail.com',NULL),(16,59,'shipping','Gabriel','Moreau',NULL,'North Pole, Hill Side',NULL,'Florida','FL','14789','US',NULL,NULL),(17,60,'billing','Jerry','Gary',NULL,'127 Street Road',NULL,'Arizona','AZ','14789','US','jerry@gmail.com',NULL),(18,60,'shipping','Jerry','Gary',NULL,'127 Street Road',NULL,'Arizona','AZ','14789','US',NULL,NULL),(19,61,'billing','Jimmy','doe',NULL,'12/C Park, Hillside Area',NULL,'Lowa','IA','17489','US','jimmy@gmail.com',NULL),(20,61,'shipping','Jimmy','doe',NULL,'12/C Park, Hillside Area',NULL,'Lowa','IA','17489','US',NULL,NULL),(21,62,'billing','Julia','Ray',NULL,'New Town Road',NULL,'Indiana','IN','37984','US','Julia@gmail.com',NULL),(22,62,'shipping','Julia','Ray',NULL,'New Town Road',NULL,'Indiana','IN','37984','US',NULL,NULL);

--
-- Table structure for table `wp_6_wc_order_coupon_lookup`
--

CREATE TABLE `wp_6_wc_order_coupon_lookup` (
  `order_id` bigint unsigned NOT NULL,
  `coupon_id` bigint NOT NULL,
  `date_created` datetime NOT NULL DEFAULT '0000-00-00 00:00:00',
  `discount_amount` double NOT NULL DEFAULT '0',
  PRIMARY KEY (`order_id`,`coupon_id`),
  KEY `coupon_id` (`coupon_id`),
  KEY `date_created` (`date_created`)
) ENGINE=InnoDB DEFAULT CHARSET=utf8mb4 COLLATE=utf8mb4_unicode_520_ci;

--
-- Dumping data for table `wp_6_wc_order_coupon_lookup`
--


--
-- Table structure for table `wp_6_wc_order_operational_data`
--

CREATE TABLE `wp_6_wc_order_operational_data` (
  `id` bigint unsigned NOT NULL AUTO_INCREMENT,
  `order_id` bigint unsigned DEFAULT NULL,
  `created_via` varchar(100) CHARACTER SET utf8mb4 COLLATE utf8mb4_unicode_520_ci DEFAULT NULL,
  `woocommerce_version` varchar(20) CHARACTER SET utf8mb4 COLLATE utf8mb4_unicode_520_ci DEFAULT NULL,
  `prices_include_tax` tinyint(1) DEFAULT NULL,
  `coupon_usages_are_counted` tinyint(1) DEFAULT NULL,
  `download_permission_granted` tinyint(1) DEFAULT NULL,
  `cart_hash` varchar(100) CHARACTER SET utf8mb4 COLLATE utf8mb4_unicode_520_ci DEFAULT NULL,
  `new_order_email_sent` tinyint(1) DEFAULT NULL,
  `order_key` varchar(100) CHARACTER SET utf8mb4 COLLATE utf8mb4_unicode_520_ci DEFAULT NULL,
  `order_stock_reduced` tinyint(1) DEFAULT NULL,
  `date_paid_gmt` datetime DEFAULT NULL,
  `date_completed_gmt` datetime DEFAULT NULL,
  `shipping_tax_amount` decimal(26,8) DEFAULT NULL,
  `shipping_total_amount` decimal(26,8) DEFAULT NULL,
  `discount_tax_amount` decimal(26,8) DEFAULT NULL,
  `discount_total_amount` decimal(26,8) DEFAULT NULL,
  `recorded_sales` tinyint(1) DEFAULT NULL,
  PRIMARY KEY (`id`),
  UNIQUE KEY `order_id` (`order_id`),
  KEY `order_key` (`order_key`)
) ENGINE=InnoDB AUTO_INCREMENT=64 DEFAULT CHARSET=utf8mb4 COLLATE=utf8mb4_unicode_520_ci;

--
-- Dumping data for table `wp_6_wc_order_operational_data`
--

INSERT INTO `wp_6_wc_order_operational_data` VALUES (1,48,'store-api','10.5.2',0,1,1,'baee91de6571ad4dbe0f6801b2eec258',0,'wc_order_t5uGIL2KKxU4l',1,NULL,NULL,0.00000000,0.00000000,0.00000000,0.00000000,1),(7,49,'store-api','10.5.2',0,1,1,'fdf14f26db6efebbfba9d5e3b69503e3',0,'wc_order_7REY56cE4WKBj',1,NULL,NULL,0.00000000,0.00000000,0.00000000,0.00000000,1),(18,50,'store-api','10.5.2',0,1,1,'16502a44586ce881fbe8803cf54151a7',0,'wc_order_dx2WCawiJt98M',1,NULL,NULL,0.00000000,0.00000000,0.00000000,0.00000000,1),(20,51,'store-api','10.5.2',0,0,0,'40807b8c6253582a044aac01838cdfba',0,'wc_order_etlxBqjX4OmlP',0,NULL,NULL,0.00000000,0.00000000,0.00000000,0.00000000,0),(26,52,'store-api','10.5.2',0,1,1,'40807b8c6253582a044aac01838cdfba',0,'wc_order_n6YqIjP38O58e',1,NULL,NULL,0.00000000,0.00000000,0.00000000,0.00000000,1),(32,57,'store-api','10.5.2',0,1,1,'a0c42495d62949b105779dc6030c1f47',0,'wc_order_hWHgV1vh0th4K',1,NULL,NULL,0.00000000,0.00000000,0.00000000,0.00000000,1),(38,58,'store-api','10.5.2',0,0,0,'2923f46dfebe58ef81e958073494198e',0,'wc_order_LzffYKd30onUW',0,NULL,NULL,0.00000000,0.00000000,0.00000000,0.00000000,0),(40,59,'store-api','10.5.2',0,1,1,'2923f46dfebe58ef81e958073494198e',0,'wc_order_vfZ9TQZIql9M5',1,NULL,NULL,0.00000000,0.00000000,0.00000000,0.00000000,1),(46,60,'store-api','10.5.2',0,1,1,'7eab5c97a716bc837fe56535544842ff',0,'wc_order_IHr0ifvWaoQhW',1,NULL,NULL,0.00000000,0.00000000,0.00000000,0.00000000,1),(52,61,'store-api','10.5.2',0,1,1,'c196728826eba09e3c6137a3aad8bb93',0,'wc_order_PDppzsyIhDc0i',1,NULL,NULL,0.00000000,0.00000000,0.00000000,0.00000000,1),(58,62,'store-api','10.5.2',0,1,1,'16502a44586ce881fbe8803cf54151a7',0,'wc_order_lNEUS56nxgp6f',1,NULL,NULL,0.00000000,0.00000000,0.00000000,0.00000000,1);

--
-- Table structure for table `wp_6_wc_order_product_lookup`
--

CREATE TABLE `wp_6_wc_order_product_lookup` (
  `order_item_id` bigint unsigned NOT NULL,
  `order_id` bigint unsigned NOT NULL,
  `product_id` bigint unsigned NOT NULL,
  `variation_id` bigint unsigned NOT NULL,
  `customer_id` bigint unsigned DEFAULT NULL,
  `date_created` datetime NOT NULL DEFAULT CURRENT_TIMESTAMP,
  `product_qty` int NOT NULL,
  `product_net_revenue` double NOT NULL DEFAULT '0',
  `product_gross_revenue` double NOT NULL DEFAULT '0',
  `coupon_amount` double NOT NULL DEFAULT '0',
  `tax_amount` double NOT NULL DEFAULT '0',
  `shipping_amount` double NOT NULL DEFAULT '0',
  `shipping_tax_amount` double NOT NULL DEFAULT '0',
  PRIMARY KEY (`order_item_id`,`order_id`),
  KEY `order_id` (`order_id`),
  KEY `product_id` (`product_id`),
  KEY `customer_id` (`customer_id`),
  KEY `date_created` (`date_created`),
  KEY `customer_product_date` (`customer_id`,`product_id`,`date_created`)
) ENGINE=InnoDB DEFAULT CHARSET=utf8mb4 COLLATE=utf8mb4_unicode_520_ci;

--
-- Dumping data for table `wp_6_wc_order_product_lookup`
--


--
-- Table structure for table `wp_6_wc_order_stats`
--

CREATE TABLE `wp_6_wc_order_stats` (
  `order_id` bigint unsigned NOT NULL,
  `parent_id` bigint unsigned NOT NULL DEFAULT '0',
  `date_created` datetime NOT NULL DEFAULT '0000-00-00 00:00:00',
  `date_created_gmt` datetime NOT NULL DEFAULT '0000-00-00 00:00:00',
  `date_paid` datetime DEFAULT '0000-00-00 00:00:00',
  `date_completed` datetime DEFAULT '0000-00-00 00:00:00',
  `num_items_sold` int NOT NULL DEFAULT '0',
  `total_sales` double NOT NULL DEFAULT '0',
  `tax_total` double NOT NULL DEFAULT '0',
  `shipping_total` double NOT NULL DEFAULT '0',
  `net_total` double NOT NULL DEFAULT '0',
  `returning_customer` tinyint(1) DEFAULT NULL,
  `status` varchar(20) CHARACTER SET utf8mb4 COLLATE utf8mb4_unicode_520_ci NOT NULL,
  `customer_id` bigint unsigned NOT NULL,
  PRIMARY KEY (`order_id`),
  KEY `date_created` (`date_created`),
  KEY `customer_id` (`customer_id`),
  KEY `status` (`status`),
  KEY `idx_date_paid_status_parent` (`date_paid`,`status`,`parent_id`)
) ENGINE=InnoDB DEFAULT CHARSET=utf8mb4 COLLATE=utf8mb4_unicode_520_ci;

--
-- Dumping data for table `wp_6_wc_order_stats`
--


--
-- Table structure for table `wp_6_wc_order_tax_lookup`
--

CREATE TABLE `wp_6_wc_order_tax_lookup` (
  `order_id` bigint unsigned NOT NULL,
  `tax_rate_id` bigint unsigned NOT NULL,
  `date_created` datetime NOT NULL DEFAULT '0000-00-00 00:00:00',
  `shipping_tax` double NOT NULL DEFAULT '0',
  `order_tax` double NOT NULL DEFAULT '0',
  `total_tax` double NOT NULL DEFAULT '0',
  PRIMARY KEY (`order_id`,`tax_rate_id`),
  KEY `tax_rate_id` (`tax_rate_id`),
  KEY `date_created` (`date_created`)
) ENGINE=InnoDB DEFAULT CHARSET=utf8mb4 COLLATE=utf8mb4_unicode_520_ci;

--
-- Dumping data for table `wp_6_wc_order_tax_lookup`
--


--
-- Table structure for table `wp_6_wc_orders`
--

CREATE TABLE `wp_6_wc_orders` (
  `id` bigint unsigned NOT NULL,
  `status` varchar(20) CHARACTER SET utf8mb4 COLLATE utf8mb4_unicode_520_ci DEFAULT NULL,
  `currency` varchar(10) CHARACTER SET utf8mb4 COLLATE utf8mb4_unicode_520_ci DEFAULT NULL,
  `type` varchar(20) CHARACTER SET utf8mb4 COLLATE utf8mb4_unicode_520_ci DEFAULT NULL,
  `tax_amount` decimal(26,8) DEFAULT NULL,
  `total_amount` decimal(26,8) DEFAULT NULL,
  `customer_id` bigint unsigned DEFAULT NULL,
  `billing_email` varchar(320) CHARACTER SET utf8mb4 COLLATE utf8mb4_unicode_520_ci DEFAULT NULL,
  `date_created_gmt` datetime DEFAULT NULL,
  `date_updated_gmt` datetime DEFAULT NULL,
  `parent_order_id` bigint unsigned DEFAULT NULL,
  `payment_method` varchar(100) CHARACTER SET utf8mb4 COLLATE utf8mb4_unicode_520_ci DEFAULT NULL,
  `payment_method_title` text CHARACTER SET utf8mb4 COLLATE utf8mb4_unicode_520_ci,
  `transaction_id` varchar(100) CHARACTER SET utf8mb4 COLLATE utf8mb4_unicode_520_ci DEFAULT NULL,
  `ip_address` varchar(100) CHARACTER SET utf8mb4 COLLATE utf8mb4_unicode_520_ci DEFAULT NULL,
  `user_agent` text CHARACTER SET utf8mb4 COLLATE utf8mb4_unicode_520_ci,
  `customer_note` text CHARACTER SET utf8mb4 COLLATE utf8mb4_unicode_520_ci,
  PRIMARY KEY (`id`),
  KEY `status` (`status`),
  KEY `date_created` (`date_created_gmt`),
  KEY `customer_id_billing_email` (`customer_id`,`billing_email`(171)),
  KEY `billing_email` (`billing_email`(191)),
  KEY `type_status_date` (`type`,`status`,`date_created_gmt`),
  KEY `parent_order_id` (`parent_order_id`),
  KEY `date_updated` (`date_updated_gmt`)
) ENGINE=InnoDB DEFAULT CHARSET=utf8mb4 COLLATE=utf8mb4_unicode_520_ci;

--
-- Dumping data for table `wp_6_wc_orders`
--

INSERT INTO `wp_6_wc_orders` VALUES (48,'wc-processing','USD','shop_order',0.00000000,395.00000000,4,'pobiget754@ostahie.com','2026-03-02 04:15:34','2026-03-02 04:16:23',0,'cod','Cash on delivery','','27.147.186.29','Mozilla/5.0 (Windows NT 10.0; Win64; x64) AppleWebKit/537.36 (KHTML, like Gecko) Chrome/145.0.0.0 Safari/537.36',''),(49,'wc-processing','USD','shop_order',0.00000000,1479.00000000,8,'nibin45948@ostahie.com','2026-03-02 04:24:35','2026-03-02 04:25:56',0,'cod','Cash on delivery','','27.147.186.29','Mozilla/5.0 (Windows NT 10.0; Win64; x64) AppleWebKit/537.36 (KHTML, like Gecko) Chrome/145.0.0.0 Safari/537.36',''),(50,'wc-processing','USD','shop_order',0.00000000,165.00000000,0,'benjamin@gmail.com','2026-03-02 05:07:43','2026-03-02 05:09:51',0,'cod','Cash on delivery','','103.163.50.179','Mozilla/5.0 (Windows NT 10.0; Win64; x64) AppleWebKit/537.36 (KHTML, like Gecko) Chrome/145.0.0.0 Safari/537.36 Edg/145.0.0.0',''),(51,'wc-checkout-draft','USD','shop_order',0.00000000,90.00000000,0,'test@gmail.com','2026-03-02 05:07:58','2026-03-02 05:10:27',0,'cod','Cash on delivery','','27.147.186.29','Mozilla/5.0 (Windows NT 10.0; Win64; x64) AppleWebKit/537.36 (KHTML, like Gecko) Chrome/145.0.0.0 Safari/537.36',''),(52,'wc-processing','USD','shop_order',0.00000000,90.00000000,0,'natalia@gmail.com','2026-03-02 05:15:07','2026-03-02 05:31:10',0,'cod','Cash on delivery','','103.163.50.179','Mozilla/5.0 (Windows NT 10.0; Win64; x64) AppleWebKit/537.36 (KHTML, like Gecko) Chrome/145.0.0.0 Safari/537.36 Edg/145.0.0.0',''),(57,'wc-processing','USD','shop_order',0.00000000,60.00000000,0,'marco@gmail.com','2026-03-02 06:05:07','2026-03-02 06:06:33',0,'cod','Cash on delivery','','103.163.50.179','Mozilla/5.0 (Windows NT 10.0; Win64; x64) AppleWebKit/537.36 (KHTML, like Gecko) Chrome/145.0.0.0 Safari/537.36',''),(58,'wc-checkout-draft','USD','shop_order',0.00000000,55.00000000,6,'sophia@gmail.com','2026-03-02 06:08:16','2026-03-02 06:08:16',0,'cod','','','103.163.50.178','Mozilla/5.0 (Windows NT 10.0; Win64; x64) AppleWebKit/537.36 (KHTML, like Gecko) Chrome/145.0.0.0 Safari/537.36',''),(59,'wc-processing','USD','shop_order',0.00000000,55.00000000,0,'gabriel@gmail.com','2026-03-02 06:09:37','2026-03-02 06:11:23',0,'cod','Cash on delivery','','103.163.50.178','Mozilla/5.0 (Windows NT 10.0; Win64; x64) AppleWebKit/537.36 (KHTML, like Gecko) Chrome/145.0.0.0 Safari/537.36',''),(60,'wc-processing','USD','shop_order',0.00000000,32.00000000,0,'jerry@gmail.com','2026-03-02 06:20:23','2026-03-02 06:24:35',0,'cod','Cash on delivery','','103.163.50.178','Mozilla/5.0 (Windows NT 10.0; Win64; x64; rv:148.0) Gecko/20100101 Firefox/148.0',''),(61,'wc-processing','USD','shop_order',0.00000000,110.00000000,14,'jimmy@gmail.com','2026-03-02 06:45:48','2026-03-02 06:47:27',0,'cod','Cash on delivery','','103.163.50.178','Mozilla/5.0 (Windows NT 10.0; Win64; x64) AppleWebKit/537.36 (KHTML, like Gecko) Chrome/145.0.0.0 Safari/537.36 Edg/145.0.0.0',''),(62,'wc-processing','USD','shop_order',0.00000000,165.00000000,0,'Julia@gmail.com','2026-03-02 06:49:15','2026-03-02 06:50:31',0,'cod','Cash on delivery','','103.163.50.178','Mozilla/5.0 (Windows NT 10.0; Win64; x64) AppleWebKit/537.36 (KHTML, like Gecko) Chrome/145.0.0.0 Safari/537.36 Edg/145.0.0.0','');

--
-- Table structure for table `wp_6_wc_orders_meta`
--

CREATE TABLE `wp_6_wc_orders_meta` (
  `id` bigint unsigned NOT NULL AUTO_INCREMENT,
  `order_id` bigint unsigned DEFAULT NULL,
  `meta_key` varchar(255) CHARACTER SET utf8mb4 COLLATE utf8mb4_unicode_520_ci DEFAULT NULL,
  `meta_value` text CHARACTER SET utf8mb4 COLLATE utf8mb4_unicode_520_ci,
  PRIMARY KEY (`id`),
  KEY `meta_key_value` (`meta_key`(100),`meta_value`(82)),
  KEY `order_id_meta_key_meta_value` (`order_id`,`meta_key`(100),`meta_value`(82))
) ENGINE=InnoDB AUTO_INCREMENT=252 DEFAULT CHARSET=utf8mb4 COLLATE=utf8mb4_unicode_520_ci;

--
-- Dumping data for table `wp_6_wc_orders_meta`
--

INSERT INTO `wp_6_wc_orders_meta` VALUES (1,48,'_shipping_hash','66dc496f20ee13828c6c94c0d5f42256'),(2,48,'_coupons_hash','d751713988987e9331980363e24189ce'),(3,48,'_fees_hash','d751713988987e9331980363e24189ce'),(4,48,'_taxes_hash','d751713988987e9331980363e24189ce'),(5,48,'is_vat_exempt','no'),(6,48,'_billing_address_index','kaison kaison  651 N Broad St, Suite 201  Abbeville AL 19709 US pobiget754@ostahie.com '),(7,48,'_shipping_address_index','kaison kaison  651 N Broad St, Suite 201  Abbeville AL 19709 US '),(11,48,'_wc_order_attribution_source_type','typein'),(12,48,'_wc_order_attribution_utm_source','(direct)'),(13,48,'_wc_order_attribution_session_entry','https://easywp.site/test/become-our-affiliate/'),(14,48,'_wc_order_attribution_session_start_time','2026-03-02 03:57:40'),(15,48,'_wc_order_attribution_session_pages','12'),(16,48,'_wc_order_attribution_session_count','1'),(17,48,'_wc_order_attribution_user_agent','Mozilla/5.0 (Windows NT 10.0; Win64; x64) AppleWebKit/537.36 (KHTML, like Gecko) Chrome/145.0.0.0 Safari/537.36'),(18,48,'_wc_order_attribution_device_type','Desktop'),(25,48,'_wc_affiliate_credited','79'),(26,49,'_shipping_hash','f865d800e7c45aeed9625eddc43bcd16'),(27,49,'_coupons_hash','d751713988987e9331980363e24189ce'),(28,49,'_fees_hash','d751713988987e9331980363e24189ce'),(29,49,'_taxes_hash','d751713988987e9331980363e24189ce'),(30,49,'is_vat_exempt','no'),(31,49,'_billing_address_index','Maverick Ezra  srtytydu  stuydyuiku CA 20525 US nibin45948@ostahie.com '),(32,49,'_shipping_address_index','Maverick Ezra  srtytydu  stuydyuiku CA 20525 US '),(36,49,'_wc_order_attribution_source_type','typein'),(37,49,'_wc_order_attribution_utm_source','(direct)'),(38,49,'_wc_order_attribution_session_entry','https://easywp.site/test/become-our-affiliate/?ref=3&campaign=easy'),(39,49,'_wc_order_attribution_session_start_time','2026-03-02 04:18:38'),(40,49,'_wc_order_attribution_session_pages','6'),(41,49,'_wc_order_attribution_session_count','1'),(42,49,'_wc_order_attribution_user_agent','Mozilla/5.0 (Windows NT 10.0; Win64; x64) AppleWebKit/537.36 (KHTML, like Gecko) Chrome/145.0.0.0 Safari/537.36'),(43,49,'_wc_order_attribution_device_type','Desktop'),(50,49,'_wc_affiliate_credited','295.8'),(51,50,'_shipping_hash','ff00d107f7f8fc08effd80623e8f51c7'),(52,50,'_coupons_hash','d751713988987e9331980363e24189ce'),(53,50,'_fees_hash','d751713988987e9331980363e24189ce'),(54,50,'_taxes_hash','d751713988987e9331980363e24189ce'),(55,50,'is_vat_exempt','no'),(56,50,'_billing_address_index','Benjamin Clarke  125, Down Town Street  Newyork NY 14785 US benjamin@gmail.com 478965412'),(57,50,'_shipping_address_index','Benjamin Clarke  125, Down Town Street  Newyork NY 14785 US 478965412'),(58,51,'_shipping_hash','01abc8521da6596273175c46c9b6fe70'),(59,51,'_coupons_hash','d751713988987e9331980363e24189ce'),(60,51,'_fees_hash','d751713988987e9331980363e24189ce'),(61,51,'_taxes_hash','d751713988987e9331980363e24189ce'),(62,51,'is_vat_exempt','no'),(63,51,'_billing_address_index','Lesley Cooper  a:10:{s:10:\"first_name\";s:12:\"Md. Mustakim\";s:9:\"last_name\";s:5:\"Ahmed\";s:5:\"email\";s:22:\"mustakimoorg@gmail.com\";s:5:\"phone\";s:0:\"\";s:9:\"address_1\";s:26:\"Matikata, Dhaka cantonment\";s:9:\"address_2\";s:0:\"\";s:7:\"country\";s:2:\"US\";s:5:\"state\";s:7:\"Alabama\";s:4:\"city\";s:9:\"Abbeville\";s:8:\"postcode\";s:4:\"4400\";}  Delaware AL-03 4400 AL test@gmail.com +8802323232'),(64,51,'_shipping_address_index','Lesley Cooper  a:10:{s:10:\"first_name\";s:12:\"Md. Mustakim\";s:9:\"last_name\";s:5:\"Ahmed\";s:5:\"email\";s:22:\"mustakimoorg@gmail.com\";s:5:\"phone\";s:0:\"\";s:9:\"address_1\";s:26:\"Matikata, Dhaka cantonment\";s:9:\"address_2\";s:0:\"\";s:7:\"country\";s:2:\"US\";s:5:\"state\";s:7:\"Alabama\";s:4:\"city\";s:9:\"Abbeville\";s:8:\"postcode\";s:4:\"4400\";}  Delaware AL-03 4400 AL +8802323232'),(68,50,'_wc_order_attribution_source_type','typein'),(69,50,'_wc_order_attribution_utm_source','(direct)'),(70,50,'_wc_order_attribution_session_entry','https://easywp.site/test/shop/'),(71,50,'_wc_order_attribution_session_start_time','2026-03-02 05:04:48'),(72,50,'_wc_order_attribution_session_pages','5'),(73,50,'_wc_order_attribution_session_count','1'),(74,50,'_wc_order_attribution_user_agent','Mozilla/5.0 (Windows NT 10.0; Win64; x64) AppleWebKit/537.36 (KHTML, like Gecko) Chrome/145.0.0.0 Safari/537.36 Edg/145.0.0.0'),(75,50,'_wc_order_attribution_device_type','Desktop'),(85,51,'_wc_order_attribution_source_type','typein'),(86,51,'_wc_order_attribution_utm_source','(direct)'),(87,51,'_wc_order_attribution_session_entry','https://easywp.site/test/product/sunglasses/?ref=9&campaign=summer-sale'),(88,51,'_wc_order_attribution_session_start_time','2026-03-02 05:01:01'),(89,51,'_wc_order_attribution_session_pages','7'),(90,51,'_wc_order_attribution_session_count','1'),(91,51,'_wc_order_attribution_user_agent','Mozilla/5.0 (Windows NT 10.0; Win64; x64) AppleWebKit/537.36 (KHTML, like Gecko) Chrome/145.0.0.0 Safari/537.36'),(92,51,'_wc_order_attribution_device_type','Desktop'),(96,52,'_shipping_hash','5d0a4a78224eb86123be644b88117d07'),(97,52,'_coupons_hash','d751713988987e9331980363e24189ce'),(98,52,'_fees_hash','d751713988987e9331980363e24189ce'),(99,52,'_taxes_hash','d751713988987e9331980363e24189ce'),(100,52,'is_vat_exempt','no'),(101,52,'_billing_address_index','Natalia  Kuznetsova  45/A, Street Mart  New York NY 78945 US natalia@gmail.com 18396548'),(102,52,'_shipping_address_index','Natalia  Kuznetsova  45/A, Street Mart  New York NY 78945 US 18396548'),(106,52,'_wc_order_attribution_source_type','typein'),(107,52,'_wc_order_attribution_utm_source','(direct)'),(108,52,'_wc_order_attribution_session_entry','https://easywp.site/test/shop/'),(109,52,'_wc_order_attribution_session_start_time','2026-03-02 05:04:48'),(110,52,'_wc_order_attribution_session_pages','11'),(111,52,'_wc_order_attribution_session_count','1'),(112,52,'_wc_order_attribution_user_agent','Mozilla/5.0 (Windows NT 10.0; Win64; x64) AppleWebKit/537.36 (KHTML, like Gecko) Chrome/145.0.0.0 Safari/537.36 Edg/145.0.0.0'),(113,52,'_wc_order_attribution_device_type','Desktop'),(120,52,'_wc_affiliate_credited','18'),(121,57,'_shipping_hash','af059a0faf3ad7bf077559720437aa9a'),(122,57,'_coupons_hash','d751713988987e9331980363e24189ce'),(123,57,'_fees_hash','d751713988987e9331980363e24189ce'),(124,57,'_taxes_hash','d751713988987e9331980363e24189ce'),(125,57,'is_vat_exempt','no'),(126,57,'_billing_address_index','Marco  Bianchi  Hill Track Villa  Delaware DE 47826 US marco@gmail.com '),(127,57,'_shipping_address_index','Marco  Bianchi  Hill Track Villa  Delaware DE 47826 US '),(131,57,'_wc_order_attribution_source_type','typein'),(132,57,'_wc_order_attribution_utm_source','(direct)'),(133,57,'_wc_order_attribution_session_entry','https://easywp.site/test/product/polo/'),(134,57,'_wc_order_attribution_session_start_time','2026-03-02 06:03:43'),(135,57,'_wc_order_attribution_session_pages','5'),(136,57,'_wc_order_attribution_session_count','1'),(137,57,'_wc_order_attribution_user_agent','Mozilla/5.0 (Windows NT 10.0; Win64; x64) AppleWebKit/537.36 (KHTML, like Gecko) Chrome/145.0.0.0 Safari/537.36'),(138,57,'_wc_order_attribution_device_type','Desktop'),(145,58,'_shipping_hash','00e30fbabe68c3f7aa309d8053591a6c'),(146,58,'_coupons_hash','d751713988987e9331980363e24189ce'),(147,58,'_fees_hash','d751713988987e9331980363e24189ce'),(148,58,'_taxes_hash','d751713988987e9331980363e24189ce'),(149,58,'is_vat_exempt','no'),(150,58,'_billing_address_index','      DE  US sophia@gmail.com '),(151,58,'_shipping_address_index','      DE  US '),(152,59,'_shipping_hash','00e30fbabe68c3f7aa309d8053591a6c'),(153,59,'_coupons_hash','d751713988987e9331980363e24189ce'),(154,59,'_fees_hash','d751713988987e9331980363e24189ce'),(155,59,'_taxes_hash','d751713988987e9331980363e24189ce'),(156,59,'is_vat_exempt','no'),(157,59,'_billing_address_index','Gabriel Moreau  North Pole, Hill Side  Florida FL 14789 US gabriel@gmail.com '),(158,59,'_shipping_address_index','Gabriel Moreau  North Pole, Hill Side  Florida FL 14789 US '),(162,59,'_wc_order_attribution_source_type','typein'),(163,59,'_wc_order_attribution_utm_source','(direct)'),(164,59,'_wc_order_attribution_session_entry','https://easywp.site/test/product/belt/?ref=6'),(165,59,'_wc_order_attribution_session_start_time','2026-03-02 06:09:18'),(166,59,'_wc_order_attribution_session_pages','4'),(167,59,'_wc_order_attribution_session_count','1'),(168,59,'_wc_order_attribution_user_agent','Mozilla/5.0 (Windows NT 10.0; Win64; x64) AppleWebKit/537.36 (KHTML, like Gecko) Chrome/145.0.0.0 Safari/537.36'),(169,59,'_wc_order_attribution_device_type','Desktop'),(176,59,'_wc_affiliate_credited','11'),(177,60,'_shipping_hash','2de2c75c76bd0d23689ae5f20460a5dc'),(178,60,'_coupons_hash','d751713988987e9331980363e24189ce'),(179,60,'_fees_hash','d751713988987e9331980363e24189ce'),(180,60,'_taxes_hash','d751713988987e9331980363e24189ce'),(181,60,'is_vat_exempt','no'),(182,60,'_billing_address_index','Jerry Gary  127 Street Road  Arizona AZ 14789 US jerry@gmail.com '),(183,60,'_shipping_address_index','Jerry Gary  127 Street Road  Arizona AZ 14789 US '),(187,60,'_wc_order_attribution_source_type','typein'),(188,60,'_wc_order_attribution_referrer','https://easywp.site/test/product/cap/'),(189,60,'_wc_order_attribution_utm_source','(direct)'),(190,60,'_wc_order_attribution_session_entry','https://easywp.site/test/product/cap/'),(191,60,'_wc_order_attribution_session_start_time','2026-03-02 06:20:00'),(192,60,'_wc_order_attribution_session_pages','4'),(193,60,'_wc_order_attribution_session_count','1'),(194,60,'_wc_order_attribution_user_agent','Mozilla/5.0 (Windows NT 10.0; Win64; x64; rv:148.0) Gecko/20100101 Firefox/148.0'),(195,60,'_wc_order_attribution_device_type','Desktop'),(202,61,'_shipping_hash','7379be3b7dd1ca966b02ca886ab775d4'),(203,61,'_coupons_hash','d751713988987e9331980363e24189ce'),(204,61,'_fees_hash','d751713988987e9331980363e24189ce'),(205,61,'_taxes_hash','d751713988987e9331980363e24189ce'),(206,61,'is_vat_exempt','no'),(207,61,'_billing_address_index','Jimmy doe  12/C Park, Hillside Area  Lowa IA 17489 US jimmy@gmail.com '),(208,61,'_shipping_address_index','Jimmy doe  12/C Park, Hillside Area  Lowa IA 17489 US '),(212,61,'_wc_order_attribution_source_type','typein'),(213,61,'_wc_order_attribution_utm_source','(direct)'),(214,61,'_wc_order_attribution_session_entry','https://easywp.site/test/become-our-affiliate/?ref=5'),(215,61,'_wc_order_attribution_session_start_time','2026-03-02 06:29:41'),(216,61,'_wc_order_attribution_session_pages','7'),(217,61,'_wc_order_attribution_session_count','1'),(218,61,'_wc_order_attribution_user_agent','Mozilla/5.0 (Windows NT 10.0; Win64; x64) AppleWebKit/537.36 (KHTML, like Gecko) Chrome/145.0.0.0 Safari/537.36 Edg/145.0.0.0'),(219,61,'_wc_order_attribution_device_type','Desktop'),(226,61,'_wc_affiliate_credited','22'),(227,62,'_shipping_hash','ff00d107f7f8fc08effd80623e8f51c7'),(228,62,'_coupons_hash','d751713988987e9331980363e24189ce'),(229,62,'_fees_hash','d751713988987e9331980363e24189ce'),(230,62,'_taxes_hash','d751713988987e9331980363e24189ce'),(231,62,'is_vat_exempt','no'),(232,62,'_billing_address_index','Julia Ray  New Town Road  Indiana IN 37984 US Julia@gmail.com '),(233,62,'_shipping_address_index','Julia Ray  New Town Road  Indiana IN 37984 US '),(237,62,'_wc_order_attribution_source_type','typein'),(238,62,'_wc_order_attribution_utm_source','(direct)'),(239,62,'_wc_order_attribution_session_entry','https://easywp.site/test/product/belt/?ref=5'),(240,62,'_wc_order_attribution_session_start_time','2026-03-02 06:48:52'),(241,62,'_wc_order_attribution_session_pages','4'),(242,62,'_wc_order_attribution_session_count','1'),(243,62,'_wc_order_attribution_user_agent','Mozilla/5.0 (Windows NT 10.0; Win64; x64) AppleWebKit/537.36 (KHTML, like Gecko) Chrome/145.0.0.0 Safari/537.36 Edg/145.0.0.0'),(244,62,'_wc_order_attribution_device_type','Desktop'),(251,62,'_wc_affiliate_credited','33');

--
-- Table structure for table `wp_6_wc_product_attributes_lookup`
--

CREATE TABLE `wp_6_wc_product_attributes_lookup` (
  `product_id` bigint NOT NULL,
  `product_or_parent_id` bigint NOT NULL,
  `taxonomy` varchar(32) CHARACTER SET utf8mb4 COLLATE utf8mb4_unicode_520_ci NOT NULL,
  `term_id` bigint NOT NULL,
  `is_variation_attribute` tinyint(1) NOT NULL,
  `in_stock` tinyint(1) NOT NULL,
  PRIMARY KEY (`product_or_parent_id`,`term_id`,`product_id`,`taxonomy`),
  KEY `is_variation_attribute_term_id` (`is_variation_attribute`,`term_id`)
) ENGINE=InnoDB DEFAULT CHARSET=utf8mb4 COLLATE=utf8mb4_unicode_520_ci;

--
-- Dumping data for table `wp_6_wc_product_attributes_lookup`
--

INSERT INTO `wp_6_wc_product_attributes_lookup` VALUES (13,13,'pa_color',26,0,1),(14,14,'pa_color',22,0,1),(16,16,'pa_color',20,0,0),(16,16,'pa_color',21,0,0),(16,16,'pa_color',22,0,0),(16,16,'pa_size',23,0,0),(16,16,'pa_size',24,0,0),(16,16,'pa_size',25,0,0),(20,20,'pa_color',20,0,0),(20,20,'pa_color',21,0,0),(20,20,'pa_color',22,0,0),(29,29,'pa_color',27,0,1),(33,33,'pa_color',20,0,1);

--
-- Table structure for table `wp_6_wc_product_download_directories`
--

CREATE TABLE `wp_6_wc_product_download_directories` (
  `url_id` bigint unsigned NOT NULL AUTO_INCREMENT,
  `url` varchar(256) CHARACTER SET utf8mb4 COLLATE utf8mb4_unicode_520_ci NOT NULL,
  `enabled` tinyint(1) NOT NULL DEFAULT '0',
  PRIMARY KEY (`url_id`),
  KEY `url` (`url`(191))
) ENGINE=InnoDB AUTO_INCREMENT=3 DEFAULT CHARSET=utf8mb4 COLLATE=utf8mb4_unicode_520_ci;

--
-- Dumping data for table `wp_6_wc_product_download_directories`
--

INSERT INTO `wp_6_wc_product_download_directories` VALUES (1,'file:///var/www/html/easywp.site/wp-content/uploads/sites/6/woocommerce_uploads/',1),(2,'https://easywp.site/test/wp-content/uploads/sites/6/woocommerce_uploads/',1);

--
-- Table structure for table `wp_6_wc_product_meta_lookup`
--

CREATE TABLE `wp_6_wc_product_meta_lookup` (
  `product_id` bigint NOT NULL,
  `sku` varchar(100) CHARACTER SET utf8mb4 COLLATE utf8mb4_unicode_520_ci DEFAULT '',
  `global_unique_id` varchar(100) CHARACTER SET utf8mb4 COLLATE utf8mb4_unicode_520_ci DEFAULT '',
  `virtual` tinyint(1) DEFAULT '0',
  `downloadable` tinyint(1) DEFAULT '0',
  `min_price` decimal(19,4) DEFAULT NULL,
  `max_price` decimal(19,4) DEFAULT NULL,
  `onsale` tinyint(1) DEFAULT '0',
  `stock_quantity` double DEFAULT NULL,
  `stock_status` varchar(100) CHARACTER SET utf8mb4 COLLATE utf8mb4_unicode_520_ci DEFAULT 'instock',
  `rating_count` bigint DEFAULT '0',
  `average_rating` decimal(3,2) DEFAULT '0.00',
  `total_sales` bigint DEFAULT '0',
  `tax_status` varchar(100) CHARACTER SET utf8mb4 COLLATE utf8mb4_unicode_520_ci DEFAULT 'taxable',
  `tax_class` varchar(100) CHARACTER SET utf8mb4 COLLATE utf8mb4_unicode_520_ci DEFAULT '',
  PRIMARY KEY (`product_id`),
  KEY `virtual` (`virtual`),
  KEY `downloadable` (`downloadable`),
  KEY `stock_status` (`stock_status`),
  KEY `stock_quantity` (`stock_quantity`),
  KEY `onsale` (`onsale`),
  KEY `min_max_price` (`min_price`,`max_price`),
  KEY `sku` (`sku`(50))
) ENGINE=InnoDB DEFAULT CHARSET=utf8mb4 COLLATE=utf8mb4_unicode_520_ci;

--
-- Dumping data for table `wp_6_wc_product_meta_lookup`
--

INSERT INTO `wp_6_wc_product_meta_lookup` VALUES (12,'woo-hoodie-with-logo','',0,0,0.0000,0.0000,0,NULL,'instock',0,0.00,0,'taxable',''),(13,'woo-tshirt','',0,0,18.0000,18.0000,0,NULL,'instock',0,0.00,8,'taxable',''),(14,'woo-beanie','',0,0,18.0000,18.0000,1,NULL,'instock',0,0.00,6,'taxable',''),(16,'woo-vneck-tee','',0,0,0.0000,0.0000,0,NULL,'outofstock',0,0.00,0,'taxable',''),(20,'woo-hoodie','',0,0,0.0000,0.0000,0,NULL,'outofstock',0,0.00,0,'taxable',''),(27,'woo-belt','',0,0,55.0000,55.0000,1,NULL,'instock',0,0.00,17,'taxable',''),(29,'woo-cap','',0,0,16.0000,16.0000,1,NULL,'instock',0,0.00,4,'taxable',''),(31,'woo-sunglasses','',0,0,90.0000,90.0000,0,NULL,'instock',0,0.00,12,'taxable',''),(33,'woo-polo','',0,0,20.0000,20.0000,0,NULL,'instock',0,0.00,11,'taxable',''),(35,'logo-collection','',0,0,18.0000,18.0000,0,NULL,'instock',0,0.00,0,'taxable','');

--
-- Table structure for table `wp_6_wc_rate_limits`
--

CREATE TABLE `wp_6_wc_rate_limits` (
  `rate_limit_id` bigint unsigned NOT NULL AUTO_INCREMENT,
  `rate_limit_key` varchar(200) CHARACTER SET utf8mb4 COLLATE utf8mb4_unicode_520_ci NOT NULL,
  `rate_limit_expiry` bigint unsigned NOT NULL,
  `rate_limit_remaining` smallint NOT NULL DEFAULT '0',
  PRIMARY KEY (`rate_limit_id`),
  UNIQUE KEY `rate_limit_key` (`rate_limit_key`(191))
) ENGINE=InnoDB DEFAULT CHARSET=utf8mb4 COLLATE=utf8mb4_unicode_520_ci;

--
-- Dumping data for table `wp_6_wc_rate_limits`
--


--
-- Table structure for table `wp_6_wc_reserved_stock`
--

CREATE TABLE `wp_6_wc_reserved_stock` (
  `order_id` bigint NOT NULL,
  `product_id` bigint NOT NULL,
  `stock_quantity` double NOT NULL DEFAULT '0',
  `timestamp` datetime NOT NULL DEFAULT '0000-00-00 00:00:00',
  `expires` datetime NOT NULL DEFAULT '0000-00-00 00:00:00',
  PRIMARY KEY (`order_id`,`product_id`)
) ENGINE=InnoDB DEFAULT CHARSET=utf8mb4 COLLATE=utf8mb4_unicode_520_ci;

--
-- Dumping data for table `wp_6_wc_reserved_stock`
--


--
-- Table structure for table `wp_6_wc_tax_rate_classes`
--

CREATE TABLE `wp_6_wc_tax_rate_classes` (
  `tax_rate_class_id` bigint unsigned NOT NULL AUTO_INCREMENT,
  `name` varchar(200) CHARACTER SET utf8mb4 COLLATE utf8mb4_unicode_520_ci NOT NULL DEFAULT '',
  `slug` varchar(200) CHARACTER SET utf8mb4 COLLATE utf8mb4_unicode_520_ci NOT NULL DEFAULT '',
  PRIMARY KEY (`tax_rate_class_id`),
  UNIQUE KEY `slug` (`slug`(191))
) ENGINE=InnoDB AUTO_INCREMENT=3 DEFAULT CHARSET=utf8mb4 COLLATE=utf8mb4_unicode_520_ci;

--
-- Dumping data for table `wp_6_wc_tax_rate_classes`
--

INSERT INTO `wp_6_wc_tax_rate_classes` VALUES (1,'Reduced rate','reduced-rate'),(2,'Zero rate','zero-rate');

--
-- Table structure for table `wp_6_wc_webhooks`
--

CREATE TABLE `wp_6_wc_webhooks` (
  `webhook_id` bigint unsigned NOT NULL AUTO_INCREMENT,
  `status` varchar(200) CHARACTER SET utf8mb4 COLLATE utf8mb4_unicode_520_ci NOT NULL,
  `name` text CHARACTER SET utf8mb4 COLLATE utf8mb4_unicode_520_ci NOT NULL,
  `user_id` bigint unsigned NOT NULL,
  `delivery_url` text CHARACTER SET utf8mb4 COLLATE utf8mb4_unicode_520_ci NOT NULL,
  `secret` text CHARACTER SET utf8mb4 COLLATE utf8mb4_unicode_520_ci NOT NULL,
  `topic` varchar(200) CHARACTER SET utf8mb4 COLLATE utf8mb4_unicode_520_ci NOT NULL,
  `date_created` datetime NOT NULL DEFAULT '0000-00-00 00:00:00',
  `date_created_gmt` datetime NOT NULL DEFAULT '0000-00-00 00:00:00',
  `date_modified` datetime NOT NULL DEFAULT '0000-00-00 00:00:00',
  `date_modified_gmt` datetime NOT NULL DEFAULT '0000-00-00 00:00:00',
  `api_version` smallint NOT NULL,
  `failure_count` smallint NOT NULL DEFAULT '0',
  `pending_delivery` tinyint(1) NOT NULL DEFAULT '0',
  PRIMARY KEY (`webhook_id`),
  KEY `user_id` (`user_id`)
) ENGINE=InnoDB DEFAULT CHARSET=utf8mb4 COLLATE=utf8mb4_unicode_520_ci;

--
-- Dumping data for table `wp_6_wc_webhooks`
--


--
-- Table structure for table `wp_6_wca_referrals`
--

CREATE TABLE `wp_6_wca_referrals` (
  `id` int NOT NULL AUTO_INCREMENT,
  `affiliate` int NOT NULL,
  `type` varchar(32) CHARACTER SET utf8mb4 COLLATE utf8mb4_unicode_520_ci NOT NULL,
  `visit` int NOT NULL DEFAULT '0',
  `order_id` int NOT NULL,
  `products` text CHARACTER SET utf8mb4 COLLATE utf8mb4_unicode_520_ci NOT NULL,
  `order_total` float(16,2) NOT NULL,
  `commission` float(16,2) NOT NULL,
  `payment_status` varchar(16) CHARACTER SET utf8mb4 COLLATE utf8mb4_unicode_520_ci NOT NULL,
  `transaction_id` int NOT NULL DEFAULT '0',
  `time` int NOT NULL,
  PRIMARY KEY (`id`),
  KEY `affiliate_index` (`affiliate`),
  KEY `visit_index` (`visit`),
  KEY `order_id_index` (`order_id`),
  KEY `payment_status_index` (`payment_status`),
  KEY `transaction_id_index` (`transaction_id`),
  KEY `time_index` (`time`)
) ENGINE=InnoDB AUTO_INCREMENT=7 DEFAULT CHARSET=utf8mb4 COLLATE=utf8mb4_unicode_520_ci;

--
-- Dumping data for table `wp_6_wca_referrals`
--

INSERT INTO `wp_6_wca_referrals` VALUES (1,3,'sale',1,48,'a:5:{i:31;s:10:\"Sunglasses\";i:29;s:3:\"Cap\";i:27;s:4:\"Belt\";i:33;s:4:\"Polo\";i:13;s:7:\"T-Shirt\";}',395.00,79.00,'approved',0,1772424983),(2,3,'sale',2,49,'a:5:{i:31;s:10:\"Sunglasses\";i:14;s:6:\"Beanie\";i:27;s:4:\"Belt\";i:33;s:4:\"Polo\";i:13;s:7:\"T-Shirt\";}',1479.00,295.80,'approved',0,1772425556),(3,5,'sale',5,52,'a:1:{i:31;s:10:\"Sunglasses\";}',90.00,18.00,'paid',1,1772429470),(4,6,'sale',10,59,'a:1:{i:27;s:4:\"Belt\";}',55.00,11.00,'pending',0,1772431883),(5,5,'sale',11,61,'a:1:{i:27;s:4:\"Belt\";}',110.00,22.00,'pending',0,1772434047),(6,5,'sale',12,62,'a:1:{i:27;s:4:\"Belt\";}',165.00,33.00,'paid',1,1772434231);

--
-- Table structure for table `wp_6_wca_shortlinks`
--

CREATE TABLE `wp_6_wca_shortlinks` (
  `id` int NOT NULL AUTO_INCREMENT,
  `affiliate` int NOT NULL,
  `page_url` text NOT NULL,
  `campaign` varchar(200) NOT NULL,
  `identifier` text NOT NULL,
  `time` int NOT NULL,
  UNIQUE KEY `id` (`id`),
  KEY `affiliate_index` (`affiliate`),
  KEY `time_index` (`time`)
) ENGINE=InnoDB AUTO_INCREMENT=4 DEFAULT CHARSET=utf8mb4 COLLATE=utf8mb4_0900_ai_ci;

--
-- Dumping data for table `wp_6_wca_shortlinks`
--

INSERT INTO `wp_6_wca_shortlinks` VALUES (1,3,'https://easywp.site/test/shop/?add-to-cart=31&ref=3&campaign=summer','summer','E0Tn4r',1772424057),(2,3,'https://easywp.site/test/become-our-affiliate/?ref=3&campaign=easy','easy','SOkleP',1772425103),(3,8,'https://easywp.site/test/become-our-affiliate/?ref=8&campaign=up','up','A3ngOS',1772428526);

--
-- Table structure for table `wp_6_wca_transactions`
--

CREATE TABLE `wp_6_wca_transactions` (
  `id` int NOT NULL AUTO_INCREMENT,
  `affiliate` int NOT NULL,
  `amount` float(16,2) NOT NULL,
  `payment_method` varchar(255) CHARACTER SET utf8mb4 COLLATE utf8mb4_unicode_520_ci NOT NULL,
  `payment_details` longtext CHARACTER SET utf8mb4 COLLATE utf8mb4_unicode_520_ci,
  `txn_id` varchar(255) CHARACTER SET utf8mb4 COLLATE utf8mb4_unicode_520_ci NOT NULL,
  `status` varchar(16) CHARACTER SET utf8mb4 COLLATE utf8mb4_unicode_520_ci NOT NULL,
  `notes` text CHARACTER SET utf8mb4 COLLATE utf8mb4_unicode_520_ci,
  `request_at` int NOT NULL,
  `process_at` int NOT NULL,
  PRIMARY KEY (`id`),
  KEY `affiliate_index` (`affiliate`),
  KEY `status_index` (`status`),
  KEY `request_at_index` (`request_at`),
  KEY `process_at_index` (`process_at`)
) ENGINE=InnoDB AUTO_INCREMENT=2 DEFAULT CHARSET=utf8mb4 COLLATE=utf8mb4_unicode_520_ci;

--
-- Dumping data for table `wp_6_wca_transactions`
--

INSERT INTO `wp_6_wca_transactions` VALUES (1,5,51.00,'manual',NULL,'MANUAL-1772436472-5','completed',NULL,1772436472,1772436472);

--
-- Table structure for table `wp_6_wca_visits`
--

CREATE TABLE `wp_6_wca_visits` (
  `id` int NOT NULL AUTO_INCREMENT,
  `affiliate` int NOT NULL,
  `referral` int NOT NULL DEFAULT '0',
  `page_url` varchar(255) CHARACTER SET utf8mb4 COLLATE utf8mb4_unicode_520_ci NOT NULL,
  `referrer_url` varchar(255) CHARACTER SET utf8mb4 COLLATE utf8mb4_unicode_520_ci NOT NULL DEFAULT '',
  `campaign` varchar(255) CHARACTER SET utf8mb4 COLLATE utf8mb4_unicode_520_ci NOT NULL DEFAULT '',
  `ip` varchar(15) CHARACTER SET utf8mb4 COLLATE utf8mb4_unicode_520_ci NOT NULL,
  `time` int NOT NULL,
  PRIMARY KEY (`id`),
  KEY `affiliate_index` (`affiliate`),
  KEY `referral_index` (`referral`),
  KEY `time_index` (`time`)
) ENGINE=InnoDB AUTO_INCREMENT=13 DEFAULT CHARSET=utf8mb4 COLLATE=utf8mb4_unicode_520_ci;

--
-- Dumping data for table `wp_6_wca_visits`
--

INSERT INTO `wp_6_wca_visits` VALUES (1,3,1,'https://easywp.site/test/shop','','summer','27.147.186.29',1772424902),(2,3,2,'https://easywp.site/test/become-our-affiliate','','easy','27.147.186.29',1772425117),(3,9,0,'https://easywp.site/test/shop','','black-friday','27.147.186.29',1772427455),(4,9,0,'https://easywp.site/test/product/sunglasses','','summer-sale','27.147.186.29',1772427659),(5,5,3,'https://easywp.site/test/shop','','','103.163.50.178',1772428458),(6,8,0,'https://easywp.site/test/become-our-affiliate','','up','27.147.186.29',1772428578),(7,9,0,'https://easywp.site/test/product/sunglasses','','summer-sale','98.94.31.223',1772430289),(8,9,0,'https://easywp.site/test/product/sunglasses','','summer-sale','3.85.26.137',1772430291),(9,9,0,'https://easywp.site/test/product/sunglasses','','summer-sale','27.147.186.29',1772430384),(10,6,4,'https://easywp.site/test/product/belt','','','103.163.50.178',1772431763),(11,5,5,'https://easywp.site/test/become-our-affiliate','','','103.163.50.178',1772432986),(12,5,6,'https://easywp.site/test/product/belt','','','103.163.50.178',1772434138);

--
-- Table structure for table `wp_6_woocommerce_api_keys`
--

CREATE TABLE `wp_6_woocommerce_api_keys` (
  `key_id` bigint unsigned NOT NULL AUTO_INCREMENT,
  `user_id` bigint unsigned NOT NULL,
  `description` varchar(200) CHARACTER SET utf8mb4 COLLATE utf8mb4_unicode_520_ci DEFAULT NULL,
  `permissions` varchar(10) CHARACTER SET utf8mb4 COLLATE utf8mb4_unicode_520_ci NOT NULL,
  `consumer_key` char(64) CHARACTER SET utf8mb4 COLLATE utf8mb4_unicode_520_ci NOT NULL,
  `consumer_secret` char(43) CHARACTER SET utf8mb4 COLLATE utf8mb4_unicode_520_ci NOT NULL,
  `nonces` longtext CHARACTER SET utf8mb4 COLLATE utf8mb4_unicode_520_ci,
  `truncated_key` char(7) CHARACTER SET utf8mb4 COLLATE utf8mb4_unicode_520_ci NOT NULL,
  `last_access` datetime DEFAULT NULL,
  PRIMARY KEY (`key_id`),
  KEY `consumer_key` (`consumer_key`),
  KEY `consumer_secret` (`consumer_secret`)
) ENGINE=InnoDB DEFAULT CHARSET=utf8mb4 COLLATE=utf8mb4_unicode_520_ci;

--
-- Dumping data for table `wp_6_woocommerce_api_keys`
--


--
-- Table structure for table `wp_6_woocommerce_attribute_taxonomies`
--

CREATE TABLE `wp_6_woocommerce_attribute_taxonomies` (
  `attribute_id` bigint unsigned NOT NULL AUTO_INCREMENT,
  `attribute_name` varchar(200) CHARACTER SET utf8mb4 COLLATE utf8mb4_unicode_520_ci NOT NULL,
  `attribute_label` varchar(200) CHARACTER SET utf8mb4 COLLATE utf8mb4_unicode_520_ci DEFAULT NULL,
  `attribute_type` varchar(20) CHARACTER SET utf8mb4 COLLATE utf8mb4_unicode_520_ci NOT NULL,
  `attribute_orderby` varchar(20) CHARACTER SET utf8mb4 COLLATE utf8mb4_unicode_520_ci NOT NULL,
  `attribute_public` int NOT NULL DEFAULT '1',
  PRIMARY KEY (`attribute_id`),
  KEY `attribute_name` (`attribute_name`(20))
) ENGINE=InnoDB AUTO_INCREMENT=3 DEFAULT CHARSET=utf8mb4 COLLATE=utf8mb4_unicode_520_ci;

--
-- Dumping data for table `wp_6_woocommerce_attribute_taxonomies`
--

INSERT INTO `wp_6_woocommerce_attribute_taxonomies` VALUES (1,'color','Color','select','menu_order',0),(2,'size','Size','select','menu_order',0);

--
-- Table structure for table `wp_6_woocommerce_downloadable_product_permissions`
--

CREATE TABLE `wp_6_woocommerce_downloadable_product_permissions` (
  `permission_id` bigint unsigned NOT NULL AUTO_INCREMENT,
  `download_id` varchar(36) CHARACTER SET utf8mb4 COLLATE utf8mb4_unicode_520_ci NOT NULL,
  `product_id` bigint unsigned NOT NULL,
  `order_id` bigint unsigned NOT NULL DEFAULT '0',
  `order_key` varchar(200) CHARACTER SET utf8mb4 COLLATE utf8mb4_unicode_520_ci NOT NULL,
  `user_email` varchar(200) CHARACTER SET utf8mb4 COLLATE utf8mb4_unicode_520_ci NOT NULL,
  `user_id` bigint unsigned DEFAULT NULL,
  `downloads_remaining` varchar(9) CHARACTER SET utf8mb4 COLLATE utf8mb4_unicode_520_ci DEFAULT NULL,
  `access_granted` datetime NOT NULL DEFAULT '0000-00-00 00:00:00',
  `access_expires` datetime DEFAULT NULL,
  `download_count` bigint unsigned NOT NULL DEFAULT '0',
  PRIMARY KEY (`permission_id`),
  KEY `download_order_key_product` (`product_id`,`order_id`,`order_key`(16),`download_id`),
  KEY `download_order_product` (`download_id`,`order_id`,`product_id`),
  KEY `order_id` (`order_id`),
  KEY `user_order_remaining_expires` (`user_id`,`order_id`,`downloads_remaining`,`access_expires`),
  KEY `idx_user_email` (`user_email`(100))
) ENGINE=InnoDB DEFAULT CHARSET=utf8mb4 COLLATE=utf8mb4_unicode_520_ci;

--
-- Dumping data for table `wp_6_woocommerce_downloadable_product_permissions`
--


--
-- Table structure for table `wp_6_woocommerce_log`
--

CREATE TABLE `wp_6_woocommerce_log` (
  `log_id` bigint unsigned NOT NULL AUTO_INCREMENT,
  `timestamp` datetime NOT NULL,
  `level` smallint NOT NULL,
  `source` varchar(200) CHARACTER SET utf8mb4 COLLATE utf8mb4_unicode_520_ci NOT NULL,
  `message` longtext CHARACTER SET utf8mb4 COLLATE utf8mb4_unicode_520_ci NOT NULL,
  `context` longtext CHARACTER SET utf8mb4 COLLATE utf8mb4_unicode_520_ci,
  PRIMARY KEY (`log_id`),
  KEY `level` (`level`)
) ENGINE=InnoDB DEFAULT CHARSET=utf8mb4 COLLATE=utf8mb4_unicode_520_ci;

--
-- Dumping data for table `wp_6_woocommerce_log`
--


--
-- Table structure for table `wp_6_woocommerce_order_itemmeta`
--

CREATE TABLE `wp_6_woocommerce_order_itemmeta` (
  `meta_id` bigint unsigned NOT NULL AUTO_INCREMENT,
  `order_item_id` bigint unsigned NOT NULL,
  `meta_key` varchar(255) CHARACTER SET utf8mb4 COLLATE utf8mb4_unicode_520_ci DEFAULT NULL,
  `meta_value` longtext CHARACTER SET utf8mb4 COLLATE utf8mb4_unicode_520_ci,
  PRIMARY KEY (`meta_id`),
  KEY `order_item_id` (`order_item_id`),
  KEY `meta_key` (`meta_key`(32))
) ENGINE=InnoDB AUTO_INCREMENT=493 DEFAULT CHARSET=utf8mb4 COLLATE=utf8mb4_unicode_520_ci;

--
-- Dumping data for table `wp_6_woocommerce_order_itemmeta`
--

INSERT INTO `wp_6_woocommerce_order_itemmeta` VALUES (1,1,'_product_id','31'),(2,1,'_variation_id','0'),(3,1,'_qty','3'),(4,1,'_tax_class',''),(5,1,'_line_subtotal','270'),(6,1,'_line_subtotal_tax','0'),(7,1,'_line_total','270'),(8,1,'_line_tax','0'),(9,1,'_line_tax_data','a:2:{s:5:\"total\";a:0:{}s:8:\"subtotal\";a:0:{}}'),(10,2,'_product_id','29'),(11,2,'_variation_id','0'),(12,2,'_qty','2'),(13,2,'_tax_class',''),(14,2,'_line_subtotal','32'),(15,2,'_line_subtotal_tax','0'),(16,2,'_line_total','32'),(17,2,'_line_tax','0'),(18,2,'_line_tax_data','a:2:{s:5:\"total\";a:0:{}s:8:\"subtotal\";a:0:{}}'),(19,3,'_product_id','27'),(20,3,'_variation_id','0'),(21,3,'_qty','1'),(22,3,'_tax_class',''),(23,3,'_line_subtotal','55'),(24,3,'_line_subtotal_tax','0'),(25,3,'_line_total','55'),(26,3,'_line_tax','0'),(27,3,'_line_tax_data','a:2:{s:5:\"total\";a:0:{}s:8:\"subtotal\";a:0:{}}'),(28,4,'_product_id','33'),(29,4,'_variation_id','0'),(30,4,'_qty','1'),(31,4,'_tax_class',''),(32,4,'_line_subtotal','20'),(33,4,'_line_subtotal_tax','0'),(34,4,'_line_total','20'),(35,4,'_line_tax','0'),(36,4,'_line_tax_data','a:2:{s:5:\"total\";a:0:{}s:8:\"subtotal\";a:0:{}}'),(37,5,'_product_id','13'),(38,5,'_variation_id','0'),(39,5,'_qty','1'),(40,5,'_tax_class',''),(41,5,'_line_subtotal','18'),(42,5,'_line_subtotal_tax','0'),(43,5,'_line_total','18'),(44,5,'_line_tax','0'),(45,5,'_line_tax_data','a:2:{s:5:\"total\";a:0:{}s:8:\"subtotal\";a:0:{}}'),(46,6,'method_id','free_shipping'),(47,6,'instance_id','1'),(48,6,'cost','0'),(49,6,'total_tax','0'),(50,6,'taxes','a:1:{s:5:\"total\";a:0:{}}'),(51,6,'Items','Sunglasses &times; 3, Cap &times; 2, Belt &times; 1, Polo &times; 1, T-Shirt &times; 1'),(307,37,'_product_id','31'),(308,37,'_variation_id','0'),(309,37,'_qty','8'),(310,37,'_tax_class',''),(311,37,'_line_subtotal','720'),(312,37,'_line_subtotal_tax','0'),(313,37,'_line_total','720'),(314,37,'_line_tax','0'),(315,37,'_line_tax_data','a:2:{s:5:\"total\";a:0:{}s:8:\"subtotal\";a:0:{}}'),(316,38,'_product_id','14'),(317,38,'_variation_id','0'),(318,38,'_qty','6'),(319,38,'_tax_class',''),(320,38,'_line_subtotal','108'),(321,38,'_line_subtotal_tax','0'),(322,38,'_line_total','108'),(323,38,'_line_tax','0'),(324,38,'_line_tax_data','a:2:{s:5:\"total\";a:0:{}s:8:\"subtotal\";a:0:{}}'),(325,39,'_product_id','27'),(326,39,'_variation_id','0'),(327,39,'_qty','7'),(328,39,'_tax_class',''),(329,39,'_line_subtotal','385'),(330,39,'_line_subtotal_tax','0'),(331,39,'_line_total','385'),(332,39,'_line_tax','0'),(333,39,'_line_tax_data','a:2:{s:5:\"total\";a:0:{}s:8:\"subtotal\";a:0:{}}'),(334,40,'_product_id','33'),(335,40,'_variation_id','0'),(336,40,'_qty','7'),(337,40,'_tax_class',''),(338,40,'_line_subtotal','140'),(339,40,'_line_subtotal_tax','0'),(340,40,'_line_total','140'),(341,40,'_line_tax','0'),(342,40,'_line_tax_data','a:2:{s:5:\"total\";a:0:{}s:8:\"subtotal\";a:0:{}}'),(343,41,'_product_id','13'),(344,41,'_variation_id','0'),(345,41,'_qty','7'),(346,41,'_tax_class',''),(347,41,'_line_subtotal','126'),(348,41,'_line_subtotal_tax','0'),(349,41,'_line_total','126'),(350,41,'_line_tax','0'),(351,41,'_line_tax_data','a:2:{s:5:\"total\";a:0:{}s:8:\"subtotal\";a:0:{}}'),(352,42,'method_id','free_shipping'),(353,42,'instance_id','1'),(354,42,'cost','0'),(355,42,'total_tax','0'),(356,42,'taxes','a:1:{s:5:\"total\";a:0:{}}'),(357,42,'Items','Sunglasses &times; 8, Beanie &times; 6, Belt &times; 7, Polo &times; 7, T-Shirt &times; 7'),(358,43,'_product_id','27'),(359,43,'_variation_id','0'),(360,43,'_qty','3'),(361,43,'_tax_class',''),(362,43,'_line_subtotal','165'),(363,43,'_line_subtotal_tax','0'),(364,43,'_line_total','165'),(365,43,'_line_tax','0'),(366,43,'_line_tax_data','a:2:{s:5:\"total\";a:0:{}s:8:\"subtotal\";a:0:{}}'),(367,44,'method_id','free_shipping'),(368,44,'instance_id','1'),(369,44,'cost','0'),(370,44,'total_tax','0'),(371,44,'taxes','a:1:{s:5:\"total\";a:0:{}}'),(372,44,'Items','Belt &times; 3'),(373,45,'_product_id','31'),(374,45,'_variation_id','0'),(375,45,'_qty','1'),(376,45,'_tax_class',''),(377,45,'_line_subtotal','90'),(378,45,'_line_subtotal_tax','0'),(379,45,'_line_total','90'),(380,45,'_line_tax','0'),(381,45,'_line_tax_data','a:2:{s:5:\"total\";a:0:{}s:8:\"subtotal\";a:0:{}}'),(388,47,'_product_id','31'),(389,47,'_variation_id','0'),(390,47,'_qty','1'),(391,47,'_tax_class',''),(392,47,'_line_subtotal','90'),(393,47,'_line_subtotal_tax','0'),(394,47,'_line_total','90'),(395,47,'_line_tax','0'),(396,47,'_line_tax_data','a:2:{s:5:\"total\";a:0:{}s:8:\"subtotal\";a:0:{}}'),(397,48,'method_id','free_shipping'),(398,48,'instance_id','1'),(399,48,'cost','0'),(400,48,'total_tax','0'),(401,48,'taxes','a:1:{s:5:\"total\";a:0:{}}'),(402,48,'Items','Sunglasses &times; 1'),(403,49,'_product_id','33'),(404,49,'_variation_id','0'),(405,49,'_qty','3'),(406,49,'_tax_class',''),(407,49,'_line_subtotal','60'),(408,49,'_line_subtotal_tax','0'),(409,49,'_line_total','60'),(410,49,'_line_tax','0'),(411,49,'_line_tax_data','a:2:{s:5:\"total\";a:0:{}s:8:\"subtotal\";a:0:{}}'),(412,50,'method_id','free_shipping'),(413,50,'instance_id','1'),(414,50,'cost','0'),(415,50,'total_tax','0'),(416,50,'taxes','a:1:{s:5:\"total\";a:0:{}}'),(417,50,'Items','Polo &times; 3'),(418,51,'_product_id','27'),(419,51,'_variation_id','0'),(420,51,'_qty','1'),(421,51,'_tax_class',''),(422,51,'_line_subtotal','55'),(423,51,'_line_subtotal_tax','0'),(424,51,'_line_total','55'),(425,51,'_line_tax','0'),(426,51,'_line_tax_data','a:2:{s:5:\"total\";a:0:{}s:8:\"subtotal\";a:0:{}}'),(427,52,'method_id','free_shipping'),(428,52,'instance_id','1'),(429,52,'cost','0'),(430,52,'total_tax','0'),(431,52,'taxes','a:1:{s:5:\"total\";a:0:{}}'),(432,52,'Items','Belt &times; 1'),(433,53,'_product_id','27'),(434,53,'_variation_id','0'),(435,53,'_qty','1'),(436,53,'_tax_class',''),(437,53,'_line_subtotal','55'),(438,53,'_line_subtotal_tax','0'),(439,53,'_line_total','55'),(440,53,'_line_tax','0'),(441,53,'_line_tax_data','a:2:{s:5:\"total\";a:0:{}s:8:\"subtotal\";a:0:{}}'),(442,54,'method_id','free_shipping'),(443,54,'instance_id','1'),(444,54,'cost','0'),(445,54,'total_tax','0'),(446,54,'taxes','a:1:{s:5:\"total\";a:0:{}}'),(447,54,'Items','Belt &times; 1'),(448,55,'_product_id','29'),(449,55,'_variation_id','0'),(450,55,'_qty','2'),(451,55,'_tax_class',''),(452,55,'_line_subtotal','32'),(453,55,'_line_subtotal_tax','0'),(454,55,'_line_total','32'),(455,55,'_line_tax','0'),(456,55,'_line_tax_data','a:2:{s:5:\"total\";a:0:{}s:8:\"subtotal\";a:0:{}}'),(457,56,'method_id','free_shipping'),(458,56,'instance_id','1'),(459,56,'cost','0'),(460,56,'total_tax','0'),(461,56,'taxes','a:1:{s:5:\"total\";a:0:{}}'),(462,56,'Items','Cap &times; 2'),(463,57,'_product_id','27'),(464,57,'_variation_id','0'),(465,57,'_qty','2'),(466,57,'_tax_class',''),(467,57,'_line_subtotal','110'),(468,57,'_line_subtotal_tax','0'),(469,57,'_line_total','110'),(470,57,'_line_tax','0'),(471,57,'_line_tax_data','a:2:{s:5:\"total\";a:0:{}s:8:\"subtotal\";a:0:{}}'),(472,58,'method_id','free_shipping'),(473,58,'instance_id','1'),(474,58,'cost','0'),(475,58,'total_tax','0'),(476,58,'taxes','a:1:{s:5:\"total\";a:0:{}}'),(477,58,'Items','Belt &times; 2'),(478,59,'_product_id','27'),(479,59,'_variation_id','0'),(480,59,'_qty','3'),(481,59,'_tax_class',''),(482,59,'_line_subtotal','165'),(483,59,'_line_subtotal_tax','0'),(484,59,'_line_total','165'),(485,59,'_line_tax','0'),(486,59,'_line_tax_data','a:2:{s:5:\"total\";a:0:{}s:8:\"subtotal\";a:0:{}}'),(487,60,'method_id','free_shipping'),(488,60,'instance_id','1'),(489,60,'cost','0'),(490,60,'total_tax','0'),(491,60,'taxes','a:1:{s:5:\"total\";a:0:{}}'),(492,60,'Items','Belt &times; 3');

--
-- Table structure for table `wp_6_woocommerce_order_items`
--

CREATE TABLE `wp_6_woocommerce_order_items` (
  `order_item_id` bigint unsigned NOT NULL AUTO_INCREMENT,
  `order_item_name` text CHARACTER SET utf8mb4 COLLATE utf8mb4_unicode_520_ci NOT NULL,
  `order_item_type` varchar(200) CHARACTER SET utf8mb4 COLLATE utf8mb4_unicode_520_ci NOT NULL DEFAULT '',
  `order_id` bigint unsigned NOT NULL,
  PRIMARY KEY (`order_item_id`),
  KEY `order_id` (`order_id`)
) ENGINE=InnoDB AUTO_INCREMENT=61 DEFAULT CHARSET=utf8mb4 COLLATE=utf8mb4_unicode_520_ci;

--
-- Dumping data for table `wp_6_woocommerce_order_items`
--

INSERT INTO `wp_6_woocommerce_order_items` VALUES (1,'Sunglasses','line_item',48),(2,'Cap','line_item',48),(3,'Belt','line_item',48),(4,'Polo','line_item',48),(5,'T-Shirt','line_item',48),(6,'Free shipping','shipping',48),(37,'Sunglasses','line_item',49),(38,'Beanie','line_item',49),(39,'Belt','line_item',49),(40,'Polo','line_item',49),(41,'T-Shirt','line_item',49),(42,'Free shipping','shipping',49),(43,'Belt','line_item',50),(44,'Free shipping','shipping',50),(45,'Sunglasses','line_item',51),(47,'Sunglasses','line_item',52),(48,'Free shipping','shipping',52),(49,'Polo','line_item',57),(50,'Free shipping','shipping',57),(51,'Belt','line_item',58),(52,'Free shipping','shipping',58),(53,'Belt','line_item',59),(54,'Free shipping','shipping',59),(55,'Cap','line_item',60),(56,'Free shipping','shipping',60),(57,'Belt','line_item',61),(58,'Free shipping','shipping',61),(59,'Belt','line_item',62),(60,'Free shipping','shipping',62);

--
-- Table structure for table `wp_6_woocommerce_payment_tokenmeta`
--

CREATE TABLE `wp_6_woocommerce_payment_tokenmeta` (
  `meta_id` bigint unsigned NOT NULL AUTO_INCREMENT,
  `payment_token_id` bigint unsigned NOT NULL,
  `meta_key` varchar(255) CHARACTER SET utf8mb4 COLLATE utf8mb4_unicode_520_ci DEFAULT NULL,
  `meta_value` longtext CHARACTER SET utf8mb4 COLLATE utf8mb4_unicode_520_ci,
  PRIMARY KEY (`meta_id`),
  KEY `payment_token_id` (`payment_token_id`),
  KEY `meta_key` (`meta_key`(32))
) ENGINE=InnoDB DEFAULT CHARSET=utf8mb4 COLLATE=utf8mb4_unicode_520_ci;

--
-- Dumping data for table `wp_6_woocommerce_payment_tokenmeta`
--


--
-- Table structure for table `wp_6_woocommerce_payment_tokens`
--

CREATE TABLE `wp_6_woocommerce_payment_tokens` (
  `token_id` bigint unsigned NOT NULL AUTO_INCREMENT,
  `gateway_id` varchar(200) CHARACTER SET utf8mb4 COLLATE utf8mb4_unicode_520_ci NOT NULL,
  `token` text CHARACTER SET utf8mb4 COLLATE utf8mb4_unicode_520_ci NOT NULL,
  `user_id` bigint unsigned NOT NULL DEFAULT '0',
  `type` varchar(200) CHARACTER SET utf8mb4 COLLATE utf8mb4_unicode_520_ci NOT NULL,
  `is_default` tinyint(1) NOT NULL DEFAULT '0',
  PRIMARY KEY (`token_id`),
  KEY `user_id` (`user_id`)
) ENGINE=InnoDB DEFAULT CHARSET=utf8mb4 COLLATE=utf8mb4_unicode_520_ci;

--
-- Dumping data for table `wp_6_woocommerce_payment_tokens`
--


--
-- Table structure for table `wp_6_woocommerce_sessions`
--

CREATE TABLE `wp_6_woocommerce_sessions` (
  `session_id` bigint unsigned NOT NULL AUTO_INCREMENT,
  `session_key` char(32) CHARACTER SET utf8mb4 COLLATE utf8mb4_unicode_520_ci NOT NULL,
  `session_value` longtext CHARACTER SET utf8mb4 COLLATE utf8mb4_unicode_520_ci NOT NULL,
  `session_expiry` bigint unsigned NOT NULL,
  PRIMARY KEY (`session_id`),
  UNIQUE KEY `session_key` (`session_key`),
  KEY `session_expiry` (`session_expiry`)
) ENGINE=InnoDB AUTO_INCREMENT=179 DEFAULT CHARSET=utf8mb4 COLLATE=utf8mb4_unicode_520_ci;

--
-- Dumping data for table `wp_6_woocommerce_sessions`
--

INSERT INTO `wp_6_woocommerce_sessions` VALUES (1,'1','a:1:{s:8:\"customer\";s:760:\"a:28:{s:2:\"id\";s:1:\"1\";s:13:\"date_modified\";s:0:\"\";s:10:\"first_name\";s:0:\"\";s:9:\"last_name\";s:0:\"\";s:7:\"company\";s:0:\"\";s:5:\"phone\";s:0:\"\";s:5:\"email\";s:17:\"n.mukto@gmail.com\";s:7:\"address\";s:0:\"\";s:9:\"address_1\";s:0:\"\";s:9:\"address_2\";s:0:\"\";s:4:\"city\";s:0:\"\";s:5:\"state\";s:2:\"DE\";s:8:\"postcode\";s:0:\"\";s:7:\"country\";s:2:\"US\";s:19:\"shipping_first_name\";s:0:\"\";s:18:\"shipping_last_name\";s:0:\"\";s:16:\"shipping_company\";s:0:\"\";s:14:\"shipping_phone\";s:0:\"\";s:16:\"shipping_address\";s:0:\"\";s:18:\"shipping_address_1\";s:0:\"\";s:18:\"shipping_address_2\";s:0:\"\";s:13:\"shipping_city\";s:0:\"\";s:14:\"shipping_state\";s:2:\"DE\";s:17:\"shipping_postcode\";s:0:\"\";s:16:\"shipping_country\";s:2:\"US\";s:13:\"is_vat_exempt\";s:0:\"\";s:19:\"calculated_shipping\";s:0:\"\";s:9:\"meta_data\";a:0:{}}\";}',1772980797),(3,'2','a:1:{s:8:\"customer\";s:793:\"a:28:{s:2:\"id\";s:1:\"2\";s:13:\"date_modified\";s:25:\"2026-03-02T03:44:50+00:00\";s:10:\"first_name\";s:0:\"\";s:9:\"last_name\";s:0:\"\";s:7:\"company\";s:0:\"\";s:5:\"phone\";s:0:\"\";s:5:\"email\";s:24:\"mustakim@wcaffiliate.com\";s:7:\"address\";s:0:\"\";s:9:\"address_1\";s:0:\"\";s:9:\"address_2\";s:0:\"\";s:4:\"city\";s:0:\"\";s:5:\"state\";s:2:\"DE\";s:8:\"postcode\";s:0:\"\";s:7:\"country\";s:2:\"US\";s:19:\"shipping_first_name\";s:0:\"\";s:18:\"shipping_last_name\";s:0:\"\";s:16:\"shipping_company\";s:0:\"\";s:14:\"shipping_phone\";s:0:\"\";s:16:\"shipping_address\";s:0:\"\";s:18:\"shipping_address_1\";s:0:\"\";s:18:\"shipping_address_2\";s:0:\"\";s:13:\"shipping_city\";s:0:\"\";s:14:\"shipping_state\";s:2:\"DE\";s:17:\"shipping_postcode\";s:0:\"\";s:16:\"shipping_country\";s:2:\"US\";s:13:\"is_vat_exempt\";s:0:\"\";s:19:\"calculated_shipping\";s:0:\"\";s:9:\"meta_data\";a:0:{}}\";}',1773027893),(12,'5','a:1:{s:8:\"customer\";s:784:\"a:28:{s:2:\"id\";s:1:\"5\";s:13:\"date_modified\";s:25:\"2026-03-02T04:28:45+00:00\";s:10:\"first_name\";s:0:\"\";s:9:\"last_name\";s:0:\"\";s:7:\"company\";s:0:\"\";s:5:\"phone\";s:0:\"\";s:5:\"email\";s:15:\"james@gmail.com\";s:7:\"address\";s:0:\"\";s:9:\"address_1\";s:0:\"\";s:9:\"address_2\";s:0:\"\";s:4:\"city\";s:0:\"\";s:5:\"state\";s:2:\"DE\";s:8:\"postcode\";s:0:\"\";s:7:\"country\";s:2:\"US\";s:19:\"shipping_first_name\";s:0:\"\";s:18:\"shipping_last_name\";s:0:\"\";s:16:\"shipping_company\";s:0:\"\";s:14:\"shipping_phone\";s:0:\"\";s:16:\"shipping_address\";s:0:\"\";s:18:\"shipping_address_1\";s:0:\"\";s:18:\"shipping_address_2\";s:0:\"\";s:13:\"shipping_city\";s:0:\"\";s:14:\"shipping_state\";s:2:\"DE\";s:17:\"shipping_postcode\";s:0:\"\";s:16:\"shipping_country\";s:2:\"US\";s:13:\"is_vat_exempt\";s:0:\"\";s:19:\"calculated_shipping\";s:0:\"\";s:9:\"meta_data\";a:0:{}}\";}',1773032292),(14,'6','a:1:{s:8:\"customer\";s:785:\"a:28:{s:2:\"id\";s:1:\"6\";s:13:\"date_modified\";s:25:\"2026-03-02T06:02:24+00:00\";s:10:\"first_name\";s:0:\"\";s:9:\"last_name\";s:0:\"\";s:7:\"company\";s:0:\"\";s:5:\"phone\";s:0:\"\";s:5:\"email\";s:16:\"sophia@gmail.com\";s:7:\"address\";s:0:\"\";s:9:\"address_1\";s:0:\"\";s:9:\"address_2\";s:0:\"\";s:4:\"city\";s:0:\"\";s:5:\"state\";s:2:\"DE\";s:8:\"postcode\";s:0:\"\";s:7:\"country\";s:2:\"US\";s:19:\"shipping_first_name\";s:0:\"\";s:18:\"shipping_last_name\";s:0:\"\";s:16:\"shipping_company\";s:0:\"\";s:14:\"shipping_phone\";s:0:\"\";s:16:\"shipping_address\";s:0:\"\";s:18:\"shipping_address_1\";s:0:\"\";s:18:\"shipping_address_2\";s:0:\"\";s:13:\"shipping_city\";s:0:\"\";s:14:\"shipping_state\";s:2:\"DE\";s:17:\"shipping_postcode\";s:0:\"\";s:16:\"shipping_country\";s:2:\"US\";s:13:\"is_vat_exempt\";s:0:\"\";s:19:\"calculated_shipping\";s:0:\"\";s:9:\"meta_data\";a:0:{}}\";}',1773036491),(55,'9','a:1:{s:8:\"customer\";s:765:\"a:28:{s:2:\"id\";s:1:\"9\";s:13:\"date_modified\";s:0:\"\";s:10:\"first_name\";s:0:\"\";s:9:\"last_name\";s:0:\"\";s:7:\"company\";s:0:\"\";s:5:\"phone\";s:0:\"\";s:5:\"email\";s:22:\"virixon188@pazuric.com\";s:7:\"address\";s:0:\"\";s:9:\"address_1\";s:0:\"\";s:9:\"address_2\";s:0:\"\";s:4:\"city\";s:0:\"\";s:5:\"state\";s:2:\"DE\";s:8:\"postcode\";s:0:\"\";s:7:\"country\";s:2:\"US\";s:19:\"shipping_first_name\";s:0:\"\";s:18:\"shipping_last_name\";s:0:\"\";s:16:\"shipping_company\";s:0:\"\";s:14:\"shipping_phone\";s:0:\"\";s:16:\"shipping_address\";s:0:\"\";s:18:\"shipping_address_1\";s:0:\"\";s:18:\"shipping_address_2\";s:0:\"\";s:13:\"shipping_city\";s:0:\"\";s:14:\"shipping_state\";s:2:\"DE\";s:17:\"shipping_postcode\";s:0:\"\";s:16:\"shipping_country\";s:2:\"US\";s:13:\"is_vat_exempt\";s:0:\"\";s:19:\"calculated_shipping\";s:0:\"\";s:9:\"meta_data\";a:0:{}}\";}',1773031955),(57,'t_4e7733b842e0ab764be27584ddb269','a:2:{s:8:\"customer\";s:912:\"a:28:{s:2:\"id\";s:1:\"0\";s:13:\"date_modified\";s:0:\"\";s:10:\"first_name\";s:8:\"Natalia \";s:9:\"last_name\";s:10:\"Kuznetsova\";s:7:\"company\";s:0:\"\";s:5:\"phone\";s:8:\"18396548\";s:5:\"email\";s:17:\"natalia@gmail.com\";s:7:\"address\";s:17:\"45/A, Street Mart\";s:9:\"address_1\";s:17:\"45/A, Street Mart\";s:9:\"address_2\";s:0:\"\";s:4:\"city\";s:8:\"New York\";s:5:\"state\";s:2:\"NY\";s:8:\"postcode\";s:5:\"78945\";s:7:\"country\";s:2:\"US\";s:19:\"shipping_first_name\";s:8:\"Natalia \";s:18:\"shipping_last_name\";s:10:\"Kuznetsova\";s:16:\"shipping_company\";s:0:\"\";s:14:\"shipping_phone\";s:8:\"18396548\";s:16:\"shipping_address\";s:17:\"45/A, Street Mart\";s:18:\"shipping_address_1\";s:17:\"45/A, Street Mart\";s:18:\"shipping_address_2\";s:0:\"\";s:13:\"shipping_city\";s:8:\"New York\";s:14:\"shipping_state\";s:2:\"NY\";s:17:\"shipping_postcode\";s:5:\"78945\";s:16:\"shipping_country\";s:2:\"US\";s:13:\"is_vat_exempt\";s:0:\"\";s:19:\"calculated_shipping\";s:0:\"\";s:9:\"meta_data\";a:0:{}}\";s:21:\"chosen_payment_method\";s:3:\"cod\";}',1772600716),(60,'t_723ee5c4247565cb47695772464187','a:9:{s:22:\"shipping_for_package_0\";s:92:\"a:2:{s:12:\"package_hash\";s:40:\"wc_ship_4615c7f44746d274f5f29cd1c52e4f3a\";s:5:\"rates\";a:0:{}}\";s:25:\"previous_shipping_methods\";s:16:\"a:1:{i:0;a:0:{}}\";s:23:\"chosen_shipping_methods\";s:17:\"a:1:{i:0;s:0:\"\";}\";s:22:\"shipping_method_counts\";s:14:\"a:1:{i:0;i:0;}\";s:11:\"cart_totals\";s:393:\"a:15:{s:8:\"subtotal\";s:2:\"90\";s:12:\"subtotal_tax\";d:0;s:14:\"shipping_total\";s:1:\"0\";s:12:\"shipping_tax\";d:0;s:14:\"shipping_taxes\";a:0:{}s:14:\"discount_total\";d:0;s:12:\"discount_tax\";d:0;s:19:\"cart_contents_total\";s:2:\"90\";s:17:\"cart_contents_tax\";i:0;s:19:\"cart_contents_taxes\";a:0:{}s:9:\"fee_total\";s:1:\"0\";s:7:\"fee_tax\";d:0;s:9:\"fee_taxes\";a:0:{}s:5:\"total\";s:5:\"90.00\";s:9:\"total_tax\";d:0;}\";s:4:\"cart\";s:410:\"a:1:{s:32:\"c16a5320fa475530d9583c34fd356ef5\";a:11:{s:3:\"key\";s:32:\"c16a5320fa475530d9583c34fd356ef5\";s:10:\"product_id\";i:31;s:12:\"variation_id\";i:0;s:9:\"variation\";a:0:{}s:8:\"quantity\";i:1;s:9:\"data_hash\";s:32:\"b5c1d5ca8bae6d4896cf1807cdf763f0\";s:13:\"line_tax_data\";a:2:{s:8:\"subtotal\";a:0:{}s:5:\"total\";a:0:{}}s:13:\"line_subtotal\";d:90;s:17:\"line_subtotal_tax\";d:0;s:10:\"line_total\";d:90;s:8:\"line_tax\";d:0;}}\";s:21:\"store_api_draft_order\";i:51;s:8:\"customer\";s:2079:\"a:28:{s:2:\"id\";s:1:\"0\";s:13:\"date_modified\";s:0:\"\";s:10:\"first_name\";s:6:\"Lesley\";s:9:\"last_name\";s:6:\"Cooper\";s:7:\"company\";s:0:\"\";s:5:\"phone\";s:11:\"+8802323232\";s:5:\"email\";s:14:\"test@gmail.com\";s:7:\"address\";s:309:\"a:10:{s:10:\"first_name\";s:12:\"Md. Mustakim\";s:9:\"last_name\";s:5:\"Ahmed\";s:5:\"email\";s:22:\"mustakimoorg@gmail.com\";s:5:\"phone\";s:0:\"\";s:9:\"address_1\";s:26:\"Matikata, Dhaka cantonment\";s:9:\"address_2\";s:0:\"\";s:7:\"country\";s:2:\"US\";s:5:\"state\";s:7:\"Alabama\";s:4:\"city\";s:9:\"Abbeville\";s:8:\"postcode\";s:4:\"4400\";}\";s:9:\"address_1\";s:309:\"a:10:{s:10:\"first_name\";s:12:\"Md. Mustakim\";s:9:\"last_name\";s:5:\"Ahmed\";s:5:\"email\";s:22:\"mustakimoorg@gmail.com\";s:5:\"phone\";s:0:\"\";s:9:\"address_1\";s:26:\"Matikata, Dhaka cantonment\";s:9:\"address_2\";s:0:\"\";s:7:\"country\";s:2:\"US\";s:5:\"state\";s:7:\"Alabama\";s:4:\"city\";s:9:\"Abbeville\";s:8:\"postcode\";s:4:\"4400\";}\";s:9:\"address_2\";s:0:\"\";s:4:\"city\";s:8:\"Delaware\";s:5:\"state\";s:5:\"AL-03\";s:8:\"postcode\";s:4:\"4400\";s:7:\"country\";s:2:\"AL\";s:19:\"shipping_first_name\";s:6:\"Lesley\";s:18:\"shipping_last_name\";s:6:\"Cooper\";s:16:\"shipping_company\";s:0:\"\";s:14:\"shipping_phone\";s:11:\"+8802323232\";s:16:\"shipping_address\";s:309:\"a:10:{s:10:\"first_name\";s:12:\"Md. Mustakim\";s:9:\"last_name\";s:5:\"Ahmed\";s:5:\"email\";s:22:\"mustakimoorg@gmail.com\";s:5:\"phone\";s:0:\"\";s:9:\"address_1\";s:26:\"Matikata, Dhaka cantonment\";s:9:\"address_2\";s:0:\"\";s:7:\"country\";s:2:\"US\";s:5:\"state\";s:7:\"Alabama\";s:4:\"city\";s:9:\"Abbeville\";s:8:\"postcode\";s:4:\"4400\";}\";s:18:\"shipping_address_1\";s:309:\"a:10:{s:10:\"first_name\";s:12:\"Md. Mustakim\";s:9:\"last_name\";s:5:\"Ahmed\";s:5:\"email\";s:22:\"mustakimoorg@gmail.com\";s:5:\"phone\";s:0:\"\";s:9:\"address_1\";s:26:\"Matikata, Dhaka cantonment\";s:9:\"address_2\";s:0:\"\";s:7:\"country\";s:2:\"US\";s:5:\"state\";s:7:\"Alabama\";s:4:\"city\";s:9:\"Abbeville\";s:8:\"postcode\";s:4:\"4400\";}\";s:18:\"shipping_address_2\";s:0:\"\";s:13:\"shipping_city\";s:8:\"Delaware\";s:14:\"shipping_state\";s:5:\"AL-03\";s:17:\"shipping_postcode\";s:4:\"4400\";s:16:\"shipping_country\";s:2:\"AL\";s:13:\"is_vat_exempt\";s:0:\"\";s:19:\"calculated_shipping\";s:0:\"\";s:9:\"meta_data\";a:0:{}}\";s:21:\"chosen_payment_method\";s:3:\"cod\";}',1772600874),(77,'10','a:1:{s:8:\"customer\";s:766:\"a:28:{s:2:\"id\";s:2:\"10\";s:13:\"date_modified\";s:0:\"\";s:10:\"first_name\";s:0:\"\";s:9:\"last_name\";s:0:\"\";s:7:\"company\";s:0:\"\";s:5:\"phone\";s:0:\"\";s:5:\"email\";s:22:\"xaxope7731@ostahie.com\";s:7:\"address\";s:0:\"\";s:9:\"address_1\";s:0:\"\";s:9:\"address_2\";s:0:\"\";s:4:\"city\";s:0:\"\";s:5:\"state\";s:2:\"DE\";s:8:\"postcode\";s:0:\"\";s:7:\"country\";s:2:\"US\";s:19:\"shipping_first_name\";s:0:\"\";s:18:\"shipping_last_name\";s:0:\"\";s:16:\"shipping_company\";s:0:\"\";s:14:\"shipping_phone\";s:0:\"\";s:16:\"shipping_address\";s:0:\"\";s:18:\"shipping_address_1\";s:0:\"\";s:18:\"shipping_address_2\";s:0:\"\";s:13:\"shipping_city\";s:0:\"\";s:14:\"shipping_state\";s:2:\"DE\";s:17:\"shipping_postcode\";s:0:\"\";s:16:\"shipping_country\";s:2:\"US\";s:13:\"is_vat_exempt\";s:0:\"\";s:19:\"calculated_shipping\";s:0:\"\";s:9:\"meta_data\";a:0:{}}\";}',1773033230),(95,'t_5f2e495edd3f150987ea8d5b1e6a56','a:1:{s:8:\"customer\";s:879:\"a:28:{s:2:\"id\";s:1:\"8\";s:13:\"date_modified\";s:25:\"2026-03-02T04:25:55+00:00\";s:10:\"first_name\";s:8:\"Maverick\";s:9:\"last_name\";s:4:\"Ezra\";s:7:\"company\";s:0:\"\";s:5:\"phone\";s:0:\"\";s:5:\"email\";s:22:\"nibin45948@ostahie.com\";s:7:\"address\";s:8:\"srtytydu\";s:9:\"address_1\";s:8:\"srtytydu\";s:9:\"address_2\";s:0:\"\";s:4:\"city\";s:10:\"stuydyuiku\";s:5:\"state\";s:2:\"CA\";s:8:\"postcode\";s:5:\"20525\";s:7:\"country\";s:2:\"US\";s:19:\"shipping_first_name\";s:8:\"Maverick\";s:18:\"shipping_last_name\";s:4:\"Ezra\";s:16:\"shipping_company\";s:0:\"\";s:14:\"shipping_phone\";s:0:\"\";s:16:\"shipping_address\";s:8:\"srtytydu\";s:18:\"shipping_address_1\";s:8:\"srtytydu\";s:18:\"shipping_address_2\";s:0:\"\";s:13:\"shipping_city\";s:10:\"stuydyuiku\";s:14:\"shipping_state\";s:2:\"CA\";s:17:\"shipping_postcode\";s:5:\"20525\";s:16:\"shipping_country\";s:2:\"US\";s:13:\"is_vat_exempt\";s:0:\"\";s:19:\"calculated_shipping\";s:0:\"\";s:9:\"meta_data\";a:0:{}}\";}',1772602699),(96,'11','a:1:{s:8:\"customer\";s:766:\"a:28:{s:2:\"id\";s:2:\"11\";s:13:\"date_modified\";s:0:\"\";s:10:\"first_name\";s:0:\"\";s:9:\"last_name\";s:0:\"\";s:7:\"company\";s:0:\"\";s:5:\"phone\";s:0:\"\";s:5:\"email\";s:22:\"pojase8510@ostahie.com\";s:7:\"address\";s:0:\"\";s:9:\"address_1\";s:0:\"\";s:9:\"address_2\";s:0:\"\";s:4:\"city\";s:0:\"\";s:5:\"state\";s:2:\"DE\";s:8:\"postcode\";s:0:\"\";s:7:\"country\";s:2:\"US\";s:19:\"shipping_first_name\";s:0:\"\";s:18:\"shipping_last_name\";s:0:\"\";s:16:\"shipping_company\";s:0:\"\";s:14:\"shipping_phone\";s:0:\"\";s:16:\"shipping_address\";s:0:\"\";s:18:\"shipping_address_1\";s:0:\"\";s:18:\"shipping_address_2\";s:0:\"\";s:13:\"shipping_city\";s:0:\"\";s:14:\"shipping_state\";s:2:\"DE\";s:17:\"shipping_postcode\";s:0:\"\";s:16:\"shipping_country\";s:2:\"US\";s:13:\"is_vat_exempt\";s:0:\"\";s:19:\"calculated_shipping\";s:0:\"\";s:9:\"meta_data\";a:0:{}}\";}',1773034787),(97,'t_d3deb62a51e58a7785e6e5329697fa','a:1:{s:8:\"customer\";s:947:\"a:28:{s:2:\"id\";s:1:\"4\";s:13:\"date_modified\";s:25:\"2026-03-02T04:16:21+00:00\";s:10:\"first_name\";s:6:\"kaison\";s:9:\"last_name\";s:6:\"kaison\";s:7:\"company\";s:0:\"\";s:5:\"phone\";s:0:\"\";s:5:\"email\";s:22:\"pobiget754@ostahie.com\";s:7:\"address\";s:25:\"651 N Broad St, Suite 201\";s:9:\"address_1\";s:25:\"651 N Broad St, Suite 201\";s:9:\"address_2\";s:0:\"\";s:4:\"city\";s:9:\"Abbeville\";s:5:\"state\";s:2:\"AL\";s:8:\"postcode\";s:5:\"19709\";s:7:\"country\";s:2:\"US\";s:19:\"shipping_first_name\";s:6:\"kaison\";s:18:\"shipping_last_name\";s:6:\"kaison\";s:16:\"shipping_company\";s:0:\"\";s:14:\"shipping_phone\";s:0:\"\";s:16:\"shipping_address\";s:25:\"651 N Broad St, Suite 201\";s:18:\"shipping_address_1\";s:25:\"651 N Broad St, Suite 201\";s:18:\"shipping_address_2\";s:0:\"\";s:13:\"shipping_city\";s:9:\"Abbeville\";s:14:\"shipping_state\";s:2:\"AL\";s:17:\"shipping_postcode\";s:5:\"19709\";s:16:\"shipping_country\";s:2:\"US\";s:13:\"is_vat_exempt\";s:0:\"\";s:19:\"calculated_shipping\";s:0:\"\";s:9:\"meta_data\";a:0:{}}\";}',1772602980),(98,'12','a:1:{s:8:\"customer\";s:766:\"a:28:{s:2:\"id\";s:2:\"12\";s:13:\"date_modified\";s:0:\"\";s:10:\"first_name\";s:0:\"\";s:9:\"last_name\";s:0:\"\";s:7:\"company\";s:0:\"\";s:5:\"phone\";s:0:\"\";s:5:\"email\";s:22:\"heyicah626@pazuric.com\";s:7:\"address\";s:0:\"\";s:9:\"address_1\";s:0:\"\";s:9:\"address_2\";s:0:\"\";s:4:\"city\";s:0:\"\";s:5:\"state\";s:2:\"DE\";s:8:\"postcode\";s:0:\"\";s:7:\"country\";s:2:\"US\";s:19:\"shipping_first_name\";s:0:\"\";s:18:\"shipping_last_name\";s:0:\"\";s:16:\"shipping_company\";s:0:\"\";s:14:\"shipping_phone\";s:0:\"\";s:16:\"shipping_address\";s:0:\"\";s:18:\"shipping_address_1\";s:0:\"\";s:18:\"shipping_address_2\";s:0:\"\";s:13:\"shipping_city\";s:0:\"\";s:14:\"shipping_state\";s:2:\"DE\";s:17:\"shipping_postcode\";s:0:\"\";s:16:\"shipping_country\";s:2:\"US\";s:13:\"is_vat_exempt\";s:0:\"\";s:19:\"calculated_shipping\";s:0:\"\";s:9:\"meta_data\";a:0:{}}\";}',1773035083),(99,'13','a:1:{s:8:\"customer\";s:766:\"a:28:{s:2:\"id\";s:2:\"13\";s:13:\"date_modified\";s:0:\"\";s:10:\"first_name\";s:0:\"\";s:9:\"last_name\";s:0:\"\";s:7:\"company\";s:0:\"\";s:5:\"phone\";s:0:\"\";s:5:\"email\";s:22:\"faraca8602@ostahie.com\";s:7:\"address\";s:0:\"\";s:9:\"address_1\";s:0:\"\";s:9:\"address_2\";s:0:\"\";s:4:\"city\";s:0:\"\";s:5:\"state\";s:2:\"DE\";s:8:\"postcode\";s:0:\"\";s:7:\"country\";s:2:\"US\";s:19:\"shipping_first_name\";s:0:\"\";s:18:\"shipping_last_name\";s:0:\"\";s:16:\"shipping_company\";s:0:\"\";s:14:\"shipping_phone\";s:0:\"\";s:16:\"shipping_address\";s:0:\"\";s:18:\"shipping_address_1\";s:0:\"\";s:18:\"shipping_address_2\";s:0:\"\";s:13:\"shipping_city\";s:0:\"\";s:14:\"shipping_state\";s:2:\"DE\";s:17:\"shipping_postcode\";s:0:\"\";s:16:\"shipping_country\";s:2:\"US\";s:13:\"is_vat_exempt\";s:0:\"\";s:19:\"calculated_shipping\";s:0:\"\";s:9:\"meta_data\";a:0:{}}\";}',1773035279),(101,'t_b180105959d2353484f1ae572ea5fb','a:2:{s:8:\"customer\";s:878:\"a:28:{s:2:\"id\";s:1:\"0\";s:13:\"date_modified\";s:0:\"\";s:10:\"first_name\";s:6:\"Marco \";s:9:\"last_name\";s:7:\"Bianchi\";s:7:\"company\";s:0:\"\";s:5:\"phone\";s:0:\"\";s:5:\"email\";s:15:\"marco@gmail.com\";s:7:\"address\";s:16:\"Hill Track Villa\";s:9:\"address_1\";s:16:\"Hill Track Villa\";s:9:\"address_2\";s:0:\"\";s:4:\"city\";s:8:\"Delaware\";s:5:\"state\";s:2:\"DE\";s:8:\"postcode\";s:5:\"47826\";s:7:\"country\";s:2:\"US\";s:19:\"shipping_first_name\";s:6:\"Marco \";s:18:\"shipping_last_name\";s:7:\"Bianchi\";s:16:\"shipping_company\";s:0:\"\";s:14:\"shipping_phone\";s:0:\"\";s:16:\"shipping_address\";s:16:\"Hill Track Villa\";s:18:\"shipping_address_1\";s:16:\"Hill Track Villa\";s:18:\"shipping_address_2\";s:0:\"\";s:13:\"shipping_city\";s:8:\"Delaware\";s:14:\"shipping_state\";s:2:\"DE\";s:17:\"shipping_postcode\";s:5:\"47826\";s:16:\"shipping_country\";s:2:\"US\";s:13:\"is_vat_exempt\";s:0:\"\";s:19:\"calculated_shipping\";s:0:\"\";s:9:\"meta_data\";a:0:{}}\";s:21:\"chosen_payment_method\";s:3:\"cod\";}',1772604286),(123,'t_1d74755b92670a1088003751c2135b','a:2:{s:8:\"customer\";s:898:\"a:28:{s:2:\"id\";s:1:\"0\";s:13:\"date_modified\";s:0:\"\";s:10:\"first_name\";s:7:\"Gabriel\";s:9:\"last_name\";s:6:\"Moreau\";s:7:\"company\";s:0:\"\";s:5:\"phone\";s:0:\"\";s:5:\"email\";s:17:\"gabriel@gmail.com\";s:7:\"address\";s:21:\"North Pole, Hill Side\";s:9:\"address_1\";s:21:\"North Pole, Hill Side\";s:9:\"address_2\";s:0:\"\";s:4:\"city\";s:7:\"Florida\";s:5:\"state\";s:2:\"FL\";s:8:\"postcode\";s:5:\"14789\";s:7:\"country\";s:2:\"US\";s:19:\"shipping_first_name\";s:7:\"Gabriel\";s:18:\"shipping_last_name\";s:6:\"Moreau\";s:16:\"shipping_company\";s:0:\"\";s:14:\"shipping_phone\";s:0:\"\";s:16:\"shipping_address\";s:21:\"North Pole, Hill Side\";s:18:\"shipping_address_1\";s:21:\"North Pole, Hill Side\";s:18:\"shipping_address_2\";s:0:\"\";s:13:\"shipping_city\";s:7:\"Florida\";s:14:\"shipping_state\";s:2:\"FL\";s:17:\"shipping_postcode\";s:5:\"14789\";s:16:\"shipping_country\";s:2:\"US\";s:13:\"is_vat_exempt\";s:0:\"\";s:19:\"calculated_shipping\";s:0:\"\";s:9:\"meta_data\";a:0:{}}\";s:21:\"chosen_payment_method\";s:3:\"cod\";}',1772604570),(140,'t_85e8f6866ef3dacdcd40b771bcb13b','a:2:{s:8:\"customer\";s:864:\"a:28:{s:2:\"id\";s:1:\"0\";s:13:\"date_modified\";s:0:\"\";s:10:\"first_name\";s:5:\"Jerry\";s:9:\"last_name\";s:4:\"Gary\";s:7:\"company\";s:0:\"\";s:5:\"phone\";s:0:\"\";s:5:\"email\";s:15:\"jerry@gmail.com\";s:7:\"address\";s:15:\"127 Street Road\";s:9:\"address_1\";s:15:\"127 Street Road\";s:9:\"address_2\";s:0:\"\";s:4:\"city\";s:7:\"Arizona\";s:5:\"state\";s:2:\"AZ\";s:8:\"postcode\";s:5:\"14789\";s:7:\"country\";s:2:\"US\";s:19:\"shipping_first_name\";s:5:\"Jerry\";s:18:\"shipping_last_name\";s:4:\"Gary\";s:16:\"shipping_company\";s:0:\"\";s:14:\"shipping_phone\";s:0:\"\";s:16:\"shipping_address\";s:15:\"127 Street Road\";s:18:\"shipping_address_1\";s:15:\"127 Street Road\";s:18:\"shipping_address_2\";s:0:\"\";s:13:\"shipping_city\";s:7:\"Arizona\";s:14:\"shipping_state\";s:2:\"AZ\";s:17:\"shipping_postcode\";s:5:\"14789\";s:16:\"shipping_country\";s:2:\"US\";s:13:\"is_vat_exempt\";s:0:\"\";s:19:\"calculated_shipping\";s:0:\"\";s:9:\"meta_data\";a:0:{}}\";s:21:\"chosen_payment_method\";s:3:\"cod\";}',1772605205),(146,'14','a:2:{s:8:\"customer\";s:919:\"a:28:{s:2:\"id\";s:2:\"14\";s:13:\"date_modified\";s:25:\"2026-03-02T06:47:26+00:00\";s:10:\"first_name\";s:5:\"Jimmy\";s:9:\"last_name\";s:3:\"doe\";s:7:\"company\";s:0:\"\";s:5:\"phone\";s:0:\"\";s:5:\"email\";s:15:\"jimmy@gmail.com\";s:7:\"address\";s:24:\"12/C Park, Hillside Area\";s:9:\"address_1\";s:24:\"12/C Park, Hillside Area\";s:9:\"address_2\";s:0:\"\";s:4:\"city\";s:4:\"Lowa\";s:5:\"state\";s:2:\"IA\";s:8:\"postcode\";s:5:\"17489\";s:7:\"country\";s:2:\"US\";s:19:\"shipping_first_name\";s:5:\"Jimmy\";s:18:\"shipping_last_name\";s:3:\"doe\";s:16:\"shipping_company\";s:0:\"\";s:14:\"shipping_phone\";s:0:\"\";s:16:\"shipping_address\";s:24:\"12/C Park, Hillside Area\";s:18:\"shipping_address_1\";s:24:\"12/C Park, Hillside Area\";s:18:\"shipping_address_2\";s:0:\"\";s:13:\"shipping_city\";s:4:\"Lowa\";s:14:\"shipping_state\";s:2:\"IA\";s:17:\"shipping_postcode\";s:5:\"17489\";s:16:\"shipping_country\";s:2:\"US\";s:13:\"is_vat_exempt\";s:0:\"\";s:19:\"calculated_shipping\";s:0:\"\";s:9:\"meta_data\";a:0:{}}\";s:21:\"chosen_payment_method\";s:3:\"cod\";}',1773038739),(147,'7','a:1:{s:8:\"customer\";s:787:\"a:28:{s:2:\"id\";s:1:\"7\";s:13:\"date_modified\";s:25:\"2026-03-02T06:18:27+00:00\";s:10:\"first_name\";s:0:\"\";s:9:\"last_name\";s:0:\"\";s:7:\"company\";s:0:\"\";s:5:\"phone\";s:0:\"\";s:5:\"email\";s:18:\"isabella@gmail.com\";s:7:\"address\";s:0:\"\";s:9:\"address_1\";s:0:\"\";s:9:\"address_2\";s:0:\"\";s:4:\"city\";s:0:\"\";s:5:\"state\";s:2:\"DE\";s:8:\"postcode\";s:0:\"\";s:7:\"country\";s:2:\"US\";s:19:\"shipping_first_name\";s:0:\"\";s:18:\"shipping_last_name\";s:0:\"\";s:16:\"shipping_company\";s:0:\"\";s:14:\"shipping_phone\";s:0:\"\";s:16:\"shipping_address\";s:0:\"\";s:18:\"shipping_address_1\";s:0:\"\";s:18:\"shipping_address_2\";s:0:\"\";s:13:\"shipping_city\";s:0:\"\";s:14:\"shipping_state\";s:2:\"DE\";s:17:\"shipping_postcode\";s:0:\"\";s:16:\"shipping_country\";s:2:\"US\";s:13:\"is_vat_exempt\";s:0:\"\";s:19:\"calculated_shipping\";s:0:\"\";s:9:\"meta_data\";a:0:{}}\";}',1773038001),(164,'t_678e7e28fa952e477da84307195b3a','a:2:{s:8:\"customer\";s:854:\"a:28:{s:2:\"id\";s:1:\"0\";s:13:\"date_modified\";s:0:\"\";s:10:\"first_name\";s:5:\"Julia\";s:9:\"last_name\";s:3:\"Ray\";s:7:\"company\";s:0:\"\";s:5:\"phone\";s:0:\"\";s:5:\"email\";s:15:\"Julia@gmail.com\";s:7:\"address\";s:13:\"New Town Road\";s:9:\"address_1\";s:13:\"New Town Road\";s:9:\"address_2\";s:0:\"\";s:4:\"city\";s:7:\"Indiana\";s:5:\"state\";s:2:\"IN\";s:8:\"postcode\";s:5:\"37984\";s:7:\"country\";s:2:\"US\";s:19:\"shipping_first_name\";s:5:\"Julia\";s:18:\"shipping_last_name\";s:3:\"Ray\";s:16:\"shipping_company\";s:0:\"\";s:14:\"shipping_phone\";s:0:\"\";s:16:\"shipping_address\";s:13:\"New Town Road\";s:18:\"shipping_address_1\";s:13:\"New Town Road\";s:18:\"shipping_address_2\";s:0:\"\";s:13:\"shipping_city\";s:7:\"Indiana\";s:14:\"shipping_state\";s:2:\"IN\";s:17:\"shipping_postcode\";s:5:\"37984\";s:16:\"shipping_country\";s:2:\"US\";s:13:\"is_vat_exempt\";s:0:\"\";s:19:\"calculated_shipping\";s:0:\"\";s:9:\"meta_data\";a:0:{}}\";s:21:\"chosen_payment_method\";s:3:\"cod\";}',1772606946);

--
-- Table structure for table `wp_6_woocommerce_shipping_zone_locations`
--

CREATE TABLE `wp_6_woocommerce_shipping_zone_locations` (
  `location_id` bigint unsigned NOT NULL AUTO_INCREMENT,
  `zone_id` bigint unsigned NOT NULL,
  `location_code` varchar(200) CHARACTER SET utf8mb4 COLLATE utf8mb4_unicode_520_ci NOT NULL,
  `location_type` varchar(40) CHARACTER SET utf8mb4 COLLATE utf8mb4_unicode_520_ci NOT NULL,
  PRIMARY KEY (`location_id`),
  KEY `zone_id` (`zone_id`),
  KEY `location_type_code` (`location_type`(10),`location_code`(20))
) ENGINE=InnoDB AUTO_INCREMENT=2 DEFAULT CHARSET=utf8mb4 COLLATE=utf8mb4_unicode_520_ci;

--
-- Dumping data for table `wp_6_woocommerce_shipping_zone_locations`
--

INSERT INTO `wp_6_woocommerce_shipping_zone_locations` VALUES (1,1,'US','country');

--
-- Table structure for table `wp_6_woocommerce_shipping_zone_methods`
--

CREATE TABLE `wp_6_woocommerce_shipping_zone_methods` (
  `zone_id` bigint unsigned NOT NULL,
  `instance_id` bigint unsigned NOT NULL AUTO_INCREMENT,
  `method_id` varchar(200) CHARACTER SET utf8mb4 COLLATE utf8mb4_unicode_520_ci NOT NULL,
  `method_order` bigint unsigned NOT NULL,
  `is_enabled` tinyint(1) NOT NULL DEFAULT '1',
  PRIMARY KEY (`instance_id`)
) ENGINE=InnoDB AUTO_INCREMENT=2 DEFAULT CHARSET=utf8mb4 COLLATE=utf8mb4_unicode_520_ci;

--
-- Dumping data for table `wp_6_woocommerce_shipping_zone_methods`
--

INSERT INTO `wp_6_woocommerce_shipping_zone_methods` VALUES (1,1,'free_shipping',1,1);

--
-- Table structure for table `wp_6_woocommerce_shipping_zones`
--

CREATE TABLE `wp_6_woocommerce_shipping_zones` (
  `zone_id` bigint unsigned NOT NULL AUTO_INCREMENT,
  `zone_name` varchar(200) CHARACTER SET utf8mb4 COLLATE utf8mb4_unicode_520_ci NOT NULL,
  `zone_order` bigint unsigned NOT NULL,
  PRIMARY KEY (`zone_id`)
) ENGINE=InnoDB AUTO_INCREMENT=2 DEFAULT CHARSET=utf8mb4 COLLATE=utf8mb4_unicode_520_ci;

--
-- Dumping data for table `wp_6_woocommerce_shipping_zones`
--

INSERT INTO `wp_6_woocommerce_shipping_zones` VALUES (1,'United States (US)',0);

--
-- Table structure for table `wp_6_woocommerce_tax_rate_locations`
--

CREATE TABLE `wp_6_woocommerce_tax_rate_locations` (
  `location_id` bigint unsigned NOT NULL AUTO_INCREMENT,
  `location_code` varchar(200) CHARACTER SET utf8mb4 COLLATE utf8mb4_unicode_520_ci NOT NULL,
  `tax_rate_id` bigint unsigned NOT NULL,
  `location_type` varchar(40) CHARACTER SET utf8mb4 COLLATE utf8mb4_unicode_520_ci NOT NULL,
  PRIMARY KEY (`location_id`),
  KEY `tax_rate_id` (`tax_rate_id`),
  KEY `location_type_code` (`location_type`(10),`location_code`(20))
) ENGINE=InnoDB DEFAULT CHARSET=utf8mb4 COLLATE=utf8mb4_unicode_520_ci;

--
-- Dumping data for table `wp_6_woocommerce_tax_rate_locations`
--


--
-- Table structure for table `wp_6_woocommerce_tax_rates`
--

CREATE TABLE `wp_6_woocommerce_tax_rates` (
  `tax_rate_id` bigint unsigned NOT NULL AUTO_INCREMENT,
  `tax_rate_country` varchar(2) CHARACTER SET utf8mb4 COLLATE utf8mb4_unicode_520_ci NOT NULL DEFAULT '',
  `tax_rate_state` varchar(200) CHARACTER SET utf8mb4 COLLATE utf8mb4_unicode_520_ci NOT NULL DEFAULT '',
  `tax_rate` varchar(8) CHARACTER SET utf8mb4 COLLATE utf8mb4_unicode_520_ci NOT NULL DEFAULT '',
  `tax_rate_name` varchar(200) CHARACTER SET utf8mb4 COLLATE utf8mb4_unicode_520_ci NOT NULL DEFAULT '',
  `tax_rate_priority` bigint unsigned NOT NULL,
  `tax_rate_compound` int NOT NULL DEFAULT '0',
  `tax_rate_shipping` int NOT NULL DEFAULT '1',
  `tax_rate_order` bigint unsigned NOT NULL,
  `tax_rate_class` varchar(200) CHARACTER SET utf8mb4 COLLATE utf8mb4_unicode_520_ci NOT NULL DEFAULT '',
  PRIMARY KEY (`tax_rate_id`),
  KEY `tax_rate_country` (`tax_rate_country`),
  KEY `tax_rate_state` (`tax_rate_state`(2)),
  KEY `tax_rate_class` (`tax_rate_class`(10)),
  KEY `tax_rate_priority` (`tax_rate_priority`)
) ENGINE=InnoDB DEFAULT CHARSET=utf8mb4 COLLATE=utf8mb4_unicode_520_ci;

--
-- Dumping data for table `wp_6_woocommerce_tax_rates`
--


--
-- Table structure for table `wp_7_actionscheduler_actions`
--

CREATE TABLE `wp_7_actionscheduler_actions` (
  `action_id` bigint unsigned NOT NULL AUTO_INCREMENT,
  `hook` varchar(191) CHARACTER SET utf8mb4 COLLATE utf8mb4_unicode_520_ci NOT NULL,
  `status` varchar(20) CHARACTER SET utf8mb4 COLLATE utf8mb4_unicode_520_ci NOT NULL,
  `scheduled_date_gmt` datetime DEFAULT '0000-00-00 00:00:00',
  `scheduled_date_local` datetime DEFAULT '0000-00-00 00:00:00',
  `priority` tinyint unsigned NOT NULL DEFAULT '10',
  `args` varchar(191) CHARACTER SET utf8mb4 COLLATE utf8mb4_unicode_520_ci DEFAULT NULL,
  `schedule` longtext CHARACTER SET utf8mb4 COLLATE utf8mb4_unicode_520_ci,
  `group_id` bigint unsigned NOT NULL DEFAULT '0',
  `attempts` int NOT NULL DEFAULT '0',
  `last_attempt_gmt` datetime DEFAULT '0000-00-00 00:00:00',
  `last_attempt_local` datetime DEFAULT '0000-00-00 00:00:00',
  `claim_id` bigint unsigned NOT NULL DEFAULT '0',
  `extended_args` varchar(8000) CHARACTER SET utf8mb4 COLLATE utf8mb4_unicode_520_ci DEFAULT NULL,
  PRIMARY KEY (`action_id`),
  KEY `hook_status_scheduled_date_gmt` (`hook`(163),`status`,`scheduled_date_gmt`),
  KEY `status_scheduled_date_gmt` (`status`,`scheduled_date_gmt`),
  KEY `scheduled_date_gmt` (`scheduled_date_gmt`),
  KEY `args` (`args`),
  KEY `group_id` (`group_id`),
  KEY `last_attempt_gmt` (`last_attempt_gmt`),
  KEY `claim_id_status_priority_scheduled_date_gmt` (`claim_id`,`status`,`priority`,`scheduled_date_gmt`),
  KEY `status_last_attempt_gmt` (`status`,`last_attempt_gmt`),
  KEY `status_claim_id` (`status`,`claim_id`)
) ENGINE=InnoDB AUTO_INCREMENT=73 DEFAULT CHARSET=utf8mb4 COLLATE=utf8mb4_unicode_520_ci;

--
-- Dumping data for table `wp_7_actionscheduler_actions`
--

INSERT INTO `wp_7_actionscheduler_actions` VALUES (6,'action_scheduler_run_recurring_actions_schedule_hook','complete','2026-03-01 14:38:03','2026-03-01 14:38:03',20,'[]','O:32:\"ActionScheduler_IntervalSchedule\":5:{s:22:\"\0*\0scheduled_timestamp\";i:1772375883;s:18:\"\0*\0first_timestamp\";i:1772375883;s:13:\"\0*\0recurrence\";i:86400;s:49:\"\0ActionScheduler_IntervalSchedule\0start_timestamp\";i:1772375883;s:53:\"\0ActionScheduler_IntervalSchedule\0interval_in_seconds\";i:86400;}',1,1,'2026-03-01 14:38:06','2026-03-01 14:38:06',1,NULL),(7,'action_scheduler/migration_hook','complete','2026-03-01 14:39:06','2026-03-01 14:39:06',10,'[]','O:30:\"ActionScheduler_SimpleSchedule\":2:{s:22:\"\0*\0scheduled_timestamp\";i:1772375946;s:41:\"\0ActionScheduler_SimpleSchedule\0timestamp\";i:1772375946;}',2,1,'2026-03-01 14:39:58','2026-03-01 14:39:58',4,NULL),(8,'woocommerce_scheduled_sales','complete','2026-03-02 00:00:00','2026-03-02 00:00:00',10,'[]','O:32:\"ActionScheduler_IntervalSchedule\":5:{s:22:\"\0*\0scheduled_timestamp\";i:1772409600;s:18:\"\0*\0first_timestamp\";i:1772409600;s:13:\"\0*\0recurrence\";i:86400;s:49:\"\0ActionScheduler_IntervalSchedule\0start_timestamp\";i:1772409600;s:53:\"\0ActionScheduler_IntervalSchedule\0interval_in_seconds\";i:86400;}',3,1,'2026-03-02 02:21:55','2026-03-02 02:21:55',18,NULL),(9,'woocommerce_cancel_unpaid_orders','complete','2026-03-01 15:38:06','2026-03-01 15:38:06',10,'[]','O:30:\"ActionScheduler_SimpleSchedule\":2:{s:22:\"\0*\0scheduled_timestamp\";i:1772379486;s:41:\"\0ActionScheduler_SimpleSchedule\0timestamp\";i:1772379486;}',3,1,'2026-03-02 02:21:55','2026-03-02 02:21:55',18,NULL),(10,'woocommerce_cleanup_personal_data','complete','2026-03-01 14:38:16','2026-03-01 14:38:16',10,'[]','O:32:\"ActionScheduler_IntervalSchedule\":5:{s:22:\"\0*\0scheduled_timestamp\";i:1772375896;s:18:\"\0*\0first_timestamp\";i:1772375896;s:13:\"\0*\0recurrence\";i:86400;s:49:\"\0ActionScheduler_IntervalSchedule\0start_timestamp\";i:1772375896;s:53:\"\0ActionScheduler_IntervalSchedule\0interval_in_seconds\";i:86400;}',3,1,'2026-03-01 14:39:58','2026-03-01 14:39:58',4,NULL),(11,'woocommerce_cleanup_logs','complete','2026-03-02 03:00:00','2026-03-02 03:00:00',10,'[]','O:32:\"ActionScheduler_IntervalSchedule\":5:{s:22:\"\0*\0scheduled_timestamp\";i:1772420400;s:18:\"\0*\0first_timestamp\";i:1772420400;s:13:\"\0*\0recurrence\";i:86400;s:49:\"\0ActionScheduler_IntervalSchedule\0start_timestamp\";i:1772420400;s:53:\"\0ActionScheduler_IntervalSchedule\0interval_in_seconds\";i:86400;}',3,1,'2026-03-02 03:00:25','2026-03-02 03:00:25',39,NULL),(12,'woocommerce_cleanup_sessions','complete','2026-03-02 06:00:00','2026-03-02 06:00:00',10,'[]','O:32:\"ActionScheduler_IntervalSchedule\":5:{s:22:\"\0*\0scheduled_timestamp\";i:1772431200;s:18:\"\0*\0first_timestamp\";i:1772431200;s:13:\"\0*\0recurrence\";i:43200;s:49:\"\0ActionScheduler_IntervalSchedule\0start_timestamp\";i:1772431200;s:53:\"\0ActionScheduler_IntervalSchedule\0interval_in_seconds\";i:43200;}',3,1,'2026-03-02 06:00:48','2026-03-02 06:00:48',205,NULL),(13,'woocommerce_geoip_updater','complete','2026-03-02 06:00:00','2026-03-02 06:00:00',10,'[]','O:32:\"ActionScheduler_IntervalSchedule\":5:{s:22:\"\0*\0scheduled_timestamp\";i:1772431200;s:18:\"\0*\0first_timestamp\";i:1772431200;s:13:\"\0*\0recurrence\";i:1296000;s:49:\"\0ActionScheduler_IntervalSchedule\0start_timestamp\";i:1772431200;s:53:\"\0ActionScheduler_IntervalSchedule\0interval_in_seconds\";i:1296000;}',3,1,'2026-03-02 06:00:48','2026-03-02 06:00:48',205,NULL),(14,'woocommerce_cleanup_rate_limits_wrapper','complete','2026-03-02 03:00:00','2026-03-02 03:00:00',10,'[]','O:32:\"ActionScheduler_IntervalSchedule\":5:{s:22:\"\0*\0scheduled_timestamp\";i:1772420400;s:18:\"\0*\0first_timestamp\";i:1772420400;s:13:\"\0*\0recurrence\";i:86400;s:49:\"\0ActionScheduler_IntervalSchedule\0start_timestamp\";i:1772420400;s:53:\"\0ActionScheduler_IntervalSchedule\0interval_in_seconds\";i:86400;}',3,1,'2026-03-02 03:00:25','2026-03-02 03:00:25',39,NULL),(15,'wc_admin_daily_wrapper','complete','2026-03-01 14:38:06','2026-03-01 14:38:06',10,'[]','O:32:\"ActionScheduler_IntervalSchedule\":5:{s:22:\"\0*\0scheduled_timestamp\";i:1772375886;s:18:\"\0*\0first_timestamp\";i:1772375886;s:13:\"\0*\0recurrence\";i:86400;s:49:\"\0ActionScheduler_IntervalSchedule\0start_timestamp\";i:1772375886;s:53:\"\0ActionScheduler_IntervalSchedule\0interval_in_seconds\";i:86400;}',3,1,'2026-03-01 14:38:08','2026-03-01 14:38:08',2,NULL),(16,'generate_category_lookup_table_wrapper','complete','2026-03-01 14:38:16','2026-03-01 14:38:16',10,'[]','O:30:\"ActionScheduler_SimpleSchedule\":2:{s:22:\"\0*\0scheduled_timestamp\";i:1772375896;s:41:\"\0ActionScheduler_SimpleSchedule\0timestamp\";i:1772375896;}',3,1,'2026-03-01 14:39:58','2026-03-01 14:39:58',4,NULL),(17,'woocommerce_refresh_order_count_cache','complete','2026-03-02 02:38:06','2026-03-02 02:38:06',10,'[\"shop_order\"]','O:32:\"ActionScheduler_IntervalSchedule\":5:{s:22:\"\0*\0scheduled_timestamp\";i:1772419086;s:18:\"\0*\0first_timestamp\";i:1772419086;s:13:\"\0*\0recurrence\";i:43200;s:49:\"\0ActionScheduler_IntervalSchedule\0start_timestamp\";i:1772419086;s:53:\"\0ActionScheduler_IntervalSchedule\0interval_in_seconds\";i:43200;}',4,1,'2026-03-02 02:38:16','2026-03-02 02:38:16',23,NULL),(18,'action_scheduler_run_recurring_actions_schedule_hook','pending','2026-03-02 14:38:06','2026-03-02 14:38:06',20,'[]','O:32:\"ActionScheduler_IntervalSchedule\":5:{s:22:\"\0*\0scheduled_timestamp\";i:1772462286;s:18:\"\0*\0first_timestamp\";i:1772375883;s:13:\"\0*\0recurrence\";i:86400;s:49:\"\0ActionScheduler_IntervalSchedule\0start_timestamp\";i:1772462286;s:53:\"\0ActionScheduler_IntervalSchedule\0interval_in_seconds\";i:86400;}',1,0,'0000-00-00 00:00:00','0000-00-00 00:00:00',0,NULL),(19,'wc_admin_daily_wrapper','pending','2026-03-02 14:38:08','2026-03-02 14:38:08',10,'[]','O:32:\"ActionScheduler_IntervalSchedule\":5:{s:22:\"\0*\0scheduled_timestamp\";i:1772462288;s:18:\"\0*\0first_timestamp\";i:1772375886;s:13:\"\0*\0recurrence\";i:86400;s:49:\"\0ActionScheduler_IntervalSchedule\0start_timestamp\";i:1772462288;s:53:\"\0ActionScheduler_IntervalSchedule\0interval_in_seconds\";i:86400;}',3,0,'0000-00-00 00:00:00','0000-00-00 00:00:00',0,NULL),(20,'wc-admin_process_pending_orders_batch','complete','2026-03-01 14:38:08','2026-03-01 14:38:08',10,'[]','O:32:\"ActionScheduler_IntervalSchedule\":5:{s:22:\"\0*\0scheduled_timestamp\";i:1772375888;s:18:\"\0*\0first_timestamp\";i:1772375888;s:13:\"\0*\0recurrence\";i:43200;s:49:\"\0ActionScheduler_IntervalSchedule\0start_timestamp\";i:1772375888;s:53:\"\0ActionScheduler_IntervalSchedule\0interval_in_seconds\";i:43200;}',5,1,'2026-03-01 14:39:57','2026-03-01 14:39:57',4,NULL),(21,'woocommerce_cleanup_draft_orders','complete','2026-03-01 14:38:09','2026-03-01 14:38:09',10,'[]','O:32:\"ActionScheduler_IntervalSchedule\":5:{s:22:\"\0*\0scheduled_timestamp\";i:1772375889;s:18:\"\0*\0first_timestamp\";i:1772375889;s:13:\"\0*\0recurrence\";i:86400;s:49:\"\0ActionScheduler_IntervalSchedule\0start_timestamp\";i:1772375889;s:53:\"\0ActionScheduler_IntervalSchedule\0interval_in_seconds\";i:86400;}',6,1,'2026-03-01 14:39:57','2026-03-01 14:39:57',4,NULL),(22,'woocommerce_update_marketplace_suggestions','complete','2026-03-01 14:38:11','2026-03-01 14:38:11',10,'[]','O:30:\"ActionScheduler_SimpleSchedule\":2:{s:22:\"\0*\0scheduled_timestamp\";i:1772375891;s:41:\"\0ActionScheduler_SimpleSchedule\0timestamp\";i:1772375891;}',6,1,'2026-03-01 14:39:57','2026-03-01 14:39:57',4,NULL),(23,'wc-admin_process_pending_orders_batch','complete','2026-03-02 02:39:57','2026-03-02 02:39:57',10,'[]','O:32:\"ActionScheduler_IntervalSchedule\":5:{s:22:\"\0*\0scheduled_timestamp\";i:1772419197;s:18:\"\0*\0first_timestamp\";i:1772375888;s:13:\"\0*\0recurrence\";i:43200;s:49:\"\0ActionScheduler_IntervalSchedule\0start_timestamp\";i:1772419197;s:53:\"\0ActionScheduler_IntervalSchedule\0interval_in_seconds\";i:43200;}',5,1,'2026-03-02 02:40:32','2026-03-02 02:40:32',26,NULL),(25,'woocommerce_cleanup_personal_data','pending','2026-03-02 14:39:58','2026-03-02 14:39:58',10,'[]','O:32:\"ActionScheduler_IntervalSchedule\":5:{s:22:\"\0*\0scheduled_timestamp\";i:1772462398;s:18:\"\0*\0first_timestamp\";i:1772375896;s:13:\"\0*\0recurrence\";i:86400;s:49:\"\0ActionScheduler_IntervalSchedule\0start_timestamp\";i:1772462398;s:53:\"\0ActionScheduler_IntervalSchedule\0interval_in_seconds\";i:86400;}',3,0,'0000-00-00 00:00:00','0000-00-00 00:00:00',0,NULL),(26,'woocommerce_cancel_unpaid_orders','complete','2026-03-02 03:21:55','2026-03-02 03:21:55',10,'[]','O:30:\"ActionScheduler_SimpleSchedule\":2:{s:22:\"\0*\0scheduled_timestamp\";i:1772421715;s:41:\"\0ActionScheduler_SimpleSchedule\0timestamp\";i:1772421715;}',3,1,'2026-03-02 03:22:05','2026-03-02 03:22:05',55,NULL),(27,'woocommerce_scheduled_sales','pending','2026-03-03 02:21:55','2026-03-03 02:21:55',10,'[]','O:32:\"ActionScheduler_IntervalSchedule\":5:{s:22:\"\0*\0scheduled_timestamp\";i:1772504515;s:18:\"\0*\0first_timestamp\";i:1772409600;s:13:\"\0*\0recurrence\";i:86400;s:49:\"\0ActionScheduler_IntervalSchedule\0start_timestamp\";i:1772504515;s:53:\"\0ActionScheduler_IntervalSchedule\0interval_in_seconds\";i:86400;}',3,0,'0000-00-00 00:00:00','0000-00-00 00:00:00',0,NULL),(29,'wc-admin_process_pending_orders_batch','pending','2026-03-02 14:40:32','2026-03-02 14:40:32',10,'[]','O:32:\"ActionScheduler_IntervalSchedule\":5:{s:22:\"\0*\0scheduled_timestamp\";i:1772462432;s:18:\"\0*\0first_timestamp\";i:1772375888;s:13:\"\0*\0recurrence\";i:43200;s:49:\"\0ActionScheduler_IntervalSchedule\0start_timestamp\";i:1772462432;s:53:\"\0ActionScheduler_IntervalSchedule\0interval_in_seconds\";i:43200;}',5,0,'0000-00-00 00:00:00','0000-00-00 00:00:00',0,NULL),(30,'woocommerce_cleanup_logs','pending','2026-03-03 03:00:25','2026-03-03 03:00:25',10,'[]','O:32:\"ActionScheduler_IntervalSchedule\":5:{s:22:\"\0*\0scheduled_timestamp\";i:1772506825;s:18:\"\0*\0first_timestamp\";i:1772420400;s:13:\"\0*\0recurrence\";i:86400;s:49:\"\0ActionScheduler_IntervalSchedule\0start_timestamp\";i:1772506825;s:53:\"\0ActionScheduler_IntervalSchedule\0interval_in_seconds\";i:86400;}',3,0,'0000-00-00 00:00:00','0000-00-00 00:00:00',0,NULL),(31,'woocommerce_cleanup_rate_limits_wrapper','pending','2026-03-03 03:00:25','2026-03-03 03:00:25',10,'[]','O:32:\"ActionScheduler_IntervalSchedule\":5:{s:22:\"\0*\0scheduled_timestamp\";i:1772506825;s:18:\"\0*\0first_timestamp\";i:1772420400;s:13:\"\0*\0recurrence\";i:86400;s:49:\"\0ActionScheduler_IntervalSchedule\0start_timestamp\";i:1772506825;s:53:\"\0ActionScheduler_IntervalSchedule\0interval_in_seconds\";i:86400;}',3,0,'0000-00-00 00:00:00','0000-00-00 00:00:00',0,NULL),(32,'woocommerce_run_product_attribute_lookup_update_callback','complete','2026-03-02 03:17:05','2026-03-02 03:17:05',10,'[12,1]','O:30:\"ActionScheduler_SimpleSchedule\":2:{s:22:\"\0*\0scheduled_timestamp\";i:1772421425;s:41:\"\0ActionScheduler_SimpleSchedule\0timestamp\";i:1772421425;}',7,1,'2026-03-02 03:18:05','2026-03-02 03:18:05',50,NULL),(33,'woocommerce_run_product_attribute_lookup_update_callback','complete','2026-03-02 03:17:05','2026-03-02 03:17:05',10,'[13,1]','O:30:\"ActionScheduler_SimpleSchedule\":2:{s:22:\"\0*\0scheduled_timestamp\";i:1772421425;s:41:\"\0ActionScheduler_SimpleSchedule\0timestamp\";i:1772421425;}',7,1,'2026-03-02 03:18:05','2026-03-02 03:18:05',50,NULL),(34,'woocommerce_run_product_attribute_lookup_update_callback','complete','2026-03-02 03:17:05','2026-03-02 03:17:05',10,'[14,1]','O:30:\"ActionScheduler_SimpleSchedule\":2:{s:22:\"\0*\0scheduled_timestamp\";i:1772421425;s:41:\"\0ActionScheduler_SimpleSchedule\0timestamp\";i:1772421425;}',7,1,'2026-03-02 03:18:05','2026-03-02 03:18:05',50,NULL),(35,'woocommerce_admin/stored_state_setup_for_products/async/run_remote_notifications','failed','2026-03-02 03:17:04','2026-03-02 03:17:04',10,'[]','O:28:\"ActionScheduler_NullSchedule\":0:{}',6,1,'2026-03-02 03:18:05','2026-03-02 03:18:05',50,NULL),(36,'woocommerce_run_product_attribute_lookup_update_callback','complete','2026-03-02 03:17:06','2026-03-02 03:17:06',10,'[16,1]','O:30:\"ActionScheduler_SimpleSchedule\":2:{s:22:\"\0*\0scheduled_timestamp\";i:1772421426;s:41:\"\0ActionScheduler_SimpleSchedule\0timestamp\";i:1772421426;}',7,1,'2026-03-02 03:18:05','2026-03-02 03:18:05',50,NULL),(37,'woocommerce_run_product_attribute_lookup_update_callback','complete','2026-03-02 03:17:07','2026-03-02 03:17:07',10,'[20,1]','O:30:\"ActionScheduler_SimpleSchedule\":2:{s:22:\"\0*\0scheduled_timestamp\";i:1772421427;s:41:\"\0ActionScheduler_SimpleSchedule\0timestamp\";i:1772421427;}',7,1,'2026-03-02 03:18:05','2026-03-02 03:18:05',50,NULL),(38,'woocommerce_run_product_attribute_lookup_update_callback','complete','2026-03-02 03:17:10','2026-03-02 03:17:10',10,'[27,1]','O:30:\"ActionScheduler_SimpleSchedule\":2:{s:22:\"\0*\0scheduled_timestamp\";i:1772421430;s:41:\"\0ActionScheduler_SimpleSchedule\0timestamp\";i:1772421430;}',7,1,'2026-03-02 03:18:06','2026-03-02 03:18:06',50,NULL),(39,'woocommerce_run_product_attribute_lookup_update_callback','complete','2026-03-02 03:17:10','2026-03-02 03:17:10',10,'[29,1]','O:30:\"ActionScheduler_SimpleSchedule\":2:{s:22:\"\0*\0scheduled_timestamp\";i:1772421430;s:41:\"\0ActionScheduler_SimpleSchedule\0timestamp\";i:1772421430;}',7,1,'2026-03-02 03:18:06','2026-03-02 03:18:06',50,NULL),(40,'woocommerce_run_product_attribute_lookup_update_callback','complete','2026-03-02 03:17:11','2026-03-02 03:17:11',10,'[31,1]','O:30:\"ActionScheduler_SimpleSchedule\":2:{s:22:\"\0*\0scheduled_timestamp\";i:1772421431;s:41:\"\0ActionScheduler_SimpleSchedule\0timestamp\";i:1772421431;}',7,1,'2026-03-02 03:18:06','2026-03-02 03:18:06',50,NULL),(41,'woocommerce_run_product_attribute_lookup_update_callback','complete','2026-03-02 03:17:11','2026-03-02 03:17:11',10,'[33,1]','O:30:\"ActionScheduler_SimpleSchedule\":2:{s:22:\"\0*\0scheduled_timestamp\";i:1772421431;s:41:\"\0ActionScheduler_SimpleSchedule\0timestamp\";i:1772421431;}',7,1,'2026-03-02 03:18:06','2026-03-02 03:18:06',50,NULL),(42,'woocommerce_run_product_attribute_lookup_update_callback','complete','2026-03-02 03:17:12','2026-03-02 03:17:12',10,'[35,1]','O:30:\"ActionScheduler_SimpleSchedule\":2:{s:22:\"\0*\0scheduled_timestamp\";i:1772421432;s:41:\"\0ActionScheduler_SimpleSchedule\0timestamp\";i:1772421432;}',7,1,'2026-03-02 03:18:06','2026-03-02 03:18:06',50,NULL),(43,'woocommerce_cancel_unpaid_orders','complete','2026-03-02 04:22:05','2026-03-02 04:22:05',10,'[]','O:30:\"ActionScheduler_SimpleSchedule\":2:{s:22:\"\0*\0scheduled_timestamp\";i:1772425325;s:41:\"\0ActionScheduler_SimpleSchedule\0timestamp\";i:1772425325;}',3,1,'2026-03-02 04:22:11','2026-03-02 04:22:11',115,NULL),(44,'wc_schedule_pending_batch_processes','complete','2026-03-02 04:16:22','2026-03-02 04:16:22',10,'[]','O:30:\"ActionScheduler_SimpleSchedule\":2:{s:22:\"\0*\0scheduled_timestamp\";i:1772424982;s:41:\"\0ActionScheduler_SimpleSchedule\0timestamp\";i:1772424982;}',8,1,'2026-03-02 04:17:04','2026-03-02 04:17:04',107,NULL),(45,'wc_run_batch_process','complete','2026-03-02 04:17:04','2026-03-02 04:17:04',10,'[\"Automattic\\\\WooCommerce\\\\Internal\\\\Logging\\\\OrderLogsDeletionProcessor\"]','O:30:\"ActionScheduler_SimpleSchedule\":2:{s:22:\"\0*\0scheduled_timestamp\";i:1772425024;s:41:\"\0ActionScheduler_SimpleSchedule\0timestamp\";i:1772425024;}',6,1,'2026-03-02 04:17:04','2026-03-02 04:17:04',108,NULL),(46,'woocommerce_cancel_unpaid_orders','complete','2026-03-02 05:22:11','2026-03-02 05:22:11',10,'[]','O:30:\"ActionScheduler_SimpleSchedule\":2:{s:22:\"\0*\0scheduled_timestamp\";i:1772428931;s:41:\"\0ActionScheduler_SimpleSchedule\0timestamp\";i:1772428931;}',3,1,'2026-03-02 05:23:43','2026-03-02 05:23:43',171,NULL),(47,'wc_schedule_pending_batch_processes','complete','2026-03-02 04:25:55','2026-03-02 04:25:55',10,'[]','O:30:\"ActionScheduler_SimpleSchedule\":2:{s:22:\"\0*\0scheduled_timestamp\";i:1772425555;s:41:\"\0ActionScheduler_SimpleSchedule\0timestamp\";i:1772425555;}',8,1,'2026-03-02 04:26:03','2026-03-02 04:26:03',121,NULL),(48,'wc_run_batch_process','complete','2026-03-02 04:26:03','2026-03-02 04:26:03',10,'[\"Automattic\\\\WooCommerce\\\\Internal\\\\Logging\\\\OrderLogsDeletionProcessor\"]','O:30:\"ActionScheduler_SimpleSchedule\":2:{s:22:\"\0*\0scheduled_timestamp\";i:1772425563;s:41:\"\0ActionScheduler_SimpleSchedule\0timestamp\";i:1772425563;}',6,1,'2026-03-02 04:26:03','2026-03-02 04:26:03',122,NULL),(49,'wc_schedule_pending_batch_processes','complete','2026-03-02 05:09:51','2026-03-02 05:09:51',10,'[]','O:30:\"ActionScheduler_SimpleSchedule\":2:{s:22:\"\0*\0scheduled_timestamp\";i:1772428191;s:41:\"\0ActionScheduler_SimpleSchedule\0timestamp\";i:1772428191;}',8,1,'2026-03-02 05:10:05','2026-03-02 05:10:05',159,NULL),(50,'wc_run_batch_process','complete','2026-03-02 05:10:05','2026-03-02 05:10:05',10,'[\"Automattic\\\\WooCommerce\\\\Internal\\\\Logging\\\\OrderLogsDeletionProcessor\"]','O:30:\"ActionScheduler_SimpleSchedule\":2:{s:22:\"\0*\0scheduled_timestamp\";i:1772428205;s:41:\"\0ActionScheduler_SimpleSchedule\0timestamp\";i:1772428205;}',6,1,'2026-03-02 05:10:05','2026-03-02 05:10:05',160,NULL),(51,'woocommerce_cancel_unpaid_orders','complete','2026-03-02 06:23:43','2026-03-02 06:23:43',10,'[]','O:30:\"ActionScheduler_SimpleSchedule\":2:{s:22:\"\0*\0scheduled_timestamp\";i:1772432623;s:41:\"\0ActionScheduler_SimpleSchedule\0timestamp\";i:1772432623;}',3,1,'2026-03-02 06:24:07','2026-03-02 06:24:07',234,NULL),(52,'wc_schedule_pending_batch_processes','complete','2026-03-02 05:31:09','2026-03-02 05:31:09',10,'[]','O:30:\"ActionScheduler_SimpleSchedule\":2:{s:22:\"\0*\0scheduled_timestamp\";i:1772429469;s:41:\"\0ActionScheduler_SimpleSchedule\0timestamp\";i:1772429469;}',8,1,'2026-03-02 05:31:09','2026-03-02 05:31:09',175,NULL),(53,'wc_run_batch_process','complete','2026-03-02 05:31:09','2026-03-02 05:31:09',10,'[\"Automattic\\\\WooCommerce\\\\Internal\\\\Logging\\\\OrderLogsDeletionProcessor\"]','O:30:\"ActionScheduler_SimpleSchedule\":2:{s:22:\"\0*\0scheduled_timestamp\";i:1772429469;s:41:\"\0ActionScheduler_SimpleSchedule\0timestamp\";i:1772429469;}',6,1,'2026-03-02 05:31:09','2026-03-02 05:31:09',176,NULL),(54,'woocommerce_cleanup_sessions','pending','2026-03-02 18:00:48','2026-03-02 18:00:48',10,'[]','O:32:\"ActionScheduler_IntervalSchedule\":5:{s:22:\"\0*\0scheduled_timestamp\";i:1772474448;s:18:\"\0*\0first_timestamp\";i:1772431200;s:13:\"\0*\0recurrence\";i:43200;s:49:\"\0ActionScheduler_IntervalSchedule\0start_timestamp\";i:1772474448;s:53:\"\0ActionScheduler_IntervalSchedule\0interval_in_seconds\";i:43200;}',3,0,'0000-00-00 00:00:00','0000-00-00 00:00:00',0,NULL),(55,'woocommerce_geoip_updater','pending','2026-03-17 06:00:48','2026-03-17 06:00:48',10,'[]','O:32:\"ActionScheduler_IntervalSchedule\":5:{s:22:\"\0*\0scheduled_timestamp\";i:1773727248;s:18:\"\0*\0first_timestamp\";i:1772431200;s:13:\"\0*\0recurrence\";i:1296000;s:49:\"\0ActionScheduler_IntervalSchedule\0start_timestamp\";i:1773727248;s:53:\"\0ActionScheduler_IntervalSchedule\0interval_in_seconds\";i:1296000;}',3,0,'0000-00-00 00:00:00','0000-00-00 00:00:00',0,NULL),(56,'wc_schedule_pending_batch_processes','complete','2026-03-02 06:06:33','2026-03-02 06:06:33',10,'[]','O:30:\"ActionScheduler_SimpleSchedule\":2:{s:22:\"\0*\0scheduled_timestamp\";i:1772431593;s:41:\"\0ActionScheduler_SimpleSchedule\0timestamp\";i:1772431593;}',8,1,'2026-03-02 06:06:49','2026-03-02 06:06:49',214,NULL),(57,'wc_run_batch_process','complete','2026-03-02 06:06:49','2026-03-02 06:06:49',10,'[\"Automattic\\\\WooCommerce\\\\Internal\\\\Logging\\\\OrderLogsDeletionProcessor\"]','O:30:\"ActionScheduler_SimpleSchedule\":2:{s:22:\"\0*\0scheduled_timestamp\";i:1772431609;s:41:\"\0ActionScheduler_SimpleSchedule\0timestamp\";i:1772431609;}',6,1,'2026-03-02 06:06:49','2026-03-02 06:06:49',215,NULL),(58,'wc_schedule_pending_batch_processes','complete','2026-03-02 06:11:22','2026-03-02 06:11:22',10,'[]','O:30:\"ActionScheduler_SimpleSchedule\":2:{s:22:\"\0*\0scheduled_timestamp\";i:1772431882;s:41:\"\0ActionScheduler_SimpleSchedule\0timestamp\";i:1772431882;}',8,1,'2026-03-02 06:13:57','2026-03-02 06:13:57',222,NULL),(59,'wc_run_batch_process','complete','2026-03-02 06:13:57','2026-03-02 06:13:57',10,'[\"Automattic\\\\WooCommerce\\\\Internal\\\\Logging\\\\OrderLogsDeletionProcessor\"]','O:30:\"ActionScheduler_SimpleSchedule\":2:{s:22:\"\0*\0scheduled_timestamp\";i:1772432037;s:41:\"\0ActionScheduler_SimpleSchedule\0timestamp\";i:1772432037;}',6,1,'2026-03-02 06:13:57','2026-03-02 06:13:57',223,NULL),(60,'woocommerce_cancel_unpaid_orders','complete','2026-03-02 07:24:07','2026-03-02 07:24:07',10,'[]','O:30:\"ActionScheduler_SimpleSchedule\":2:{s:22:\"\0*\0scheduled_timestamp\";i:1772436247;s:41:\"\0ActionScheduler_SimpleSchedule\0timestamp\";i:1772436247;}',3,1,'2026-03-02 07:25:05','2026-03-02 07:25:05',282,NULL),(61,'wc_schedule_pending_batch_processes','complete','2026-03-02 06:24:35','2026-03-02 06:24:35',10,'[]','O:30:\"ActionScheduler_SimpleSchedule\":2:{s:22:\"\0*\0scheduled_timestamp\";i:1772432675;s:41:\"\0ActionScheduler_SimpleSchedule\0timestamp\";i:1772432675;}',8,1,'2026-03-02 06:25:10','2026-03-02 06:25:10',237,NULL),(62,'wc_run_batch_process','complete','2026-03-02 06:25:10','2026-03-02 06:25:10',10,'[\"Automattic\\\\WooCommerce\\\\Internal\\\\Logging\\\\OrderLogsDeletionProcessor\"]','O:30:\"ActionScheduler_SimpleSchedule\":2:{s:22:\"\0*\0scheduled_timestamp\";i:1772432710;s:41:\"\0ActionScheduler_SimpleSchedule\0timestamp\";i:1772432710;}',6,1,'2026-03-02 06:25:10','2026-03-02 06:25:10',238,NULL),(63,'wc_schedule_pending_batch_processes','complete','2026-03-02 06:47:26','2026-03-02 06:47:26',10,'[]','O:30:\"ActionScheduler_SimpleSchedule\":2:{s:22:\"\0*\0scheduled_timestamp\";i:1772434046;s:41:\"\0ActionScheduler_SimpleSchedule\0timestamp\";i:1772434046;}',8,1,'2026-03-02 06:48:07','2026-03-02 06:48:07',259,NULL),(64,'wc_run_batch_process','complete','2026-03-02 06:48:07','2026-03-02 06:48:07',10,'[\"Automattic\\\\WooCommerce\\\\Internal\\\\Logging\\\\OrderLogsDeletionProcessor\"]','O:30:\"ActionScheduler_SimpleSchedule\":2:{s:22:\"\0*\0scheduled_timestamp\";i:1772434087;s:41:\"\0ActionScheduler_SimpleSchedule\0timestamp\";i:1772434087;}',6,1,'2026-03-02 06:48:07','2026-03-02 06:48:07',260,NULL),(65,'wc_schedule_pending_batch_processes','complete','2026-03-02 06:50:30','2026-03-02 06:50:30',10,'[]','O:30:\"ActionScheduler_SimpleSchedule\":2:{s:22:\"\0*\0scheduled_timestamp\";i:1772434230;s:41:\"\0ActionScheduler_SimpleSchedule\0timestamp\";i:1772434230;}',8,1,'2026-03-02 06:51:26','2026-03-02 06:51:26',264,NULL),(66,'wc_run_batch_process','complete','2026-03-02 06:51:26','2026-03-02 06:51:26',10,'[\"Automattic\\\\WooCommerce\\\\Internal\\\\Logging\\\\OrderLogsDeletionProcessor\"]','O:30:\"ActionScheduler_SimpleSchedule\":2:{s:22:\"\0*\0scheduled_timestamp\";i:1772434286;s:41:\"\0ActionScheduler_SimpleSchedule\0timestamp\";i:1772434286;}',6,1,'2026-03-02 06:51:26','2026-03-02 06:51:26',265,NULL),(67,'woocommerce_cancel_unpaid_orders','complete','2026-03-02 08:25:04','2026-03-02 08:25:04',10,'[]','O:30:\"ActionScheduler_SimpleSchedule\":2:{s:22:\"\0*\0scheduled_timestamp\";i:1772439904;s:41:\"\0ActionScheduler_SimpleSchedule\0timestamp\";i:1772439904;}',3,1,'2026-03-02 08:25:04','2026-03-02 08:25:04',299,NULL),(68,'woocommerce_cancel_unpaid_orders','complete','2026-03-02 09:25:04','2026-03-02 09:25:04',10,'[]','O:30:\"ActionScheduler_SimpleSchedule\":2:{s:22:\"\0*\0scheduled_timestamp\";i:1772443504;s:41:\"\0ActionScheduler_SimpleSchedule\0timestamp\";i:1772443504;}',3,1,'2026-03-02 12:45:29','2026-03-02 12:45:29',305,NULL),(69,'woocommerce_cancel_unpaid_orders','pending','2026-03-02 13:45:29','2026-03-02 13:45:29',10,'[]','O:30:\"ActionScheduler_SimpleSchedule\":2:{s:22:\"\0*\0scheduled_timestamp\";i:1772459129;s:41:\"\0ActionScheduler_SimpleSchedule\0timestamp\";i:1772459129;}',3,0,'0000-00-00 00:00:00','0000-00-00 00:00:00',0,NULL),(70,'action_scheduler/migration_hook','complete','2026-03-02 12:49:01','2026-03-02 12:49:01',10,'[]','O:30:\"ActionScheduler_SimpleSchedule\":2:{s:22:\"\0*\0scheduled_timestamp\";i:1772455741;s:41:\"\0ActionScheduler_SimpleSchedule\0timestamp\";i:1772455741;}',2,1,'2026-03-02 12:49:24','2026-03-02 12:49:24',310,NULL),(71,'woocommerce_cleanup_draft_orders','complete','2026-03-02 12:48:01','2026-03-02 12:48:01',10,'[]','O:32:\"ActionScheduler_IntervalSchedule\":5:{s:22:\"\0*\0scheduled_timestamp\";i:1772455681;s:18:\"\0*\0first_timestamp\";i:1772455681;s:13:\"\0*\0recurrence\";i:86400;s:49:\"\0ActionScheduler_IntervalSchedule\0start_timestamp\";i:1772455681;s:53:\"\0ActionScheduler_IntervalSchedule\0interval_in_seconds\";i:86400;}',6,1,'2026-03-02 12:49:24','2026-03-02 12:49:24',310,NULL),(72,'woocommerce_cleanup_draft_orders','pending','2026-03-03 12:49:24','2026-03-03 12:49:24',10,'[]','O:32:\"ActionScheduler_IntervalSchedule\":5:{s:22:\"\0*\0scheduled_timestamp\";i:1772542164;s:18:\"\0*\0first_timestamp\";i:1772455681;s:13:\"\0*\0recurrence\";i:86400;s:49:\"\0ActionScheduler_IntervalSchedule\0start_timestamp\";i:1772542164;s:53:\"\0ActionScheduler_IntervalSchedule\0interval_in_seconds\";i:86400;}',6,0,'0000-00-00 00:00:00','0000-00-00 00:00:00',0,NULL);

--
-- Table structure for table `wp_7_actionscheduler_claims`
--

CREATE TABLE `wp_7_actionscheduler_claims` (
  `claim_id` bigint unsigned NOT NULL AUTO_INCREMENT,
  `date_created_gmt` datetime DEFAULT '0000-00-00 00:00:00',
  PRIMARY KEY (`claim_id`),
  KEY `date_created_gmt` (`date_created_gmt`)
) ENGINE=InnoDB AUTO_INCREMENT=317 DEFAULT CHARSET=utf8mb4 COLLATE=utf8mb4_unicode_520_ci;

--
-- Dumping data for table `wp_7_actionscheduler_claims`
--


--
